000
CDUS43 KDTX 080537
CLIDTW


CLIMATE REPORT
NATIONAL WEATHER SERVICE DETROIT/PONTIAC MI
137 AM EDT MON SEP 8 2014


...................................

...THE DETROIT MI CLIMATE SUMMARY FOR SEPTEMBER 7 2014...

CLIMATE NORMAL PERIOD 1981 TO 2010
CLIMATE RECORD PERIOD 1874 TO 2014


WEATHER ITEM   OBSERVED TIME   RECORD YEAR NORMAL DEPARTURE LAST
                VALUE   (LST)  VALUE       VALUE  FROM      YEAR
                                                  NORMAL
..................................................................
TEMPERATURE (F)
 YESTERDAY
  MAXIMUM         75    349 PM  97    1939  77     -2       81
  MINIMUM         55    617 AM  43    1986  58     -3       57
  AVERAGE         65                        68     -3       69

PRECIPITATION (IN)
  YESTERDAY        0.00          1.40 1936   0.11  -0.11     0.01
  MONTH TO DATE    2.14                      0.75   1.39     0.06
  SINCE SEP 1      2.14                      0.75   1.39     0.06
  SINCE JAN 1     29.56                     23.18   6.38    31.04

SNOWFALL (IN)
  YESTERDAY        0.0           0.0    MM   0.0    0.0      0.0
  MONTH TO DATE    0.0                       0.0    0.0      0.0
  SINCE SEP 1      0.0                       0.0    0.0      0.0
  SINCE JUL 1      0.0                       0.0    0.0      0.0
  SNOW DEPTH       0

DEGREE DAYS
 HEATING
  YESTERDAY        0                         1     -1        0
  MONTH TO DATE    0                         7     -7        2
  SINCE SEP 1      0                         7     -7        2
  SINCE JUL 1     13                        17     -4       14

 COOLING
  YESTERDAY        0                         4     -4        4
  MONTH TO DATE   54                        32     22       25
  SINCE SEP 1     54                        32     22       25
  SINCE JAN 1    686                       743    -57      818
..................................................................


WIND (MPH)
  HIGHEST WIND SPEED    12   HIGHEST WIND DIRECTION     S (160)
  HIGHEST GUST SPEED    16   HIGHEST GUST DIRECTION    NW (330)
  AVERAGE WIND SPEED     2.3


SKY COVER
  POSSIBLE SUNSHINE  MM
  AVERAGE SKY COVER 0.1


WEATHER CONDITIONS
 THE FOLLOWING WEATHER WAS RECORDED YESTERDAY.
  NO SIGNIFICANT WEATHER WAS OBSERVED.


RELATIVE HUMIDITY (PERCENT)
 HIGHEST    86           100 AM
 LOWEST     41          1200 PM
 AVERAGE    64

..........................................................


THE DETROIT MI CLIMATE NORMALS FOR TODAY
                         NORMAL    RECORD    YEAR
 MAXIMUM TEMPERATURE (F)   77        98      1976
 MINIMUM TEMPERATURE (F)   58        39      1986


SUNRISE AND SUNSET
SEPTEMBER  8 2014.....SUNRISE   706 AM EDT   SUNSET   755 PM EDT
SEPTEMBER  9 2014.....SUNRISE   707 AM EDT   SUNSET   753 PM EDT


-  INDICATES NEGATIVE NUMBERS.
R  INDICATES RECORD WAS SET OR TIED.
MM INDICATES DATA IS MISSING.
T  INDICATES TRACE AMOUNT.




$$
