000
CDUS43 KDTX 062143
CLIDTW


CLIMATE REPORT
NATIONAL WEATHER SERVICE DETROIT/PONTIAC MI
427 PM EST THU NOV 6 2014


...................................

...THE DETROIT MI CLIMATE SUMMARY FOR NOVEMBER 6 2014...
VALID TODAY AS OF 0400 PM LOCAL TIME.

CLIMATE NORMAL PERIOD 1981 TO 2010
CLIMATE RECORD PERIOD 1874 TO 2014


WEATHER ITEM   OBSERVED TIME   RECORD YEAR NORMAL DEPARTURE LAST
                VALUE   (LST)  VALUE       VALUE  FROM      YEAR
                                                  NORMAL
..................................................................
TEMPERATURE (F)
 TODAY
  MAXIMUM         50   1242 PM  75    1975  53     -3       57
  MINIMUM         43    455 AM  18    1877  37      6       44
  AVERAGE         47                        45      2       51

PRECIPITATION (IN)
  TODAY            0.05          1.64 1880   0.09  -0.04     0.07
  MONTH TO DATE    0.09                      0.54  -0.45     0.20
  SINCE SEP 1      7.16                      6.33   0.83     4.88
  SINCE JAN 1     34.58                     28.76   5.82    35.86

SNOWFALL (IN)
  TODAY            0.0           5.6  1951   0.0    0.0      0.0
  MONTH TO DATE    0.0                       0.1   -0.1      0.0
  SINCE SEP 1      T                         0.2   -0.2       T
  SINCE JUL 1      T                         0.2   -0.2       T
  SNOW DEPTH       0

DEGREE DAYS
 HEATING
  TODAY           18                        20     -2       14
  MONTH TO DATE  124                       113     11      115
  SINCE SEP 1    623                       614      9      588
  SINCE JUL 1    636                       624     12      600

 COOLING
  TODAY            0                         0      0        0
  MONTH TO DATE    0                         0      0        0
  SINCE SEP 1     72                        92    -20       98
  SINCE JAN 1    704                       803    -99      891
..................................................................


WIND (MPH)
  HIGHEST WIND SPEED    10   HIGHEST WIND DIRECTION     S (160)
  HIGHEST GUST SPEED    13   HIGHEST GUST DIRECTION     S (160)
  AVERAGE WIND SPEED     4.0


SKY COVER
  POSSIBLE SUNSHINE  MM
  AVERAGE SKY COVER 0.9


WEATHER CONDITIONS
 THE FOLLOWING WEATHER WAS RECORDED TODAY.
  LIGHT RAIN
  FOG


RELATIVE HUMIDITY (PERCENT)
 HIGHEST    89           800 AM
 LOWEST     76          1200 AM
 AVERAGE    83

..........................................................


THE DETROIT MI CLIMATE NORMALS FOR TOMORROW
                         NORMAL    RECORD    YEAR
 MAXIMUM TEMPERATURE (F)   53        70      1916
 MINIMUM TEMPERATURE (F)   37        20      1991
                                             1984
                                             1973


SUNRISE AND SUNSET
NOVEMBER  6 2014......SUNRISE   713 AM EST   SUNSET   521 PM EST
NOVEMBER  7 2014......SUNRISE   714 AM EST   SUNSET   520 PM EST


-  INDICATES NEGATIVE NUMBERS.
R  INDICATES RECORD WAS SET OR TIED.
MM INDICATES DATA IS MISSING.
T  INDICATES TRACE AMOUNT.




$$
