831
CDUS43 KDTX 170536
CLIDTW


CLIMATE REPORT
NATIONAL WEATHER SERVICE DETROIT/PONTIAC MI
136 AM EDT MON APR 17 2017


...................................

...THE DETROIT MI CLIMATE SUMMARY FOR APRIL 16 2017...

CLIMATE NORMAL PERIOD 1981 TO 2010
CLIMATE RECORD PERIOD 1874 TO 2017


WEATHER ITEM   OBSERVED TIME   RECORD YEAR NORMAL DEPARTURE LAST
                VALUE   (LST)  VALUE       VALUE  FROM      YEAR
                                                  NORMAL
..................................................................
TEMPERATURE (F)
 YESTERDAY
  MAXIMUM         75    212 PM  86    2002  60     15       74
  MINIMUM         57   1159 PM  17    1875  40     17       43
  AVERAGE         66                        50     16       59

PRECIPITATION (IN)
  YESTERDAY        0.00          1.19 1930   0.10  -0.10     0.00
  MONTH TO DATE    1.92                      1.53   0.39     0.84
  SINCE MAR 1      6.18                      3.81   2.37     5.70
  SINCE JAN 1     10.91                      7.79   3.12     9.06

SNOWFALL (IN)
  YESTERDAY        0.0           3.3  1961   0.1   -0.1      0.0
  MONTH TO DATE    0.1                       1.4   -1.3      1.3
  SINCE MAR 1      7.0                       8.3   -1.3      8.7
  SINCE JUL 1     37.9                      42.2   -4.3     35.3
  SNOW DEPTH       0

DEGREE DAYS
 HEATING
  YESTERDAY        0                        16    -16        6
  MONTH TO DATE  195                       296   -101      389
  SINCE MAR 1   1060                      1158    -98     1059
  SINCE JUL 1   4798                      5711   -913     4824

 COOLING
  YESTERDAY        1                         0      1        0
  MONTH TO DATE    5                         0      5        0
  SINCE MAR 1      5                         0      5        0
  SINCE JAN 1      5                         0      5        0
..................................................................


WIND (MPH)
  HIGHEST WIND SPEED    25   HIGHEST WIND DIRECTION     W (260)
  HIGHEST GUST SPEED    33   HIGHEST GUST DIRECTION     W (250)
  AVERAGE WIND SPEED    16.7


SKY COVER
  POSSIBLE SUNSHINE  MM
  AVERAGE SKY COVER 0.7


WEATHER CONDITIONS
 THE FOLLOWING WEATHER WAS RECORDED YESTERDAY.
  NO SIGNIFICANT WEATHER WAS OBSERVED.


RELATIVE HUMIDITY (PERCENT)
 HIGHEST    66           400 PM
 LOWEST     43           900 PM
 AVERAGE    55

..........................................................


THE DETROIT MI CLIMATE NORMALS FOR TODAY
                         NORMAL    RECORD    YEAR
 MAXIMUM TEMPERATURE (F)   60        85      1976
 MINIMUM TEMPERATURE (F)   40        10      1875


SUNRISE AND SUNSET
APRIL 17 2017.........SUNRISE   649 AM EDT   SUNSET   817 PM EDT
APRIL 18 2017.........SUNRISE   647 AM EDT   SUNSET   818 PM EDT


-  INDICATES NEGATIVE NUMBERS.
R  INDICATES RECORD WAS SET OR TIED.
MM INDICATES DATA IS MISSING.
T  INDICATES TRACE AMOUNT.




$$
