000
CDUS43 KDTX 032029
CLIDTW


CLIMATE REPORT
NATIONAL WEATHER SERVICE DETROIT/PONTIAC MI
429 PM EDT WED MAY 3 2017


...................................

...THE DETROIT MI CLIMATE SUMMARY FOR MAY 3 2017...
VALID TODAY AS OF 0400 PM LOCAL TIME.

CLIMATE NORMAL PERIOD 1981 TO 2010
CLIMATE RECORD PERIOD 1874 TO 2017


WEATHER ITEM   OBSERVED TIME   RECORD YEAR NORMAL DEPARTURE LAST
                VALUE   (LST)  VALUE       VALUE  FROM      YEAR
                                                  NORMAL
..................................................................
TEMPERATURE (F)
 TODAY
  MAXIMUM         61    246 PM  89    2012  66     -5       63
  MINIMUM         39    522 AM  28    1978  45     -6       41
  AVERAGE         50                        56     -6       52

PRECIPITATION (IN)
  TODAY            T             1.31 1997   0.10  -0.10     0.00
  MONTH TO DATE    0.16                      0.31  -0.15     0.45
  SINCE MAR 1      7.97                      5.49   2.48     7.62
  SINCE JAN 1     12.70                      9.47   3.23    10.98

SNOWFALL (IN)
  TODAY            0.0           0.1  2005   0.0    0.0      0.0
  MONTH TO DATE    0.0                       0.0    0.0      0.0
  SINCE MAR 1      7.0                       8.6   -1.6      8.7
  SINCE JUL 1     37.9                      42.5   -4.6     35.3
  SNOW DEPTH       0

DEGREE DAYS
 HEATING
  TODAY           15                        10      5       13
  MONTH TO DATE   38                        31      7       40
  SINCE MAR 1   1227                      1372   -145     1264
  SINCE JUL 1   4965                      5925   -960     5029

 COOLING
  TODAY            0                         0      0        0
  MONTH TO DATE    0                         0      0        0
  SINCE MAR 1      7                         6      1        0
  SINCE JAN 1      7                         6      1        0
..................................................................


WIND (MPH)
  HIGHEST WIND SPEED    16   HIGHEST WIND DIRECTION    NW (320)
  HIGHEST GUST SPEED    20   HIGHEST GUST DIRECTION    NW (320)
  AVERAGE WIND SPEED     6.4


SKY COVER
  POSSIBLE SUNSHINE  MM
  AVERAGE SKY COVER 0.7


WEATHER CONDITIONS
 THE FOLLOWING WEATHER WAS RECORDED TODAY.
  LIGHT RAIN


RELATIVE HUMIDITY (PERCENT)
 HIGHEST    85           500 AM
 LOWEST     33           300 PM
 AVERAGE    59

..........................................................


THE DETROIT MI CLIMATE NORMALS FOR TOMORROW
                         NORMAL    RECORD    YEAR
 MAXIMUM TEMPERATURE (F)   66        89      1949
 MINIMUM TEMPERATURE (F)   46        28      1966


SUNRISE AND SUNSET
MAY  3 2017...........SUNRISE   626 AM EDT   SUNSET   835 PM EDT
MAY  4 2017...........SUNRISE   625 AM EDT   SUNSET   836 PM EDT


-  INDICATES NEGATIVE NUMBERS.
R  INDICATES RECORD WAS SET OR TIED.
MM INDICATES DATA IS MISSING.
T  INDICATES TRACE AMOUNT.




$$
