046
CDUS43 KDTX 170543
CLIDTW


CLIMATE REPORT
NATIONAL WEATHER SERVICE DETROIT/PONTIAC MI
143 AM EDT SAT SEP 17 2016


...................................

...THE DETROIT MI CLIMATE SUMMARY FOR SEPTEMBER 16 2016...

CLIMATE NORMAL PERIOD 1981 TO 2010
CLIMATE RECORD PERIOD 1874 TO 2016


WEATHER ITEM   OBSERVED TIME   RECORD YEAR NORMAL DEPARTURE LAST
                VALUE   (LST)  VALUE       VALUE  FROM      YEAR
                                                  NORMAL
..................................................................
TEMPERATURE (F)
 YESTERDAY
  MAXIMUM         77    202 PM  98    1939  74      3       82
  MINIMUM         54    625 AM  38    1966  55     -1       58
  AVERAGE         66                        64      2       70

PRECIPITATION (IN)
  YESTERDAY        0.00          1.39 2010   0.12  -0.12     0.00
  MONTH TO DATE    1.86                      1.77   0.09     0.72
  SINCE SEP 1      1.86                      1.77   0.09     0.72
  SINCE JAN 1     23.08                     24.20  -1.12    22.70

SNOWFALL (IN)
  YESTERDAY        0.0           0.0    MM   0.0    0.0      0.0
  MONTH TO DATE    0.0                       0.0    0.0      0.0
  SINCE SEP 1      0.0                       0.0    0.0      0.0
  SINCE JUL 1      0.0                       0.0    0.0      0.0
  SNOW DEPTH       0

DEGREE DAYS
 HEATING
  YESTERDAY        0                         3     -3        0
  MONTH TO DATE    2                        28    -26       19
  SINCE SEP 1      2                        28    -26       19
  SINCE JUL 1      2                        38    -36       29

 COOLING
  YESTERDAY        1                         3     -2        5
  MONTH TO DATE   81                        62     19      132
  SINCE SEP 1     81                        62     19      132
  SINCE JAN 1   1104                       773    331      852
..................................................................


WIND (MPH)
  HIGHEST WIND SPEED    13   HIGHEST WIND DIRECTION    SE (140)
  HIGHEST GUST SPEED    18   HIGHEST GUST DIRECTION     S (160)
  AVERAGE WIND SPEED     4.9


SKY COVER
  POSSIBLE SUNSHINE  MM
  AVERAGE SKY COVER 0.6


WEATHER CONDITIONS
 THE FOLLOWING WEATHER WAS RECORDED YESTERDAY.
  HAZE


RELATIVE HUMIDITY (PERCENT)
 HIGHEST    93           400 AM
 LOWEST     54           100 PM
 AVERAGE    74

..........................................................


THE DETROIT MI CLIMATE NORMALS FOR TODAY
                         NORMAL    RECORD    YEAR
 MAXIMUM TEMPERATURE (F)   74        93      1955
 MINIMUM TEMPERATURE (F)   54        36      1959


SUNRISE AND SUNSET
SEPTEMBER 17 2016.....SUNRISE   716 AM EDT   SUNSET   739 PM EDT
SEPTEMBER 18 2016.....SUNRISE   717 AM EDT   SUNSET   737 PM EDT


-  INDICATES NEGATIVE NUMBERS.
R  INDICATES RECORD WAS SET OR TIED.
MM INDICATES DATA IS MISSING.
T  INDICATES TRACE AMOUNT.




$$
