000
CDUS43 KDTX 140535
CLIDTW


CLIMATE REPORT
NATIONAL WEATHER SERVICE DETROIT/PONTIAC MI
135 AM EDT MON JUL 14 2014


...................................

...THE DETROIT MI CLIMATE SUMMARY FOR JULY 13 2014...

CLIMATE NORMAL PERIOD 1981 TO 2010
CLIMATE RECORD PERIOD 1874 TO 2014


WEATHER ITEM   OBSERVED TIME   RECORD YEAR NORMAL DEPARTURE LAST
                VALUE   (LST)  VALUE       VALUE  FROM      YEAR
                                                  NORMAL
..................................................................
TEMPERATURE (F)
 YESTERDAY
  MAXIMUM         85    506 PM 102    1936  84      1       83
  MINIMUM         68   1146 PM  48    1976  64      4       64
  AVERAGE         77                        74      3       74

PRECIPITATION (IN)
  YESTERDAY        0.04          1.48 1914   0.10  -0.06     0.00
  MONTH TO DATE    1.11                      1.33  -0.22     2.52
  SINCE JUN 1      5.11                      4.85   0.26     8.53
  SINCE JAN 1     19.78                     17.39   2.39    23.38

SNOWFALL (IN)
  YESTERDAY        0.0           0.0    MM   0.0    0.0      0.0
  MONTH TO DATE    0.0                       0.0    0.0      0.0
  SINCE JUN 1      0.0                       0.0    0.0      0.0
  SINCE JUL 1      0.0                       0.0    0.0      0.0
  SNOW DEPTH       0

DEGREE DAYS
 HEATING
  YESTERDAY        0                         0      0        0
  MONTH TO DATE    0                         0      0        0
  SINCE JUN 1     12                        35    -23       23
  SINCE JUL 1      0                         0      0        0

 COOLING
  YESTERDAY       12                         9      3        9
  MONTH TO DATE   86                       114    -28      119
  SINCE JUN 1    271                       281    -10      289
  SINCE JAN 1    335                       329      6      392
..................................................................


WIND (MPH)
  HIGHEST WIND SPEED    21   HIGHEST WIND DIRECTION    SW (230)
  HIGHEST GUST SPEED    29   HIGHEST GUST DIRECTION     W (250)
  AVERAGE WIND SPEED    11.1


SKY COVER
  POSSIBLE SUNSHINE  MM
  AVERAGE SKY COVER 0.7


WEATHER CONDITIONS
 THE FOLLOWING WEATHER WAS RECORDED YESTERDAY.
  LIGHT RAIN
  FOG


RELATIVE HUMIDITY (PERCENT)
 HIGHEST    93           400 AM
 LOWEST     45           700 PM
 AVERAGE    69

..........................................................


THE DETROIT MI CLIMATE NORMALS FOR TODAY
                         NORMAL    RECORD    YEAR
 MAXIMUM TEMPERATURE (F)   84       104      1936
 MINIMUM TEMPERATURE (F)   64        46      1967


SUNRISE AND SUNSET
JULY 14 2014..........SUNRISE   609 AM EDT   SUNSET   909 PM EDT
JULY 15 2014..........SUNRISE   610 AM EDT   SUNSET   908 PM EDT


-  INDICATES NEGATIVE NUMBERS.
R  INDICATES RECORD WAS SET OR TIED.
MM INDICATES DATA IS MISSING.
T  INDICATES TRACE AMOUNT.




$$
