000
CDUS43 KDTX 292132
CLIDTW


CLIMATE REPORT
NATIONAL WEATHER SERVICE DETROIT/PONTIAC MI
431 PM EST MON JAN 29 2018


...................................

...THE DETROIT MI CLIMATE SUMMARY FOR JANUARY 29 2018...
VALID TODAY AS OF 0400 PM LOCAL TIME.

CLIMATE NORMAL PERIOD 1981 TO 2010
CLIMATE RECORD PERIOD 1874 TO 2018


WEATHER ITEM   OBSERVED TIME   RECORD YEAR NORMAL DEPARTURE LAST
                VALUE   (LST)  VALUE       VALUE  FROM      YEAR
                                                  NORMAL
..................................................................
TEMPERATURE (F)
 TODAY
  MAXIMUM         31    436 AM  58    1914  32     -1       30
  MINIMUM         24    359 PM  -7    1885  19      5       25
  AVERAGE         28                        26      2       28

PRECIPITATION (IN)
  TODAY            0.22          0.84 1969   0.06   0.16     0.05
  MONTH TO DATE    1.35                      1.84  -0.49     2.53
  SINCE DEC 1      2.83                      4.30  -1.47     4.69
  SINCE JAN 1      1.35                      1.84  -0.49     2.53

SNOWFALL (IN)
  TODAY            2.8           4.5  1909   0.4    2.4      2.0
  MONTH TO DATE    8.6                      11.7   -3.1      7.2
  SINCE DEC 1     31.1                      21.3    9.8     24.0
  SINCE JUL 1     31.1                      22.9    8.2     24.1
  SNOW DEPTH       T

DEGREE DAYS
 HEATING
  TODAY           37                        39     -2       37
  MONTH TO DATE 1163                      1148     15      933
  SINCE DEC 1   2344                      2230    114     2043
  SINCE JUL 1   3407                      3445    -38     2911

 COOLING
  TODAY            0                         0      0        0
  MONTH TO DATE    0                         0      0        0
  SINCE DEC 1      0                         0      0        0
  SINCE JAN 1      0                         0      0        0
..................................................................


WIND (MPH)
  HIGHEST WIND SPEED    22   HIGHEST WIND DIRECTION     N (360)
  HIGHEST GUST SPEED    27   HIGHEST GUST DIRECTION     N (10)
  AVERAGE WIND SPEED    12.2


SKY COVER
  POSSIBLE SUNSHINE  MM
  AVERAGE SKY COVER 1.0


WEATHER CONDITIONS
 THE FOLLOWING WEATHER WAS RECORDED TODAY.
  SNOW
  LIGHT SNOW
  FOG
  FOG W/VISIBILITY <= 1/4 MILE


RELATIVE HUMIDITY (PERCENT)
 HIGHEST    92           900 AM
 LOWEST     69           100 AM
 AVERAGE    81

..........................................................


THE DETROIT MI CLIMATE NORMALS FOR TOMORROW
                         NORMAL    RECORD    YEAR
 MAXIMUM TEMPERATURE (F)   32        62      2013
 MINIMUM TEMPERATURE (F)   19        -4      1951


SUNRISE AND SUNSET
JANUARY 29 2018.......SUNRISE   750 AM EST   SUNSET   544 PM EST
JANUARY 30 2018.......SUNRISE   749 AM EST   SUNSET   545 PM EST


-  INDICATES NEGATIVE NUMBERS.
R  INDICATES RECORD WAS SET OR TIED.
MM INDICATES DATA IS MISSING.
T  INDICATES TRACE AMOUNT.




$$
