000
CDUS43 KDTX 082129
CLIDTW


CLIMATE REPORT
NATIONAL WEATHER SERVICE DETROIT/PONTIAC MI
427 PM EST WED MAR 8 2017


...................................

...THE DETROIT MI CLIMATE SUMMARY FOR MARCH 8 2017...
VALID TODAY AS OF 0400 PM LOCAL TIME.

CLIMATE NORMAL PERIOD 1981 TO 2010
CLIMATE RECORD PERIOD 1874 TO 2017


WEATHER ITEM   OBSERVED TIME   RECORD YEAR NORMAL DEPARTURE LAST
                VALUE   (LST)  VALUE       VALUE  FROM      YEAR
                                                  NORMAL
..................................................................
TEMPERATURE (F)
 TODAY
  MAXIMUM         55    201 PM  80    2000  42     13       71
  MINIMUM         37    126 AM  -1    1943  26     11       48
  AVERAGE         46                        34     12       60

PRECIPITATION (IN)
  TODAY            0.00          0.95 1974   0.07  -0.07     0.00
  MONTH TO DATE    1.03                      0.57   0.46     0.51
  SINCE MAR 1      1.03                      0.57   0.46     0.51
  SINCE JAN 1      5.76                      4.55   1.21     3.87

SNOWFALL (IN)
  TODAY            0.0           7.6  1931   0.3   -0.3      0.0
  MONTH TO DATE    0.3                       2.4   -2.1      7.4
  SINCE MAR 1      0.3                       2.4   -2.1      7.4
  SINCE JUL 1     31.2                      36.3   -5.1     34.0
  SNOW DEPTH       0

DEGREE DAYS
 HEATING
  TODAY           19                        31    -12        5
  MONTH TO DATE  218                       257    -39      242
  SINCE MAR 1    218                       257    -39      242
  SINCE JUL 1   3956                      4810   -854     4007

 COOLING
  TODAY            0                         0      0        0
  MONTH TO DATE    0                         0      0        0
  SINCE MAR 1      0                         0      0        0
  SINCE JAN 1      0                         0      0        0
..................................................................


WIND (MPH)
  HIGHEST WIND SPEED    49   HIGHEST WIND DIRECTION     W (250)
  HIGHEST GUST SPEED    68   HIGHEST GUST DIRECTION     W (250)
  AVERAGE WIND SPEED    25.0


SKY COVER
  POSSIBLE SUNSHINE  MM
  AVERAGE SKY COVER 0.3


WEATHER CONDITIONS
 THE FOLLOWING WEATHER WAS RECORDED TODAY.
  NO SIGNIFICANT WEATHER WAS OBSERVED.


RELATIVE HUMIDITY (PERCENT)
 HIGHEST    70           700 AM
 LOWEST     12           200 PM
 AVERAGE    41

..........................................................


THE DETROIT MI CLIMATE NORMALS FOR TOMORROW
                         NORMAL    RECORD    YEAR
 MAXIMUM TEMPERATURE (F)   43        71      2016
 MINIMUM TEMPERATURE (F)   26         1      1978


SUNRISE AND SUNSET
MARCH  8 2017.........SUNRISE   657 AM EST   SUNSET   632 PM EST
MARCH  9 2017.........SUNRISE   655 AM EST   SUNSET   633 PM EST


-  INDICATES NEGATIVE NUMBERS.
R  INDICATES RECORD WAS SET OR TIED.
MM INDICATES DATA IS MISSING.
T  INDICATES TRACE AMOUNT.




$$
