000
CDUS43 KDTX 020539
CLIDTW


CLIMATE REPORT
NATIONAL WEATHER SERVICE DETROIT/PONTIAC MI
139 AM EDT SUN APR 2 2017


...................................

...THE DETROIT MI CLIMATE SUMMARY FOR APRIL 1 2017...

CLIMATE NORMAL PERIOD 1981 TO 2010
CLIMATE RECORD PERIOD 1874 TO 2017


WEATHER ITEM   OBSERVED TIME   RECORD YEAR NORMAL DEPARTURE LAST
                VALUE   (LST)  VALUE       VALUE  FROM      YEAR
                                                  NORMAL
..................................................................
TEMPERATURE (F)
 YESTERDAY
  MAXIMUM         58    427 PM  80    2010  53      5       54
  MINIMUM         38    746 AM  14    1923  34      4       42
                                      1874
  AVERAGE         48                        44      4       48

PRECIPITATION (IN)
  YESTERDAY        T             1.30 1959   0.09  -0.09      T
  MONTH TO DATE    T                         0.09  -0.09      T
  SINCE MAR 1      4.26                      2.37   1.89     4.86
  SINCE JAN 1      8.99                      6.35   2.64     8.22

SNOWFALL (IN)
  YESTERDAY        0.0           3.0  1993   0.1   -0.1      0.0
  MONTH TO DATE    0.0                       0.1   -0.1      0.0
  SINCE MAR 1      6.9                       7.0   -0.1      7.4
  SINCE JUL 1     37.8                      40.9   -3.1     34.0
  SNOW DEPTH       0

DEGREE DAYS
 HEATING
  YESTERDAY       17                        21     -4       17
  MONTH TO DATE   17                        21     -4       17
  SINCE MAR 1    882                       883     -1      687
  SINCE JUL 1   4620                      5436   -816     4452

 COOLING
  YESTERDAY        0                         0      0        0
  MONTH TO DATE    0                         0      0        0
  SINCE MAR 1      0                         0      0        0
  SINCE JAN 1      0                         0      0        0
..................................................................


WIND (MPH)
  HIGHEST WIND SPEED    15   HIGHEST WIND DIRECTION    NW (330)
  HIGHEST GUST SPEED    19   HIGHEST GUST DIRECTION    NW (330)
  AVERAGE WIND SPEED     7.8


SKY COVER
  POSSIBLE SUNSHINE  MM
  AVERAGE SKY COVER 0.7


WEATHER CONDITIONS
 THE FOLLOWING WEATHER WAS RECORDED YESTERDAY.
  NO SIGNIFICANT WEATHER WAS OBSERVED.


RELATIVE HUMIDITY (PERCENT)
 HIGHEST    85          1200 AM
 LOWEST     35           500 PM
 AVERAGE    60

..........................................................


THE DETROIT MI CLIMATE NORMALS FOR TODAY
                         NORMAL    RECORD    YEAR
 MAXIMUM TEMPERATURE (F)   53        83      1963
 MINIMUM TEMPERATURE (F)   35        17      1881


SUNRISE AND SUNSET
APRIL  2 2017.........SUNRISE   714 AM EDT   SUNSET   801 PM EDT
APRIL  3 2017.........SUNRISE   712 AM EDT   SUNSET   802 PM EDT


-  INDICATES NEGATIVE NUMBERS.
R  INDICATES RECORD WAS SET OR TIED.
MM INDICATES DATA IS MISSING.
T  INDICATES TRACE AMOUNT.




$$
