000
CDUS43 KDTX 150728
CLIDTW


CLIMATE REPORT
NATIONAL WEATHER SERVICE DETROIT/PONTIAC MI
328 AM EDT SUN MAR 15 2015


...................................

...THE DETROIT MI CLIMATE SUMMARY FOR MARCH 14 2015...

CLIMATE NORMAL PERIOD 1981 TO 2010
CLIMATE RECORD PERIOD 1874 TO 2015


WEATHER ITEM   OBSERVED TIME   RECORD YEAR NORMAL DEPARTURE LAST
                VALUE   (LST)  VALUE       VALUE  FROM      YEAR
                                                  NORMAL
..................................................................
TEMPERATURE (F)
 YESTERDAY
  MAXIMUM         53   1105 AM  77    1990  45      8       51
  MINIMUM         38   1103 PM   2    1895  28     10       17
  AVERAGE         46                        36     10       34

PRECIPITATION (IN)
  YESTERDAY        0.00          1.54 1997   0.07  -0.07     0.00
  MONTH TO DATE    0.32                      0.98  -0.66     1.25
  SINCE MAR 1      0.32                      0.98  -0.66     1.25
  SINCE JAN 1      3.12                      4.96  -1.84     6.99

SNOWFALL (IN)
  YESTERDAY        0.0           8.5  1904   0.2   -0.2      0.0
  MONTH TO DATE    2.8                       3.9   -1.1     11.5
  SINCE MAR 1      2.8                       3.9   -1.1     11.5
  SINCE JUL 1     47.5                      37.8    9.7     90.7
  SNOW DEPTH       T

DEGREE DAYS
 HEATING
  YESTERDAY       19                        29    -10       31
  MONTH TO DATE  472                       435     37      571
  SINCE MAR 1    472                       435     37      571
  SINCE JUL 1   5583                      4988    595     5821

 COOLING
  YESTERDAY        0                         0      0        0
  MONTH TO DATE    0                         0      0        0
  SINCE MAR 1      0                         0      0        0
  SINCE JAN 1      0                         0      0        0
..................................................................


WIND (MPH)
  HIGHEST WIND SPEED    25   HIGHEST WIND DIRECTION     W (290)
  HIGHEST GUST SPEED    33   HIGHEST GUST DIRECTION     W (290)
  AVERAGE WIND SPEED    12.5


SKY COVER
  POSSIBLE SUNSHINE  MM
  AVERAGE SKY COVER 0.8


WEATHER CONDITIONS
 THE FOLLOWING WEATHER WAS RECORDED YESTERDAY.
  FOG
  FOG W/VISIBILITY <= 1/4 MILE
  HAZE


RELATIVE HUMIDITY (PERCENT)
 HIGHEST   100           600 AM
 LOWEST     52           500 PM
 AVERAGE    76

..........................................................


THE DETROIT MI CLIMATE NORMALS FOR TODAY
                         NORMAL    RECORD    YEAR
 MAXIMUM TEMPERATURE (F)   45        77      2012
                                             1990
                                             1977
 MINIMUM TEMPERATURE (F)   28         5      1993
                                             1911


SUNRISE AND SUNSET
MARCH 15 2015.........SUNRISE   746 AM EDT   SUNSET   740 PM EDT
MARCH 16 2015.........SUNRISE   744 AM EDT   SUNSET   741 PM EDT


-  INDICATES NEGATIVE NUMBERS.
R  INDICATES RECORD WAS SET OR TIED.
MM INDICATES DATA IS MISSING.
T  INDICATES TRACE AMOUNT.




$$
