000
CDUS43 KDTX 120536
CLIDTW


CLIMATE REPORT
NATIONAL WEATHER SERVICE DETROIT/PONTIAC MI
136 AM EDT TUE AUG 12 2014


...................................

...THE DETROIT MI CLIMATE SUMMARY FOR AUGUST 11 2014...

CLIMATE NORMAL PERIOD 1981 TO 2010
CLIMATE RECORD PERIOD 1874 TO 2014


WEATHER ITEM   OBSERVED TIME   RECORD YEAR NORMAL DEPARTURE LAST
                VALUE   (LST)  VALUE       VALUE  FROM      YEAR
                                                  NORMAL
..................................................................
TEMPERATURE (F)
 YESTERDAY
  MAXIMUM         73    901 AM  99    1944  82     -9       83
  MINIMUM         66   1159 PM  47    1967  63      3       59
  AVERAGE         70                        73     -3       71

PRECIPITATION (IN)
  YESTERDAY        4.57R         2.06 1964   0.09   4.48     0.00
  MONTH TO DATE    4.72                      1.16   3.56     0.04
  SINCE JUN 1     11.15                      8.05   3.10    10.19
  SINCE JAN 1     25.82                     20.59   5.23    25.04

SNOWFALL (IN)
  YESTERDAY        0.0           0.0    MM   0.0    0.0      0.0
  MONTH TO DATE    0.0                       0.0    0.0      0.0
  SINCE JUN 1      0.0                       0.0    0.0      0.0
  SINCE JUL 1      0.0                       0.0    0.0      0.0
  SNOW DEPTH       0

DEGREE DAYS
 HEATING
  YESTERDAY        0                         0      0        0
  MONTH TO DATE    0                         0      0        0
  SINCE JUN 1     20                        37    -17       27
  SINCE JUL 1      8                         2      6        4

 COOLING
  YESTERDAY        5                         8     -3        6
  MONTH TO DATE   72                        88    -16       68
  SINCE JUN 1    424                       526   -102      531
  SINCE JAN 1    488                       574    -86      634
..................................................................


WIND (MPH)
  HIGHEST WIND SPEED    22   HIGHEST WIND DIRECTION    NW (320)
  HIGHEST GUST SPEED    25   HIGHEST GUST DIRECTION     N (10)
  AVERAGE WIND SPEED     6.8


SKY COVER
  POSSIBLE SUNSHINE  MM
  AVERAGE SKY COVER 1.0


WEATHER CONDITIONS
 THE FOLLOWING WEATHER WAS RECORDED YESTERDAY.
  THUNDERSTORM
  HEAVY RAIN
  RAIN
  LIGHT RAIN
  FOG


RELATIVE HUMIDITY (PERCENT)
 HIGHEST   100           600 PM
 LOWEST     73          1200 AM
 AVERAGE    87

..........................................................


THE DETROIT MI CLIMATE NORMALS FOR TODAY
                         NORMAL    RECORD    YEAR
 MAXIMUM TEMPERATURE (F)   82        99      1881
 MINIMUM TEMPERATURE (F)   63        46      1967


SUNRISE AND SUNSET
AUGUST 12 2014........SUNRISE   638 AM EDT   SUNSET   838 PM EDT
AUGUST 13 2014........SUNRISE   639 AM EDT   SUNSET   837 PM EDT


-  INDICATES NEGATIVE NUMBERS.
R  INDICATES RECORD WAS SET OR TIED.
MM INDICATES DATA IS MISSING.
T  INDICATES TRACE AMOUNT.




$$
