000
CDUS43 KDTX 012028
CLIDTW


CLIMATE REPORT
NATIONAL WEATHER SERVICE DETROIT/PONTIAC MI
428 PM EDT TUE APR 1 2014


...................................

...THE DETROIT MI CLIMATE SUMMARY FOR APRIL 1 2014...
VALID TODAY AS OF 0400 PM LOCAL TIME.

CLIMATE NORMAL PERIOD 1981 TO 2010
CLIMATE RECORD PERIOD 1874 TO 2014


WEATHER ITEM   OBSERVED TIME   RECORD YEAR NORMAL DEPARTURE LAST
                VALUE   (LST)  VALUE       VALUE  FROM      YEAR
                                                  NORMAL
..................................................................
TEMPERATURE (F)
 TODAY
  MAXIMUM         64   1041 AM  80    2010  53     11       41
  MINIMUM         42    155 AM  14    1923  34      8       27
                                      1874
  AVERAGE         53                        44      9       34

PRECIPITATION (IN)
  TODAY            0.01          1.30 1959   0.09  -0.08      T
  MONTH TO DATE    0.01                      0.09  -0.08      T
  SINCE MAR 1      1.50                      2.37  -0.87     0.74
  SINCE JAN 1      7.24                      6.35   0.89     7.02

SNOWFALL (IN)
  TODAY            0.0           3.0  1993   0.1   -0.1       T
  MONTH TO DATE    0.0                       0.1   -0.1       T
  SINCE MAR 1     12.5                       7.0    5.5      3.1
  SINCE JUL 1     91.7                      40.9   50.8     47.6
  SNOW DEPTH       0

DEGREE DAYS
 HEATING
  TODAY           12                        21     -9       31
  MONTH TO DATE   12                        21     -9       31
  SINCE MAR 1   1131                       883    248      964
  SINCE JUL 1   6381                      5436    945     5249

 COOLING
  TODAY            0                         0      0        0
  MONTH TO DATE    0                         0      0        0
  SINCE MAR 1      0                         0      0        0
  SINCE JAN 1      0                         0      0        0
..................................................................


WIND (MPH)
  HIGHEST WIND SPEED    39   HIGHEST WIND DIRECTION    SW (220)
  HIGHEST GUST SPEED    45   HIGHEST GUST DIRECTION    SW (210)
  AVERAGE WIND SPEED    16.2


SKY COVER
  POSSIBLE SUNSHINE  MM
  AVERAGE SKY COVER 0.8


WEATHER CONDITIONS
 THE FOLLOWING WEATHER WAS RECORDED TODAY.
  LIGHT RAIN


RELATIVE HUMIDITY (PERCENT)
 HIGHEST    65           700 AM
 LOWEST     36           100 PM
 AVERAGE    51

..........................................................


THE DETROIT MI CLIMATE NORMALS FOR TOMORROW
                         NORMAL    RECORD    YEAR
 MAXIMUM TEMPERATURE (F)   53        83      1963
 MINIMUM TEMPERATURE (F)   35        17      1881


SUNRISE AND SUNSET
APRIL  1 2014.........SUNRISE   716 AM EDT   SUNSET   759 PM EDT
APRIL  2 2014.........SUNRISE   714 AM EDT   SUNSET   800 PM EDT


-  INDICATES NEGATIVE NUMBERS.
R  INDICATES RECORD WAS SET OR TIED.
MM INDICATES DATA IS MISSING.
T  INDICATES TRACE AMOUNT.




$$
