000
CDUS43 KDTX 122145
CLIDTW


CLIMATE REPORT
NATIONAL WEATHER SERVICE DETROIT/PONTIAC MI
545 PM EDT SUN MAR 12 2017


...................................

...THE DETROIT MI CLIMATE SUMMARY FOR MARCH 12 2017...
VALID TODAY AS OF 0500 PM LOCAL TIME.

CLIMATE NORMAL PERIOD 1981 TO 2010
CLIMATE RECORD PERIOD 1874 TO 2017


WEATHER ITEM   OBSERVED TIME   RECORD YEAR NORMAL DEPARTURE LAST
                VALUE   (LST)  VALUE       VALUE  FROM      YEAR
                                                  NORMAL
..................................................................
TEMPERATURE (F)
 TODAY
  MAXIMUM         34    349 PM  75    1990  44    -10       61
  MINIMUM         18    707 AM   4    1896  27     -9       30
  AVERAGE         26                        36    -10       46

PRECIPITATION (IN)
  TODAY            0.00          1.13 1877   0.07  -0.07     0.00
  MONTH TO DATE    1.03                      0.85   0.18     0.61
  SINCE MAR 1      1.03                      0.85   0.18     0.61
  SINCE JAN 1      5.76                      4.83   0.93     3.97

SNOWFALL (IN)
  TODAY            0.0           6.6  2014   0.2   -0.2      0.0
  MONTH TO DATE    0.3                       3.4   -3.1      7.4
  SINCE MAR 1      0.3                       3.4   -3.1      7.4
  SINCE JUL 1     31.2                      37.3   -6.1     34.0
  SNOW DEPTH       0

DEGREE DAYS
 HEATING
  TODAY           39                        29     10       19
  MONTH TO DATE  362                       377    -15      298
  SINCE MAR 1    362                       377    -15      298
  SINCE JUL 1   4100                      4930   -830     4063

 COOLING
  TODAY            0                         0      0        0
  MONTH TO DATE    0                         0      0        0
  SINCE MAR 1      0                         0      0        0
  SINCE JAN 1      0                         0      0        0
..................................................................


WIND (MPH)
  HIGHEST WIND SPEED    18   HIGHEST WIND DIRECTION     N (340)
  HIGHEST GUST SPEED    23   HIGHEST GUST DIRECTION    NW (330)
  AVERAGE WIND SPEED     9.1


SKY COVER
  POSSIBLE SUNSHINE  MM
  AVERAGE SKY COVER 0.6


WEATHER CONDITIONS
 THE FOLLOWING WEATHER WAS RECORDED TODAY.
  NO SIGNIFICANT WEATHER WAS OBSERVED.


RELATIVE HUMIDITY (PERCENT)
 HIGHEST    56           800 AM
 LOWEST     25           300 PM
 AVERAGE    41

..........................................................


THE DETROIT MI CLIMATE NORMALS FOR TOMORROW
                         NORMAL    RECORD    YEAR
 MAXIMUM TEMPERATURE (F)   44        73      1990
 MINIMUM TEMPERATURE (F)   27         3      2014


SUNRISE AND SUNSET
MARCH 12 2017.........SUNRISE   750 AM EDT   SUNSET   737 PM EDT
MARCH 13 2017.........SUNRISE   748 AM EDT   SUNSET   738 PM EDT


-  INDICATES NEGATIVE NUMBERS.
R  INDICATES RECORD WAS SET OR TIED.
MM INDICATES DATA IS MISSING.
T  INDICATES TRACE AMOUNT.




$$
