000
CDUS43 KDTX 210537
CLIDTW


CLIMATE REPORT
NATIONAL WEATHER SERVICE DETROIT/PONTIAC MI
137 AM EDT SUN SEP 21 2014


...................................

...THE DETROIT MI CLIMATE SUMMARY FOR SEPTEMBER 20 2014...

CLIMATE NORMAL PERIOD 1981 TO 2010
CLIMATE RECORD PERIOD 1874 TO 2014


WEATHER ITEM   OBSERVED TIME   RECORD YEAR NORMAL DEPARTURE LAST
                VALUE   (LST)  VALUE       VALUE  FROM      YEAR
                                                  NORMAL
..................................................................
TEMPERATURE (F)
 YESTERDAY
  MAXIMUM         81    219 PM  92    1895  72      9       83
  MINIMUM         51    559 AM  36    1956  53     -2       65
  AVERAGE         66                        63      3       74

PRECIPITATION (IN)
  YESTERDAY        0.44          1.35 1919   0.12   0.32     0.75
  MONTH TO DATE    4.35                      2.24   2.11     1.02
  SINCE SEP 1      4.35                      2.24   2.11     1.02
  SINCE JAN 1     31.77                     24.67   7.10    32.00

SNOWFALL (IN)
  YESTERDAY        0.0           0.0    MM   0.0    0.0      0.0
  MONTH TO DATE    0.0                       0.0    0.0      0.0
  SINCE SEP 1      0.0                       0.0    0.0      0.0
  SINCE JUL 1      0.0                       0.0    0.0      0.0
  SNOW DEPTH       0

DEGREE DAYS
 HEATING
  YESTERDAY        0                         4     -4        0
  MONTH TO DATE   77                        43     34       54
  SINCE SEP 1     77                        43     34       54
  SINCE JUL 1     90                        53     37       66

 COOLING
  YESTERDAY        1                         2     -1        9
  MONTH TO DATE   67                        70     -3       78
  SINCE SEP 1     67                        70     -3       78
  SINCE JAN 1    699                       781    -82      871
..................................................................


WIND (MPH)
  HIGHEST WIND SPEED    39   HIGHEST WIND DIRECTION    SW (220)
  HIGHEST GUST SPEED    53   HIGHEST GUST DIRECTION    SW (220)
  AVERAGE WIND SPEED    12.4


SKY COVER
  POSSIBLE SUNSHINE  MM
  AVERAGE SKY COVER 0.7


WEATHER CONDITIONS
 THE FOLLOWING WEATHER WAS RECORDED YESTERDAY.
  THUNDERSTORM
  HEAVY RAIN
  RAIN
  LIGHT RAIN


RELATIVE HUMIDITY (PERCENT)
 HIGHEST    93          1200 AM
 LOWEST     51           200 PM
 AVERAGE    72

..........................................................


THE DETROIT MI CLIMATE NORMALS FOR TODAY
                         NORMAL    RECORD    YEAR
 MAXIMUM TEMPERATURE (F)   72        92      1895
 MINIMUM TEMPERATURE (F)   53        35      1875


SUNRISE AND SUNSET
SEPTEMBER 21 2014.....SUNRISE   720 AM EDT   SUNSET   732 PM EDT
SEPTEMBER 22 2014.....SUNRISE   721 AM EDT   SUNSET   731 PM EDT


-  INDICATES NEGATIVE NUMBERS.
R  INDICATES RECORD WAS SET OR TIED.
MM INDICATES DATA IS MISSING.
T  INDICATES TRACE AMOUNT.




$$
