000
CDUS43 KDTX 062131
CLIDTW


CLIMATE REPORT
NATIONAL WEATHER SERVICE DETROIT/PONTIAC MI
430 PM EST SAT DEC 6 2014


...................................

...THE DETROIT MI CLIMATE SUMMARY FOR DECEMBER 6 2014...
VALID TODAY AS OF 0400 PM LOCAL TIME.

CLIMATE NORMAL PERIOD 1981 TO 2010
CLIMATE RECORD PERIOD 1874 TO 2014


WEATHER ITEM   OBSERVED TIME   RECORD YEAR NORMAL DEPARTURE LAST
                VALUE   (LST)  VALUE       VALUE  FROM      YEAR
                                                  NORMAL
..................................................................
TEMPERATURE (F)
 TODAY
  MAXIMUM         41    314 PM  69    1998  39      2       31
  MINIMUM         36    824 AM   7    1885  27      9       21
  AVERAGE         39                        33      6       26

PRECIPITATION (IN)
  TODAY            0.00          0.80 1983   0.08  -0.08     0.00
  MONTH TO DATE    T                         0.50  -0.50     0.09
  SINCE DEC 1      T                         0.50  -0.50     0.09
  SINCE JAN 1     36.16                     31.51   4.65    37.57

SNOWFALL (IN)
  TODAY            0.0           6.6  1962   0.3   -0.3      0.0
  MONTH TO DATE    T                         1.3   -1.3      0.1
  SINCE DEC 1      T                         1.3   -1.3      0.1
  SINCE JUL 1      4.0                       2.9    1.1      1.3
  SNOW DEPTH       0

DEGREE DAYS
 HEATING
  TODAY           26                        32     -6       39
  MONTH TO DATE  196                       186     10      168
  SINCE DEC 1    196                       186     10      168
  SINCE JUL 1   1573                      1401    172     1470

 COOLING
  TODAY            0                         0      0        0
  MONTH TO DATE    0                         0      0        0
  SINCE DEC 1      0                         0      0        0
  SINCE JAN 1    704                       803    -99      891
..................................................................


WIND (MPH)
  HIGHEST WIND SPEED    21   HIGHEST WIND DIRECTION     N (350)
  HIGHEST GUST SPEED    25   HIGHEST GUST DIRECTION     N (360)
  AVERAGE WIND SPEED    11.2


SKY COVER
  POSSIBLE SUNSHINE  MM
  AVERAGE SKY COVER 1.0


WEATHER CONDITIONS
 THE FOLLOWING WEATHER WAS RECORDED TODAY.
  HAZE


RELATIVE HUMIDITY (PERCENT)
 HIGHEST    82           100 AM
 LOWEST     54           400 PM
 AVERAGE    68

..........................................................


THE DETROIT MI CLIMATE NORMALS FOR TOMORROW
                         NORMAL    RECORD    YEAR
 MAXIMUM TEMPERATURE (F)   39        62      1951
 MINIMUM TEMPERATURE (F)   27         1      1885


SUNRISE AND SUNSET
DECEMBER  6 2014......SUNRISE   747 AM EST   SUNSET   501 PM EST
DECEMBER  7 2014......SUNRISE   748 AM EST   SUNSET   501 PM EST


-  INDICATES NEGATIVE NUMBERS.
R  INDICATES RECORD WAS SET OR TIED.
MM INDICATES DATA IS MISSING.
T  INDICATES TRACE AMOUNT.




$$
