000
CDUS43 KDTX 030538
CLIDTW


CLIMATE REPORT
NATIONAL WEATHER SERVICE DETROIT/PONTIAC MI
138 AM EDT MON APR 3 2017


...................................

...THE DETROIT MI CLIMATE SUMMARY FOR APRIL 2 2017...

CLIMATE NORMAL PERIOD 1981 TO 2010
CLIMATE RECORD PERIOD 1874 TO 2017


WEATHER ITEM   OBSERVED TIME   RECORD YEAR NORMAL DEPARTURE LAST
                VALUE   (LST)  VALUE       VALUE  FROM      YEAR
                                                  NORMAL
..................................................................
TEMPERATURE (F)
 YESTERDAY
  MAXIMUM         61   1255 PM  83    1963  53      8       44
  MINIMUM         35    626 AM  17    1881  35      0       26
  AVERAGE         48                        44      4       35

PRECIPITATION (IN)
  YESTERDAY        T             1.44 1945   0.09  -0.09     0.09
  MONTH TO DATE    T                         0.18  -0.18     0.09
  SINCE MAR 1      4.26                      2.46   1.80     4.95
  SINCE JAN 1      8.99                      6.44   2.55     8.31

SNOWFALL (IN)
  YESTERDAY        0.0           2.0  1975   0.2   -0.2      0.4
  MONTH TO DATE    0.0                       0.3   -0.3      0.4
  SINCE MAR 1      6.9                       7.2   -0.3      7.8
  SINCE JUL 1     37.8                      41.1   -3.3     34.4
  SNOW DEPTH       0

DEGREE DAYS
 HEATING
  YESTERDAY       17                        21     -4       30
  MONTH TO DATE   34                        42     -8       47
  SINCE MAR 1    899                       904     -5      717
  SINCE JUL 1   4637                      5457   -820     4482

 COOLING
  YESTERDAY        0                         0      0        0
  MONTH TO DATE    0                         0      0        0
  SINCE MAR 1      0                         0      0        0
  SINCE JAN 1      0                         0      0        0
..................................................................


WIND (MPH)
  HIGHEST WIND SPEED    15   HIGHEST WIND DIRECTION     S (200)
  HIGHEST GUST SPEED    20   HIGHEST GUST DIRECTION     S (200)
  AVERAGE WIND SPEED     5.8


SKY COVER
  POSSIBLE SUNSHINE  MM
  AVERAGE SKY COVER 0.7


WEATHER CONDITIONS
 THE FOLLOWING WEATHER WAS RECORDED YESTERDAY.
  LIGHT RAIN
  HAZE


RELATIVE HUMIDITY (PERCENT)
 HIGHEST    85           100 AM
 LOWEST     33          1200 PM
 AVERAGE    59

..........................................................


THE DETROIT MI CLIMATE NORMALS FOR TODAY
                         NORMAL    RECORD    YEAR
 MAXIMUM TEMPERATURE (F)   54        77      1999
 MINIMUM TEMPERATURE (F)   35        14      1954


SUNRISE AND SUNSET
APRIL  3 2017.........SUNRISE   712 AM EDT   SUNSET   802 PM EDT
APRIL  4 2017.........SUNRISE   710 AM EDT   SUNSET   803 PM EDT


-  INDICATES NEGATIVE NUMBERS.
R  INDICATES RECORD WAS SET OR TIED.
MM INDICATES DATA IS MISSING.
T  INDICATES TRACE AMOUNT.




$$
