000
CDUS43 KDTX 060538
CLIDTW


CLIMATE REPORT
NATIONAL WEATHER SERVICE DETROIT/PONTIAC MI
137 AM EDT THU JUL 6 2017


...................................

...THE DETROIT MI CLIMATE SUMMARY FOR JULY 5 2017...

CLIMATE NORMAL PERIOD 1981 TO 2010
CLIMATE RECORD PERIOD 1874 TO 2017


WEATHER ITEM   OBSERVED TIME   RECORD YEAR NORMAL DEPARTURE LAST
                VALUE   (LST)  VALUE       VALUE  FROM      YEAR
                                                  NORMAL
..................................................................
TEMPERATURE (F)
 YESTERDAY
  MAXIMUM         84    142 PM  96    1988  83      1       89
                                      1977
                                      1921
  MINIMUM         60    523 AM  47    1972  64     -4       69
  AVERAGE         72                        74     -2       79

PRECIPITATION (IN)
  YESTERDAY        0.00          1.76 2012   0.10  -0.10     0.00
  MONTH TO DATE    0.13                      0.51  -0.38     0.34
  SINCE JUN 1      2.15                      4.03  -1.88     1.64
  SINCE JAN 1     19.08                     16.57   2.51    14.37

SNOWFALL (IN)
  YESTERDAY        0.0           0.0    MM   0.0    0.0      0.0
  MONTH TO DATE    0.0                       0.0    0.0      0.0
  SINCE JUN 1      0.0                       0.0    0.0      0.0
  SINCE JUL 1      0.0                       0.0    0.0      0.0
  SNOW DEPTH       0

DEGREE DAYS
 HEATING
  YESTERDAY        0                         0      0        0
  MONTH TO DATE    0                         0      0        0
  SINCE JUN 1     11                        35    -24       14
  SINCE JUL 1      0                         0      0        0

 COOLING
  YESTERDAY        7                         9     -2       14
  MONTH TO DATE   44                        42      2       25
  SINCE JUN 1    246                       209     37      228
  SINCE JAN 1    292                       257     35      306
..................................................................


WIND (MPH)
  HIGHEST WIND SPEED    12   HIGHEST WIND DIRECTION     S (190)
  HIGHEST GUST SPEED    17   HIGHEST GUST DIRECTION     S (170)
  AVERAGE WIND SPEED     4.7


SKY COVER
  POSSIBLE SUNSHINE  MM
  AVERAGE SKY COVER 0.5


WEATHER CONDITIONS
 THE FOLLOWING WEATHER WAS RECORDED YESTERDAY.
  HAZE


RELATIVE HUMIDITY (PERCENT)
 HIGHEST    78           500 AM
 LOWEST     34           100 PM
 AVERAGE    56

..........................................................


THE DETROIT MI CLIMATE NORMALS FOR TODAY
                         NORMAL    RECORD    YEAR
 MAXIMUM TEMPERATURE (F)   84       100      1988
                                             1977
 MINIMUM TEMPERATURE (F)   64        42      1972


SUNRISE AND SUNSET
JULY  6 2017..........SUNRISE   604 AM EDT   SUNSET   912 PM EDT
JULY  7 2017..........SUNRISE   604 AM EDT   SUNSET   912 PM EDT


-  INDICATES NEGATIVE NUMBERS.
R  INDICATES RECORD WAS SET OR TIED.
MM INDICATES DATA IS MISSING.
T  INDICATES TRACE AMOUNT.




$$
