000
CDUS43 KDTX 130545
CLIDTW


CLIMATE REPORT
NATIONAL WEATHER SERVICE DETROIT/PONTIAC MI
1245 AM EST SUN NOV 13 2016


...................................

...THE DETROIT MI CLIMATE SUMMARY FOR NOVEMBER 12 2016...

CLIMATE NORMAL PERIOD 1981 TO 2010
CLIMATE RECORD PERIOD 1874 TO 2016


WEATHER ITEM   OBSERVED TIME   RECORD YEAR NORMAL DEPARTURE LAST
                VALUE   (LST)  VALUE       VALUE  FROM      YEAR
                                                  NORMAL
..................................................................
TEMPERATURE (F)
 YESTERDAY
  MAXIMUM         50    358 PM  69    2005  51     -1       55
                                      1964
                                      1902
  MINIMUM         29    750 AM  16    1983  36     -7       45
                                      1911
  AVERAGE         40                        43     -3       50

PRECIPITATION (IN)
  YESTERDAY        0.00          1.59 1992   0.10  -0.10     0.14
  MONTH TO DATE    1.01                      1.09  -0.08     0.71
  SINCE SEP 1     10.27                      6.88   3.39     3.97
  SINCE JAN 1     31.49                     29.31   2.18    25.95

SNOWFALL (IN)
  YESTERDAY        0.0           3.1  1959   0.1   -0.1      0.0
  MONTH TO DATE    0.0                       0.3   -0.3      0.0
  SINCE SEP 1      0.0                       0.4   -0.4       T
  SINCE JUL 1      0.0                       0.4   -0.4       T
  SNOW DEPTH       0

DEGREE DAYS
 HEATING
  YESTERDAY       25                        22      3       15
  MONTH TO DATE  154                       239    -85      152
  SINCE SEP 1    481                       740   -259      499
  SINCE JUL 1    481                       750   -269      509

 COOLING
  YESTERDAY        0                         0      0        0
  MONTH TO DATE    0                         0      0        0
  SINCE SEP 1    154                        92     62      171
  SINCE JAN 1   1177                       803    374      891
..................................................................


WIND (MPH)
  HIGHEST WIND SPEED    15   HIGHEST WIND DIRECTION    SW (230)
  HIGHEST GUST SPEED    25   HIGHEST GUST DIRECTION    SW (230)
  AVERAGE WIND SPEED     7.6


SKY COVER
  POSSIBLE SUNSHINE  MM
  AVERAGE SKY COVER 0.2


WEATHER CONDITIONS
 THE FOLLOWING WEATHER WAS RECORDED YESTERDAY.
  HAZE


RELATIVE HUMIDITY (PERCENT)
 HIGHEST    85           200 AM
 LOWEST     42           400 PM
 AVERAGE    64

..........................................................


THE DETROIT MI CLIMATE NORMALS FOR TODAY
                         NORMAL    RECORD    YEAR
 MAXIMUM TEMPERATURE (F)   50        70      1989
 MINIMUM TEMPERATURE (F)   35        12      1911


SUNRISE AND SUNSET
NOVEMBER 13 2016......SUNRISE   722 AM EST   SUNSET   513 PM EST
NOVEMBER 14 2016......SUNRISE   723 AM EST   SUNSET   512 PM EST


-  INDICATES NEGATIVE NUMBERS.
R  INDICATES RECORD WAS SET OR TIED.
MM INDICATES DATA IS MISSING.
T  INDICATES TRACE AMOUNT.




$$
