921
CDUS43 KDTX 290539
CLIDTW


CLIMATE REPORT
NATIONAL WEATHER SERVICE DETROIT/PONTIAC MI
1238 AM EST FRI JAN 29 2016


...................................

...THE DETROIT MI CLIMATE SUMMARY FOR JANUARY 28 2016...

CLIMATE NORMAL PERIOD 1981 TO 2010
CLIMATE RECORD PERIOD 1874 TO 2016


WEATHER ITEM   OBSERVED TIME   RECORD YEAR NORMAL DEPARTURE LAST
                VALUE   (LST)  VALUE       VALUE  FROM      YEAR
                                                  NORMAL
..................................................................
TEMPERATURE (F)
 YESTERDAY
  MAXIMUM         40   1231 PM  57    2002  32      8       29
  MINIMUM         28    221 AM -10    2014  19      9       11
  AVERAGE         34                        26      8       20

PRECIPITATION (IN)
  YESTERDAY        T             0.84 1994   0.06  -0.06     0.00
  MONTH TO DATE    1.18                      1.78  -0.60     1.40
  SINCE DEC 1      4.19                      4.24  -0.05     2.81
  SINCE JAN 1      1.18                      1.78  -0.60     1.40

SNOWFALL (IN)
  YESTERDAY       MM             5.0  2009   0.4   MM        0.0
  MONTH TO DATE    8.4                      11.3   -2.9     13.3
  SINCE DEC 1      9.7                      20.9  -11.2     13.4
  SINCE JUL 1     15.9                      22.5   -6.6     17.4
  SNOW DEPTH       T

DEGREE DAYS
 HEATING
  YESTERDAY       31                        39     -8       45
  MONTH TO DATE 1056                      1109    -53     1228
  SINCE DEC 1   1788                      2191   -403     2195
  SINCE JUL 1   2708                      3406   -698     3572

 COOLING
  YESTERDAY        0                         0      0        0
  MONTH TO DATE    0                         0      0        0
  SINCE DEC 1      0                         0      0        0
  SINCE JAN 1      0                         0      0        0
..................................................................


WIND (MPH)
  HIGHEST WIND SPEED    25   HIGHEST WIND DIRECTION     S (190)
  HIGHEST GUST SPEED    32   HIGHEST GUST DIRECTION     S (200)
  AVERAGE WIND SPEED    15.8


SKY COVER
  POSSIBLE SUNSHINE  MM
  AVERAGE SKY COVER 1.0


WEATHER CONDITIONS
 THE FOLLOWING WEATHER WAS RECORDED YESTERDAY.
  LIGHT SNOW
  FOG
  HAZE


RELATIVE HUMIDITY (PERCENT)
 HIGHEST    89           700 PM
 LOWEST     59           100 PM
 AVERAGE    74

..........................................................


THE DETROIT MI CLIMATE NORMALS FOR TODAY
                         NORMAL    RECORD    YEAR
 MAXIMUM TEMPERATURE (F)   32        58      1914
 MINIMUM TEMPERATURE (F)   19        -7      1885


SUNRISE AND SUNSET
JANUARY 29 2016.......SUNRISE   750 AM EST   SUNSET   543 PM EST
JANUARY 30 2016.......SUNRISE   749 AM EST   SUNSET   545 PM EST


-  INDICATES NEGATIVE NUMBERS.
R  INDICATES RECORD WAS SET OR TIED.
MM INDICATES DATA IS MISSING.
T  INDICATES TRACE AMOUNT.




$$
