000
CDUS43 KDTX 260537
CLIDTW


CLIMATE REPORT
NATIONAL WEATHER SERVICE DETROIT/PONTIAC MI
137 AM EDT WED MAR 26 2014


...................................

...THE DETROIT MI CLIMATE SUMMARY FOR MARCH 25 2014...

CLIMATE NORMAL PERIOD 1981 TO 2010
CLIMATE RECORD PERIOD 1874 TO 2014


WEATHER ITEM   OBSERVED TIME   RECORD YEAR NORMAL DEPARTURE LAST
                VALUE   (LST)  VALUE       VALUE  FROM      YEAR
                                                  NORMAL
..................................................................
TEMPERATURE (F)
 YESTERDAY
  MAXIMUM         35    139 PM  78    1945  50    -15       40
  MINIMUM         16   1155 PM   4    1974  32    -16       31
  AVERAGE         26                        41    -15       36

PRECIPITATION (IN)
  YESTERDAY        0.03          1.73 1954   0.07  -0.04     0.03
  MONTH TO DATE    1.43                      1.79  -0.36     0.68
  SINCE MAR 1      1.43                      1.79  -0.36     0.68
  SINCE JAN 1      7.17                      5.77   1.40     6.96

SNOWFALL (IN)
  YESTERDAY        1.0           6.0  1933   0.1    0.9      0.4
  MONTH TO DATE   12.5                       6.0    6.5      3.1
  SINCE MAR 1     12.5                       6.0    6.5      3.1
  SINCE JUL 1     91.7                      39.9   51.8     47.6
  SNOW DEPTH       T

DEGREE DAYS
 HEATING
  YESTERDAY       39                        24     15       29
  MONTH TO DATE  954                       725    229      805
  SINCE MAR 1    954                       725    229      805
  SINCE JUL 1   6204                      5278    926     5090

 COOLING
  YESTERDAY        0                         0      0        0
  MONTH TO DATE    0                         0      0        0
  SINCE MAR 1      0                         0      0        0
  SINCE JAN 1      0                         0      0        0
..................................................................


WIND (MPH)
  HIGHEST WIND SPEED    24   HIGHEST WIND DIRECTION    NW (310)
  HIGHEST GUST SPEED    31   HIGHEST GUST DIRECTION     W (290)
  AVERAGE WIND SPEED    10.7


SKY COVER
  POSSIBLE SUNSHINE  MM
  AVERAGE SKY COVER 0.8


WEATHER CONDITIONS
 THE FOLLOWING WEATHER WAS RECORDED YESTERDAY.
  LIGHT SNOW
  FOG


RELATIVE HUMIDITY (PERCENT)
 HIGHEST    84          1000 PM
 LOWEST     43           300 PM
 AVERAGE    64

..........................................................


THE DETROIT MI CLIMATE NORMALS FOR TODAY
                         NORMAL    RECORD    YEAR
 MAXIMUM TEMPERATURE (F)   50        81      2007
 MINIMUM TEMPERATURE (F)   32        11      2001
                                             1937


SUNRISE AND SUNSET
MARCH 26 2014.........SUNRISE   726 AM EDT   SUNSET   752 PM EDT
MARCH 27 2014.........SUNRISE   725 AM EDT   SUNSET   753 PM EDT


-  INDICATES NEGATIVE NUMBERS.
R  INDICATES RECORD WAS SET OR TIED.
MM INDICATES DATA IS MISSING.
T  INDICATES TRACE AMOUNT.




$$
