969
CDUS43 KDTX 280537
CLIDTW


CLIMATE REPORT
NATIONAL WEATHER SERVICE DETROIT/PONTIAC MI
1237 AM EST MON NOV 28 2016


...................................

...THE DETROIT MI CLIMATE SUMMARY FOR NOVEMBER 27 2016...

CLIMATE NORMAL PERIOD 1981 TO 2010
CLIMATE RECORD PERIOD 1874 TO 2016


WEATHER ITEM   OBSERVED TIME   RECORD YEAR NORMAL DEPARTURE LAST
                VALUE   (LST)  VALUE       VALUE  FROM      YEAR
                                                  NORMAL
..................................................................
TEMPERATURE (F)
 YESTERDAY
  MAXIMUM         48    308 PM  69    1990  43      5       61
  MINIMUM         29    752 AM   9    1930  30     -1       35
  AVERAGE         39                        37      2       48

PRECIPITATION (IN)
  YESTERDAY        0.00          1.69 1893   0.09  -0.09     0.49
  MONTH TO DATE    1.45                      2.51  -1.06     2.04
  SINCE SEP 1     10.71                      8.30   2.41     5.30
  SINCE JAN 1     31.93                     30.73   1.20    27.28

SNOWFALL (IN)
  YESTERDAY        0.0           5.6  1977   0.1   -0.1      0.0
  MONTH TO DATE    0.1                       1.2   -1.1      6.2
  SINCE SEP 1      0.1                       1.3   -1.2      6.2
  SINCE JUL 1      0.1                       1.3   -1.2      6.2
  SNOW DEPTH       0

DEGREE DAYS
 HEATING
  YESTERDAY       26                        28     -2       17
  MONTH TO DATE  491                       617   -126      472
  SINCE SEP 1    818                      1118   -300      819
  SINCE JUL 1    818                      1128   -310      829

 COOLING
  YESTERDAY        0                         0      0        0
  MONTH TO DATE    0                         0      0        0
  SINCE SEP 1    154                        92     62      171
  SINCE JAN 1   1177                       803    374      891
..................................................................


WIND (MPH)
  HIGHEST WIND SPEED    17   HIGHEST WIND DIRECTION    SW (210)
  HIGHEST GUST SPEED    21   HIGHEST GUST DIRECTION    SW (210)
  AVERAGE WIND SPEED     7.2


SKY COVER
  POSSIBLE SUNSHINE  MM
  AVERAGE SKY COVER 0.4


WEATHER CONDITIONS
 THE FOLLOWING WEATHER WAS RECORDED YESTERDAY.
  FOG
  HAZE


RELATIVE HUMIDITY (PERCENT)
 HIGHEST    92           100 AM
 LOWEST     61           300 PM
 AVERAGE    77

..........................................................


THE DETROIT MI CLIMATE NORMALS FOR TODAY
                         NORMAL    RECORD    YEAR
 MAXIMUM TEMPERATURE (F)   43        68      1990
 MINIMUM TEMPERATURE (F)   30         8      1955


SUNRISE AND SUNSET
NOVEMBER 28 2016......SUNRISE   740 AM EST   SUNSET   503 PM EST
NOVEMBER 29 2016......SUNRISE   741 AM EST   SUNSET   503 PM EST


-  INDICATES NEGATIVE NUMBERS.
R  INDICATES RECORD WAS SET OR TIED.
MM INDICATES DATA IS MISSING.
T  INDICATES TRACE AMOUNT.




$$
