000
CDUS43 KDTX 040540
CLIDTW


CLIMATE REPORT
NATIONAL WEATHER SERVICE DETROIT/PONTIAC MI
140 AM EDT TUE APR 4 2017


...................................

...THE DETROIT MI CLIMATE SUMMARY FOR APRIL 3 2017...

CLIMATE NORMAL PERIOD 1981 TO 2010
CLIMATE RECORD PERIOD 1874 TO 2017


WEATHER ITEM   OBSERVED TIME   RECORD YEAR NORMAL DEPARTURE LAST
                VALUE   (LST)  VALUE       VALUE  FROM      YEAR
                                                  NORMAL
..................................................................
TEMPERATURE (F)
 YESTERDAY
  MAXIMUM         54   1150 PM  77    1999  54      0       48
  MINIMUM         47    432 AM  14    1954  35     12       23
  AVERAGE         51                        44      7       36

PRECIPITATION (IN)
  YESTERDAY        0.12          1.06 1980   0.09   0.03     0.02
                                      1950
  MONTH TO DATE    0.12                      0.27  -0.15     0.11
  SINCE MAR 1      4.38                      2.55   1.83     4.97
  SINCE JAN 1      9.11                      6.53   2.58     8.33

SNOWFALL (IN)
  YESTERDAY        0.0           4.2  1926   0.1   -0.1       T
  MONTH TO DATE    0.0                       0.4   -0.4      0.4
  SINCE MAR 1      6.9                       7.3   -0.4      7.8
  SINCE JUL 1     37.8                      41.2   -3.4     34.4
  SNOW DEPTH       0

DEGREE DAYS
 HEATING
  YESTERDAY       14                        21     -7       29
  MONTH TO DATE   48                        63    -15       76
  SINCE MAR 1    913                       925    -12      746
  SINCE JUL 1   4651                      5478   -827     4511

 COOLING
  YESTERDAY        0                         0      0        0
  MONTH TO DATE    0                         0      0        0
  SINCE MAR 1      0                         0      0        0
  SINCE JAN 1      0                         0      0        0
..................................................................


WIND (MPH)
  HIGHEST WIND SPEED    13   HIGHEST WIND DIRECTION    NE (60)
  HIGHEST GUST SPEED    17   HIGHEST GUST DIRECTION     E (90)
  AVERAGE WIND SPEED     5.6


SKY COVER
  POSSIBLE SUNSHINE  MM
  AVERAGE SKY COVER 1.0


WEATHER CONDITIONS
 THE FOLLOWING WEATHER WAS RECORDED YESTERDAY.
  LIGHT RAIN
  FOG
  HAZE


RELATIVE HUMIDITY (PERCENT)
 HIGHEST    96           900 PM
 LOWEST     56           100 AM
 AVERAGE    76

..........................................................


THE DETROIT MI CLIMATE NORMALS FOR TODAY
                         NORMAL    RECORD    YEAR
 MAXIMUM TEMPERATURE (F)   54        74      1921
 MINIMUM TEMPERATURE (F)   35         9      1874


SUNRISE AND SUNSET
APRIL  4 2017.........SUNRISE   710 AM EDT   SUNSET   803 PM EDT
APRIL  5 2017.........SUNRISE   709 AM EDT   SUNSET   804 PM EDT


-  INDICATES NEGATIVE NUMBERS.
R  INDICATES RECORD WAS SET OR TIED.
MM INDICATES DATA IS MISSING.
T  INDICATES TRACE AMOUNT.




$$
