000
CDUS43 KDTX 220536
CLIDTW


CLIMATE REPORT
NATIONAL WEATHER SERVICE DETROIT/PONTIAC MI
136 AM EDT MON JUN 22 2015


...................................

...THE DETROIT MI CLIMATE SUMMARY FOR JUNE 21 2015...

CLIMATE NORMAL PERIOD 1981 TO 2010
CLIMATE RECORD PERIOD 1874 TO 2015


WEATHER ITEM   OBSERVED TIME   RECORD YEAR NORMAL DEPARTURE LAST
                VALUE   (LST)  VALUE       VALUE  FROM      YEAR
                                                  NORMAL
..................................................................
TEMPERATURE (F)
 YESTERDAY
  MAXIMUM         84    559 PM  96    1933  81      3       80
  MINIMUM         68   1244 AM  42    1992  61      7       55
  AVERAGE         76                        71      5       68

PRECIPITATION (IN)
  YESTERDAY        0.00          2.23 1987   0.12  -0.12      T
  MONTH TO DATE    3.22                      2.53   0.69     3.18
  SINCE JUN 1      3.22                      2.53   0.69     3.18
  SINCE JAN 1     14.96                     15.07  -0.11    17.85

SNOWFALL (IN)
  YESTERDAY        0.0           0.0    MM   0.0    0.0      0.0
  MONTH TO DATE    0.0                       0.0    0.0      0.0
  SINCE JUN 1      0.0                       0.0    0.0      0.0
  SINCE JUL 1     47.5                      42.5    5.0     94.9
  SNOW DEPTH       0

DEGREE DAYS
 HEATING
  YESTERDAY        0                         1     -1        0
  MONTH TO DATE   19                        33    -14       12
  SINCE JUN 1     19                        33    -14       12
  SINCE JUL 1   6617                      6135    482     7023

 COOLING
  YESTERDAY       11                         7      4        3
  MONTH TO DATE   99                        99      0       98
  SINCE JUN 1     99                        99      0       98
  SINCE JAN 1    203                       147     56      162
..................................................................


WIND (MPH)
  HIGHEST WIND SPEED    15   HIGHEST WIND DIRECTION    SW (230)
  HIGHEST GUST SPEED    18   HIGHEST GUST DIRECTION     W (270)
  AVERAGE WIND SPEED     7.4


SKY COVER
  POSSIBLE SUNSHINE  MM
  AVERAGE SKY COVER 0.7


WEATHER CONDITIONS
 THE FOLLOWING WEATHER WAS RECORDED YESTERDAY.
  FOG


RELATIVE HUMIDITY (PERCENT)
 HIGHEST    97           300 AM
 LOWEST     51           400 PM
 AVERAGE    74

..........................................................


THE DETROIT MI CLIMATE NORMALS FOR TODAY
                         NORMAL    RECORD    YEAR
 MAXIMUM TEMPERATURE (F)   81        98      1988
 MINIMUM TEMPERATURE (F)   62        44      1992


SUNRISE AND SUNSET
JUNE 22 2015..........SUNRISE   557 AM EDT   SUNSET   913 PM EDT
JUNE 23 2015..........SUNRISE   557 AM EDT   SUNSET   914 PM EDT


-  INDICATES NEGATIVE NUMBERS.
R  INDICATES RECORD WAS SET OR TIED.
MM INDICATES DATA IS MISSING.
T  INDICATES TRACE AMOUNT.




$$
