000
CDUS43 KDTX 312030
CLIDTW


CLIMATE REPORT
NATIONAL WEATHER SERVICE DETROIT/PONTIAC MI
430 PM EDT WED MAY 31 2017


...................................

...THE DETROIT MI CLIMATE SUMMARY FOR MAY 31 2017...
VALID TODAY AS OF 0400 PM LOCAL TIME.

CLIMATE NORMAL PERIOD 1981 TO 2010
CLIMATE RECORD PERIOD 1874 TO 2017


WEATHER ITEM   OBSERVED TIME   RECORD YEAR NORMAL DEPARTURE LAST
                VALUE   (LST)  VALUE       VALUE  FROM      YEAR
                                                  NORMAL
..................................................................
TEMPERATURE (F)
 TODAY
  MAXIMUM         74    240 PM  95    1895  75     -1       83
  MINIMUM         54    422 AM  34    1910  55     -1       62
  AVERAGE         64                        65     -1       73

PRECIPITATION (IN)
  TODAY            T             1.98 1946   0.11  -0.11     0.00
  MONTH TO DATE    4.39                      3.38   1.01     2.20
  SINCE MAR 1     12.20                      8.56   3.64     9.37
  SINCE JAN 1     16.93                     12.54   4.39    12.73

SNOWFALL (IN)
  TODAY            0.0           T    1910   0.0    0.0      0.0
  MONTH TO DATE    0.0                       T      0.0       T
  SINCE MAR 1      7.0                       8.6   -1.6      8.7
  SINCE JUL 1     37.9                      42.5   -4.6     35.3
  SNOW DEPTH       0

DEGREE DAYS
 HEATING
  TODAY            1                         3     -2        0
  MONTH TO DATE  219                       208     11      192
  SINCE MAR 1   1408                      1549   -141     1416
  SINCE JUL 1   5146                      6102   -956     5181

 COOLING
  TODAY            0                         3     -3        8
  MONTH TO DATE   39                        42     -3       78
  SINCE MAR 1     46                        48     -2       78
  SINCE JAN 1     46                        48     -2       78
..................................................................


WIND (MPH)
  HIGHEST WIND SPEED    23   HIGHEST WIND DIRECTION     W (270)
  HIGHEST GUST SPEED    30   HIGHEST GUST DIRECTION    SW (240)
  AVERAGE WIND SPEED    14.3


SKY COVER
  POSSIBLE SUNSHINE  MM
  AVERAGE SKY COVER 0.5


WEATHER CONDITIONS
 THE FOLLOWING WEATHER WAS RECORDED TODAY.
  LIGHT RAIN


RELATIVE HUMIDITY (PERCENT)
 HIGHEST    77           300 AM
 LOWEST     38           200 PM
 AVERAGE    58

..........................................................


THE DETROIT MI CLIMATE NORMALS FOR TOMORROW
                         NORMAL    RECORD    YEAR
 MAXIMUM TEMPERATURE (F)   75        97      1934
 MINIMUM TEMPERATURE (F)   55        36      1966


SUNRISE AND SUNSET
MAY 31 2017...........SUNRISE   600 AM EDT   SUNSET   903 PM EDT
JUNE  1 2017..........SUNRISE   559 AM EDT   SUNSET   903 PM EDT


-  INDICATES NEGATIVE NUMBERS.
R  INDICATES RECORD WAS SET OR TIED.
MM INDICATES DATA IS MISSING.
T  INDICATES TRACE AMOUNT.




$$
