000
CDUS43 KDTX 062028
CLIDTW


CLIMATE REPORT
NATIONAL WEATHER SERVICE DETROIT/PONTIAC MI
428 PM EDT WED APR 6 2016


...................................

...THE DETROIT MI CLIMATE SUMMARY FOR APRIL 6 2016...
VALID TODAY AS OF 0400 PM LOCAL TIME.

CLIMATE NORMAL PERIOD 1981 TO 2010
CLIMATE RECORD PERIOD 1874 TO 2016


WEATHER ITEM   OBSERVED TIME   RECORD YEAR NORMAL DEPARTURE LAST
                VALUE   (LST)  VALUE       VALUE  FROM      YEAR
                                                  NORMAL
..................................................................
TEMPERATURE (F)
 TODAY
  MAXIMUM         51    259 PM  83    1929  55     -4       60
  MINIMUM         32   1234 AM  18    1982  36     -4       32
  AVERAGE         42                        46     -4       46

PRECIPITATION (IN)
  TODAY            0.03          2.41 1886   0.09  -0.06      T
  MONTH TO DATE    0.14                      0.54  -0.40     0.24
  SINCE MAR 1      5.00                      2.82   2.18     1.04
  SINCE JAN 1      8.36                      6.80   1.56     3.84

SNOWFALL (IN)
  TODAY            T            24.1  1886   0.1   -0.1      0.0
  MONTH TO DATE    0.4                       0.7   -0.3      0.0
  SINCE MAR 1      7.8                       7.6    0.2      2.8
  SINCE JUL 1     34.4                      41.5   -7.1     47.5
  SNOW DEPTH       0

DEGREE DAYS
 HEATING
  TODAY           23                        19      4       19
  MONTH TO DATE  170                       122     48      105
  SINCE MAR 1    840                       984   -144     1042
  SINCE JUL 1   4605                      5537   -932     6153

 COOLING
  TODAY            0                         0      0        0
  MONTH TO DATE    0                         0      0        0
  SINCE MAR 1      0                         0      0        0
  SINCE JAN 1      0                         0      0        0
..................................................................


WIND (MPH)
  HIGHEST WIND SPEED    20   HIGHEST WIND DIRECTION     S (160)
  HIGHEST GUST SPEED    24   HIGHEST GUST DIRECTION    SE (120)
  AVERAGE WIND SPEED    10.3


SKY COVER
  POSSIBLE SUNSHINE  MM
  AVERAGE SKY COVER 1.0


WEATHER CONDITIONS
 THE FOLLOWING WEATHER WAS RECORDED TODAY.
  THUNDERSTORM
  RAIN
  LIGHT RAIN
  HAIL
  SLEET


RELATIVE HUMIDITY (PERCENT)
 HIGHEST    78          1200 AM
 LOWEST     48           700 AM
 AVERAGE    63

..........................................................


THE DETROIT MI CLIMATE NORMALS FOR TOMORROW
                         NORMAL    RECORD    YEAR
 MAXIMUM TEMPERATURE (F)   56        83      1991
 MINIMUM TEMPERATURE (F)   36        10      1982


SUNRISE AND SUNSET
APRIL  6 2016.........SUNRISE   707 AM EDT   SUNSET   805 PM EDT
APRIL  7 2016.........SUNRISE   705 AM EDT   SUNSET   806 PM EDT


-  INDICATES NEGATIVE NUMBERS.
R  INDICATES RECORD WAS SET OR TIED.
MM INDICATES DATA IS MISSING.
T  INDICATES TRACE AMOUNT.




$$
