000
CDUS43 KDTX 282032
CLIDTW


CLIMATE REPORT
NATIONAL WEATHER SERVICE DETROIT/PONTIAC MI
432 PM EDT FRI JUL 28 2017


...................................

...THE DETROIT MI CLIMATE SUMMARY FOR JULY 28 2017...
VALID TODAY AS OF 0400 PM LOCAL TIME.

CLIMATE NORMAL PERIOD 1981 TO 2010
CLIMATE RECORD PERIOD 1874 TO 2017


WEATHER ITEM   OBSERVED TIME   RECORD YEAR NORMAL DEPARTURE LAST
                VALUE   (LST)  VALUE       VALUE  FROM      YEAR
                                                  NORMAL
..................................................................
TEMPERATURE (F)
 TODAY
  MAXIMUM         80   1252 PM 100    1930  83     -3       87
  MINIMUM         64    614 AM  48    1978  64      0       71
  AVERAGE         72                        74     -2       79

PRECIPITATION (IN)
  TODAY            T             2.16 2011   0.12  -0.12     0.00
  MONTH TO DATE    2.44                      3.02  -0.58     1.55
  SINCE JUN 1      4.46                      6.54  -2.08     2.85
  SINCE JAN 1     21.39                     19.08   2.31    15.58

SNOWFALL (IN)
  TODAY            0.0           0.0    MM   0.0    0.0      0.0
  MONTH TO DATE    0.0                       0.0    0.0      0.0
  SINCE JUN 1      0.0                       0.0    0.0      0.0
  SINCE JUL 1      0.0                       0.0    0.0      0.0
  SNOW DEPTH       0

DEGREE DAYS
 HEATING
  TODAY            0                         0      0        0
  MONTH TO DATE    0                         0      0        0
  SINCE JUN 1     11                        35    -24       14
  SINCE JUL 1      0                         0      0        0

 COOLING
  TODAY            7                         9     -2       14
  MONTH TO DATE  273                       249     24      336
  SINCE JUN 1    475                       416     59      539
  SINCE JAN 1    521                       464     57      617
..................................................................


WIND (MPH)
  HIGHEST WIND SPEED    21   HIGHEST WIND DIRECTION     N (360)
  HIGHEST GUST SPEED    27   HIGHEST GUST DIRECTION    NE (40)
  AVERAGE WIND SPEED     9.5


SKY COVER
  POSSIBLE SUNSHINE  MM
  AVERAGE SKY COVER 0.8


WEATHER CONDITIONS
 THE FOLLOWING WEATHER WAS RECORDED TODAY.
  LIGHT RAIN


RELATIVE HUMIDITY (PERCENT)
 HIGHEST    87           300 AM
 LOWEST     54           100 PM
 AVERAGE    71

..........................................................


THE DETROIT MI CLIMATE NORMALS FOR TOMORROW
                         NORMAL    RECORD    YEAR
 MAXIMUM TEMPERATURE (F)   83        99      1940
 MINIMUM TEMPERATURE (F)   64        50      1971


SUNRISE AND SUNSET
JULY 28 2017..........SUNRISE   622 AM EDT   SUNSET   857 PM EDT
JULY 29 2017..........SUNRISE   623 AM EDT   SUNSET   856 PM EDT


-  INDICATES NEGATIVE NUMBERS.
R  INDICATES RECORD WAS SET OR TIED.
MM INDICATES DATA IS MISSING.
T  INDICATES TRACE AMOUNT.




$$
