000
CDUS43 KDTX 160536
CLIDTW


CLIMATE REPORT
NATIONAL WEATHER SERVICE DETROIT/PONTIAC MI
136 AM EDT MON MAR 16 2015


...................................

...THE DETROIT MI CLIMATE SUMMARY FOR MARCH 15 2015...

CLIMATE NORMAL PERIOD 1981 TO 2010
CLIMATE RECORD PERIOD 1874 TO 2015


WEATHER ITEM   OBSERVED TIME   RECORD YEAR NORMAL DEPARTURE LAST
                VALUE   (LST)  VALUE       VALUE  FROM      YEAR
                                                  NORMAL
..................................................................
TEMPERATURE (F)
 YESTERDAY
  MAXIMUM         55    523 PM  77    2012  45     10       41
                                      1990
                                      1977
  MINIMUM         35    710 AM   5    1993  28      7       27
                                      1911
  AVERAGE         45                        37      8       34

PRECIPITATION (IN)
  YESTERDAY        0.00          0.93 1912   0.07  -0.07     0.00
  MONTH TO DATE    0.32                      1.05  -0.73     1.25
  SINCE MAR 1      0.32                      1.05  -0.73     1.25
  SINCE JAN 1      3.12                      5.03  -1.91     6.99

SNOWFALL (IN)
  YESTERDAY        0.0           8.6  1912   0.3   -0.3      0.0
  MONTH TO DATE    2.8                       4.2   -1.4     11.5
  SINCE MAR 1      2.8                       4.2   -1.4     11.5
  SINCE JUL 1     47.5                      38.1    9.4     90.7
  SNOW DEPTH       T

DEGREE DAYS
 HEATING
  YESTERDAY       20                        28     -8       31
  MONTH TO DATE  492                       463     29      602
  SINCE MAR 1    492                       463     29      602
  SINCE JUL 1   5603                      5016    587     5852

 COOLING
  YESTERDAY        0                         0      0        0
  MONTH TO DATE    0                         0      0        0
  SINCE MAR 1      0                         0      0        0
  SINCE JAN 1      0                         0      0        0
..................................................................


WIND (MPH)
  HIGHEST WIND SPEED    23   HIGHEST WIND DIRECTION    NW (310)
  HIGHEST GUST SPEED    30   HIGHEST GUST DIRECTION    NW (320)
  AVERAGE WIND SPEED     8.7


SKY COVER
  POSSIBLE SUNSHINE  MM
  AVERAGE SKY COVER 0.9


WEATHER CONDITIONS
 THE FOLLOWING WEATHER WAS RECORDED YESTERDAY.
  NO SIGNIFICANT WEATHER WAS OBSERVED.


RELATIVE HUMIDITY (PERCENT)
 HIGHEST    76          1100 PM
 LOWEST     41           300 PM
 AVERAGE    59

..........................................................


THE DETROIT MI CLIMATE NORMALS FOR TODAY
                         NORMAL    RECORD    YEAR
 MAXIMUM TEMPERATURE (F)   46        74      1945
 MINIMUM TEMPERATURE (F)   28         4      1900


SUNRISE AND SUNSET
MARCH 16 2015.........SUNRISE   744 AM EDT   SUNSET   741 PM EDT
MARCH 17 2015.........SUNRISE   742 AM EDT   SUNSET   742 PM EDT


-  INDICATES NEGATIVE NUMBERS.
R  INDICATES RECORD WAS SET OR TIED.
MM INDICATES DATA IS MISSING.
T  INDICATES TRACE AMOUNT.




$$
