255
CDUS43 KDTX 262137
CLIDTW


CLIMATE REPORT
NATIONAL WEATHER SERVICE DETROIT/PONTIAC MI
437 PM EST TUE JAN 26 2016


...................................

...THE DETROIT MI CLIMATE SUMMARY FOR JANUARY 26 2016...
VALID TODAY AS OF 0400 PM LOCAL TIME.

CLIMATE NORMAL PERIOD 1981 TO 2010
CLIMATE RECORD PERIOD 1874 TO 2016


WEATHER ITEM   OBSERVED TIME   RECORD YEAR NORMAL DEPARTURE LAST
                VALUE   (LST)  VALUE       VALUE  FROM      YEAR
                                                  NORMAL
..................................................................
TEMPERATURE (F)
 TODAY
  MAXIMUM         47    455 AM  64    1944  32     15       27
  MINIMUM         34    346 PM  -9    1897  19     15       11
  AVERAGE         41                        25     16       19

PRECIPITATION (IN)
  TODAY            T             1.39 1978   0.05  -0.05     0.00
  MONTH TO DATE    1.18                      1.66  -0.48     1.40
  SINCE DEC 1      4.19                      4.12   0.07     2.81
  SINCE JAN 1      1.18                      1.66  -0.48     1.40

SNOWFALL (IN)
  TODAY            0.0           7.8  1978   0.4   -0.4      0.0
  MONTH TO DATE    8.2                      10.5   -2.3     13.3
  SINCE DEC 1      9.5                      20.1  -10.6     13.4
  SINCE JUL 1     15.7                      21.7   -6.0     17.4
  SNOW DEPTH       T

DEGREE DAYS
 HEATING
  TODAY           24                        40    -16       46
  MONTH TO DATE  990                      1030    -40     1138
  SINCE DEC 1   1722                      2112   -390     2105
  SINCE JUL 1   2642                      3327   -685     3482

 COOLING
  TODAY            0                         0      0        0
  MONTH TO DATE    0                         0      0        0
  SINCE DEC 1      0                         0      0        0
  SINCE JAN 1      0                         0      0        0
..................................................................


WIND (MPH)
  HIGHEST WIND SPEED    31   HIGHEST WIND DIRECTION    SW (210)
  HIGHEST GUST SPEED    40   HIGHEST GUST DIRECTION    SW (210)
  AVERAGE WIND SPEED    18.3


SKY COVER
  POSSIBLE SUNSHINE  MM
  AVERAGE SKY COVER 1.0


WEATHER CONDITIONS
 THE FOLLOWING WEATHER WAS RECORDED TODAY.
  LIGHT RAIN
  HAZE


RELATIVE HUMIDITY (PERCENT)
 HIGHEST    83           200 AM
 LOWEST     70          1200 AM
 AVERAGE    77

..........................................................


THE DETROIT MI CLIMATE NORMALS FOR TOMORROW
                         NORMAL    RECORD    YEAR
 MAXIMUM TEMPERATURE (F)   32        61      1916
 MINIMUM TEMPERATURE (F)   19        -6      1936


SUNRISE AND SUNSET
JANUARY 26 2016.......SUNRISE   753 AM EST   SUNSET   539 PM EST
JANUARY 27 2016.......SUNRISE   752 AM EST   SUNSET   541 PM EST


-  INDICATES NEGATIVE NUMBERS.
R  INDICATES RECORD WAS SET OR TIED.
MM INDICATES DATA IS MISSING.
T  INDICATES TRACE AMOUNT.




$$
