000
CDUS43 KDTX 120548
CLIDTW


CLIMATE REPORT
NATIONAL WEATHER SERVICE DETROIT/PONTIAC MI
147 AM EDT THU MAY 12 2016


...................................

...THE DETROIT MI CLIMATE SUMMARY FOR MAY 11 2016...

CLIMATE NORMAL PERIOD 1981 TO 2010
CLIMATE RECORD PERIOD 1874 TO 2016


WEATHER ITEM   OBSERVED TIME   RECORD YEAR NORMAL DEPARTURE LAST
                VALUE   (LST)  VALUE       VALUE  FROM      YEAR
                                                  NORMAL
..................................................................
TEMPERATURE (F)
 YESTERDAY
  MAXIMUM         68    551 PM  87    1993  68      0       85
                                      1979
  MINIMUM         54    653 AM  30    1907  48      6       62
  AVERAGE         61                        58      3       74

PRECIPITATION (IN)
  YESTERDAY        0.00          1.91 1914   0.10  -0.10     0.48
  MONTH TO DATE    0.74                      1.12  -0.38     2.38
  SINCE MAR 1      7.91                      6.30   1.61     5.79
  SINCE JAN 1     11.27                     10.28   0.99     8.59

SNOWFALL (IN)
  YESTERDAY        0.0           0.0    MM   0.0    0.0      0.0
  MONTH TO DATE    0.0                       0.0    0.0      0.0
  SINCE MAR 1      8.7                       8.6    0.1      2.8
  SINCE JUL 1     35.3                      42.5   -7.2     47.5
  SNOW DEPTH       0

DEGREE DAYS
 HEATING
  YESTERDAY        4                         8     -4        0
  MONTH TO DATE  102                       101      1       15
  SINCE MAR 1   1326                      1442   -116     1393
  SINCE JUL 1   5091                      5995   -904     6504

 COOLING
  YESTERDAY        0                         1     -1        9
  MONTH TO DATE    0                         6     -6       37
  SINCE MAR 1      0                        12    -12       37
  SINCE JAN 1      0                        12    -12       37
..................................................................


WIND (MPH)
  HIGHEST WIND SPEED    13   HIGHEST WIND DIRECTION    NE (30)
  HIGHEST GUST SPEED    15   HIGHEST GUST DIRECTION     N (20)
  AVERAGE WIND SPEED     5.2


SKY COVER
  POSSIBLE SUNSHINE  MM
  AVERAGE SKY COVER 0.9


WEATHER CONDITIONS
 THE FOLLOWING WEATHER WAS RECORDED YESTERDAY.
  HAZE


RELATIVE HUMIDITY (PERCENT)
 HIGHEST    86           900 PM
 LOWEST     66           200 AM
 AVERAGE    76

..........................................................


THE DETROIT MI CLIMATE NORMALS FOR TODAY
                         NORMAL    RECORD    YEAR
 MAXIMUM TEMPERATURE (F)   69        90      1881
 MINIMUM TEMPERATURE (F)   48        32      1934


SUNRISE AND SUNSET
MAY 12 2016...........SUNRISE   615 AM EDT   SUNSET   845 PM EDT
MAY 13 2016...........SUNRISE   614 AM EDT   SUNSET   846 PM EDT


-  INDICATES NEGATIVE NUMBERS.
R  INDICATES RECORD WAS SET OR TIED.
MM INDICATES DATA IS MISSING.
T  INDICATES TRACE AMOUNT.




$$
