000
CDUS43 KDTX 100536
CLIDTW


CLIMATE REPORT
NATIONAL WEATHER SERVICE DETROIT/PONTIAC MI
136 AM EDT SUN APR 10 2016


...................................

...THE DETROIT MI CLIMATE SUMMARY FOR APRIL 9 2016...

CLIMATE NORMAL PERIOD 1981 TO 2010
CLIMATE RECORD PERIOD 1874 TO 2016


WEATHER ITEM   OBSERVED TIME   RECORD YEAR NORMAL DEPARTURE LAST
                VALUE   (LST)  VALUE       VALUE  FROM      YEAR
                                                  NORMAL
..................................................................
TEMPERATURE (F)
 YESTERDAY
  MAXIMUM         36    403 PM  78    1931  57    -21       67
  MINIMUM         26   1159 PM  19    1985  37    -11       39
                                      1914
  AVERAGE         31                        47    -16       53

PRECIPITATION (IN)
  YESTERDAY        0.01          1.40 1998   0.10  -0.09     0.97
  MONTH TO DATE    0.39                      0.84  -0.45     1.45
  SINCE MAR 1      5.25                      3.12   2.13     2.25
  SINCE JAN 1      8.61                      7.10   1.51     5.05

SNOWFALL (IN)
  YESTERDAY        0.2           2.8  1961   0.1    0.1      0.0
  MONTH TO DATE    1.1                       0.9    0.2      0.0
  SINCE MAR 1      8.5                       7.8    0.7      2.8
  SINCE JUL 1     35.1                      41.7   -6.6     47.5
  SNOW DEPTH       T

DEGREE DAYS
 HEATING
  YESTERDAY       34                        18     16       12
  MONTH TO DATE  257                       178     79      159
  SINCE MAR 1    927                      1040   -113     1096
  SINCE JUL 1   4692                      5593   -901     6207

 COOLING
  YESTERDAY        0                         0      0        0
  MONTH TO DATE    0                         0      0        0
  SINCE MAR 1      0                         0      0        0
  SINCE JAN 1      0                         0      0        0
..................................................................


WIND (MPH)
  HIGHEST WIND SPEED    23   HIGHEST WIND DIRECTION     N (340)
  HIGHEST GUST SPEED    29   HIGHEST GUST DIRECTION     N (360)
  AVERAGE WIND SPEED    11.2


SKY COVER
  POSSIBLE SUNSHINE  MM
  AVERAGE SKY COVER 0.7


WEATHER CONDITIONS
 THE FOLLOWING WEATHER WAS RECORDED YESTERDAY.
  HEAVY SNOW
  LIGHT SNOW
  FOG


RELATIVE HUMIDITY (PERCENT)
 HIGHEST    75           800 AM
 LOWEST     41           200 PM
 AVERAGE    58

..........................................................


THE DETROIT MI CLIMATE NORMALS FOR TODAY
                         NORMAL    RECORD    YEAR
 MAXIMUM TEMPERATURE (F)   57        86      1977
 MINIMUM TEMPERATURE (F)   38        20      1989


SUNRISE AND SUNSET
APRIL 10 2016.........SUNRISE   700 AM EDT   SUNSET   810 PM EDT
APRIL 11 2016.........SUNRISE   658 AM EDT   SUNSET   811 PM EDT


-  INDICATES NEGATIVE NUMBERS.
R  INDICATES RECORD WAS SET OR TIED.
MM INDICATES DATA IS MISSING.
T  INDICATES TRACE AMOUNT.




$$
