000
CDUS43 KDTX 260536
CLIDTW


CLIMATE REPORT
NATIONAL WEATHER SERVICE DETROIT/PONTIAC MI
136 AM EDT TUE MAY 26 2015


...................................

...THE DETROIT MI CLIMATE SUMMARY FOR MAY 25 2015...

CLIMATE NORMAL PERIOD 1981 TO 2010
CLIMATE RECORD PERIOD 1874 TO 2015


WEATHER ITEM   OBSERVED TIME   RECORD YEAR NORMAL DEPARTURE LAST
                VALUE   (LST)  VALUE       VALUE  FROM      YEAR
                                                  NORMAL
..................................................................
TEMPERATURE (F)
 YESTERDAY
  MAXIMUM         84    449 PM  90    2012  73     11       82
  MINIMUM         65    536 AM  35    1992  52     13       54
  AVERAGE         75                        62     13       68

PRECIPITATION (IN)
  YESTERDAY        T             1.67 2011   0.12  -0.12     0.00
  MONTH TO DATE    2.84                      2.70   0.14     3.12
  SINCE MAR 1      6.25                      7.88  -1.63     7.18
  SINCE JAN 1      9.05                     11.86  -2.81    12.92

SNOWFALL (IN)
  YESTERDAY        0.0           0.0    MM   0.0    0.0      0.0
  MONTH TO DATE    0.0                       0.0    0.0      0.0
  SINCE MAR 1      2.8                       8.6   -5.8     15.7
  SINCE JUL 1     47.5                      42.5    5.0     94.9
  SNOW DEPTH       0

DEGREE DAYS
 HEATING
  YESTERDAY        0                         5     -5        0
  MONTH TO DATE   96                       186    -90      168
  SINCE MAR 1   1474                      1527    -53     1760
  SINCE JUL 1   6585                      6080    505     7010

 COOLING
  YESTERDAY       10                         2      8        3
  MONTH TO DATE   72                        26     46       38
  SINCE MAR 1     72                        32     40       38
  SINCE JAN 1     72                        32     40       38
..................................................................


WIND (MPH)
  HIGHEST WIND SPEED    33   HIGHEST WIND DIRECTION    SW (210)
  HIGHEST GUST SPEED    41   HIGHEST GUST DIRECTION     S (200)
  AVERAGE WIND SPEED    16.0


SKY COVER
  POSSIBLE SUNSHINE  MM
  AVERAGE SKY COVER 0.9


WEATHER CONDITIONS
 THE FOLLOWING WEATHER WAS RECORDED YESTERDAY.
  LIGHT RAIN


RELATIVE HUMIDITY (PERCENT)
 HIGHEST    68           200 AM
 LOWEST     51          1200 PM
 AVERAGE    60

..........................................................


THE DETROIT MI CLIMATE NORMALS FOR TODAY
                         NORMAL    RECORD    YEAR
 MAXIMUM TEMPERATURE (F)   73        92      1944
 MINIMUM TEMPERATURE (F)   53        36      1983
                                             1969
                                             1913


SUNRISE AND SUNSET
MAY 26 2015...........SUNRISE   603 AM EDT   SUNSET   858 PM EDT
MAY 27 2015...........SUNRISE   602 AM EDT   SUNSET   859 PM EDT


-  INDICATES NEGATIVE NUMBERS.
R  INDICATES RECORD WAS SET OR TIED.
MM INDICATES DATA IS MISSING.
T  INDICATES TRACE AMOUNT.




$$
