000
CDUS43 KDTX 020539
CLIDTW


CLIMATE REPORT
NATIONAL WEATHER SERVICE DETROIT/PONTIAC MI
1239 AM EST THU MAR 2 2017


...................................

...THE DETROIT MI CLIMATE SUMMARY FOR MARCH 1 2017...

CLIMATE NORMAL PERIOD 1981 TO 2010
CLIMATE RECORD PERIOD 1874 TO 2017


WEATHER ITEM   OBSERVED TIME   RECORD YEAR NORMAL DEPARTURE LAST
                VALUE   (LST)  VALUE       VALUE  FROM      YEAR
                                                  NORMAL
..................................................................
TEMPERATURE (F)
 YESTERDAY
  MAXIMUM         58   1210 AM  64    1992  40     18       33
  MINIMUM         27   1159 PM   1    1962  24      3       21
  AVERAGE         43                        32     11       27

PRECIPITATION (IN)
  YESTERDAY        0.90          1.29 2007   0.07   0.83     0.29
  MONTH TO DATE    0.90                      0.07   0.83     0.29
  SINCE MAR 1      0.90                      0.07   0.83     0.29
  SINCE JAN 1      5.63                      4.05   1.58     3.65

SNOWFALL (IN)
  YESTERDAY        0.1           6.2  1976   0.3   -0.2      3.3
  MONTH TO DATE    0.1                       0.3   -0.2      3.3
  SINCE MAR 1      0.1                       0.3   -0.2      3.3
  SINCE JUL 1     31.0                      34.2   -3.2     29.9
  SNOW DEPTH       0

DEGREE DAYS
 HEATING
  YESTERDAY       22                        33    -11       38
  MONTH TO DATE   22                        33    -11       38
  SINCE MAR 1     22                        33    -11       38
  SINCE JUL 1   3760                      4586   -826     3803

 COOLING
  YESTERDAY        0                         0      0        0
  MONTH TO DATE    0                         0      0        0
  SINCE MAR 1      0                         0      0        0
  SINCE JAN 1      0                         0      0        0
..................................................................


WIND (MPH)
  HIGHEST WIND SPEED    38   HIGHEST WIND DIRECTION     W (260)
  HIGHEST GUST SPEED    49   HIGHEST GUST DIRECTION     W (270)
  AVERAGE WIND SPEED    18.5


SKY COVER
  POSSIBLE SUNSHINE  MM
  AVERAGE SKY COVER 1.0


WEATHER CONDITIONS
 THE FOLLOWING WEATHER WAS RECORDED YESTERDAY.
  THUNDERSTORM
  HEAVY RAIN
  RAIN
  LIGHT RAIN
  LIGHT SNOW
  FOG
  HAZE


RELATIVE HUMIDITY (PERCENT)
 HIGHEST   100           200 AM
 LOWEST     64           900 PM
 AVERAGE    82

..........................................................


THE DETROIT MI CLIMATE NORMALS FOR TODAY
                         NORMAL    RECORD    YEAR
 MAXIMUM TEMPERATURE (F)   40        63      1991
                                             1882
 MINIMUM TEMPERATURE (F)   24        -4      1978


SUNRISE AND SUNSET
MARCH  2 2017.........SUNRISE   707 AM EST   SUNSET   625 PM EST
MARCH  3 2017.........SUNRISE   705 AM EST   SUNSET   626 PM EST


-  INDICATES NEGATIVE NUMBERS.
R  INDICATES RECORD WAS SET OR TIED.
MM INDICATES DATA IS MISSING.
T  INDICATES TRACE AMOUNT.




$$
