759
CDUS43 KDTX 120541
CLIDTW


CLIMATE REPORT
NATIONAL WEATHER SERVICE DETROIT/PONTIAC MI
1241 AM EST FRI FEB 12 2016


...................................

...THE DETROIT MI CLIMATE SUMMARY FOR FEBRUARY 11 2016...

CLIMATE NORMAL PERIOD 1981 TO 2010
CLIMATE RECORD PERIOD 1874 TO 2016


WEATHER ITEM   OBSERVED TIME   RECORD YEAR NORMAL DEPARTURE LAST
                VALUE   (LST)  VALUE       VALUE  FROM      YEAR
                                                  NORMAL
..................................................................
TEMPERATURE (F)
 YESTERDAY
  MAXIMUM         23    240 PM  70    1999  34    -11       34
  MINIMUM         10    633 AM -10    1885  20    -10       19
  AVERAGE         17                        27    -10       27

PRECIPITATION (IN)
  YESTERDAY        T             0.82 2009   0.07  -0.07     0.06
                                      1876
  MONTH TO DATE    0.68                      0.74  -0.06     1.13
  SINCE DEC 1      5.03                      5.16  -0.13     3.99
  SINCE JAN 1      2.02                      2.70  -0.68     2.58

SNOWFALL (IN)
  YESTERDAY        T             7.3  1988   0.4   -0.4      0.8
  MONTH TO DATE    3.4                       4.0   -0.6     20.3
  SINCE DEC 1     13.1                      26.1  -13.0     34.6
  SINCE JUL 1     19.3                      27.7   -8.4     38.6
  SNOW DEPTH       2

DEGREE DAYS
 HEATING
  YESTERDAY       48                        38     10       38
  MONTH TO DATE  360                       424    -64      476
  SINCE DEC 1   2231                      2729   -498     2792
  SINCE JUL 1   3151                      3944   -793     4169

 COOLING
  YESTERDAY        0                         0      0        0
  MONTH TO DATE    0                         0      0        0
  SINCE DEC 1      0                         0      0        0
  SINCE JAN 1      0                         0      0        0
..................................................................


WIND (MPH)
  HIGHEST WIND SPEED    21   HIGHEST WIND DIRECTION    NW (320)
  HIGHEST GUST SPEED    28   HIGHEST GUST DIRECTION    NW (330)
  AVERAGE WIND SPEED    10.2


SKY COVER
  POSSIBLE SUNSHINE  MM
  AVERAGE SKY COVER 0.6


WEATHER CONDITIONS
 THE FOLLOWING WEATHER WAS RECORDED YESTERDAY.
  LIGHT SNOW


RELATIVE HUMIDITY (PERCENT)
 HIGHEST    73           400 AM
 LOWEST     45           300 PM
 AVERAGE    59

..........................................................


THE DETROIT MI CLIMATE NORMALS FOR TODAY
                         NORMAL    RECORD    YEAR
 MAXIMUM TEMPERATURE (F)   34        62      1999
 MINIMUM TEMPERATURE (F)   20       -14      1875


SUNRISE AND SUNSET
FEBRUARY 12 2016......SUNRISE   734 AM EST   SUNSET   601 PM EST
FEBRUARY 13 2016......SUNRISE   733 AM EST   SUNSET   603 PM EST


-  INDICATES NEGATIVE NUMBERS.
R  INDICATES RECORD WAS SET OR TIED.
MM INDICATES DATA IS MISSING.
T  INDICATES TRACE AMOUNT.




$$
