838
CDUS43 KDTX 192128
CLIDTW


CLIMATE REPORT
NATIONAL WEATHER SERVICE DETROIT/PONTIAC MI
427 PM EST THU JAN 19 2017


...................................

...THE DETROIT MI CLIMATE SUMMARY FOR JANUARY 19 2017...
VALID TODAY AS OF 0400 PM LOCAL TIME.

CLIMATE NORMAL PERIOD 1981 TO 2010
CLIMATE RECORD PERIOD 1874 TO 2017


WEATHER ITEM   OBSERVED TIME   RECORD YEAR NORMAL DEPARTURE LAST
                VALUE   (LST)  VALUE       VALUE  FROM      YEAR
                                                  NORMAL
..................................................................
TEMPERATURE (F)
 TODAY
  MAXIMUM         38    339 PM  60    1907  32      6       24
  MINIMUM         33    459 AM -20    1994  19     14        9
  AVERAGE         36                        25     11       17

PRECIPITATION (IN)
  TODAY            0.00          0.94 1952   0.05  -0.05      T
  MONTH TO DATE    2.13                      1.25   0.88     1.17
  SINCE DEC 1      4.29                      3.71   0.58     4.18
  SINCE JAN 1      2.13                      1.25   0.88     1.17

SNOWFALL (IN)
  TODAY            0.0           5.0  1987   0.4   -0.4       T
  MONTH TO DATE    4.6                       7.8   -3.2      7.9
  SINCE DEC 1     21.4                      17.4    4.0      9.2
  SINCE JUL 1     21.5                      19.0    2.5     15.4
  SNOW DEPTH       0

DEGREE DAYS
 HEATING
  TODAY           29                        40    -11       48
  MONTH TO DATE  672                       750    -78      727
  SINCE DEC 1   1782                      1832    -50     1459
  SINCE JUL 1   2650                      3047   -397     2379

 COOLING
  TODAY            0                         0      0        0
  MONTH TO DATE    0                         0      0        0
  SINCE DEC 1      0                         0      0        0
  SINCE JAN 1      0                         0      0        0
..................................................................


WIND (MPH)
  HIGHEST WIND SPEED    17   HIGHEST WIND DIRECTION    SW (240)
  HIGHEST GUST SPEED    21   HIGHEST GUST DIRECTION    SW (240)
  AVERAGE WIND SPEED     8.9


SKY COVER
  POSSIBLE SUNSHINE  MM
  AVERAGE SKY COVER 1.0


WEATHER CONDITIONS
 THE FOLLOWING WEATHER WAS RECORDED TODAY.
  FOG
  HAZE


RELATIVE HUMIDITY (PERCENT)
 HIGHEST    96           100 AM
 LOWEST     82          1000 AM
 AVERAGE    89

..........................................................


THE DETROIT MI CLIMATE NORMALS FOR TOMORROW
                         NORMAL    RECORD    YEAR
 MAXIMUM TEMPERATURE (F)   32        64      1906
 MINIMUM TEMPERATURE (F)   19       -14      1985


SUNRISE AND SUNSET
JANUARY 19 2017.......SUNRISE   757 AM EST   SUNSET   532 PM EST
JANUARY 20 2017.......SUNRISE   757 AM EST   SUNSET   533 PM EST


-  INDICATES NEGATIVE NUMBERS.
R  INDICATES RECORD WAS SET OR TIED.
MM INDICATES DATA IS MISSING.
T  INDICATES TRACE AMOUNT.




$$
