000
CDUS43 KDTX 230536
CLIDTW


CLIMATE REPORT
NATIONAL WEATHER SERVICE DETROIT/PONTIAC MI
136 AM EDT MON MAY 23 2016


...................................

...THE DETROIT MI CLIMATE SUMMARY FOR MAY 22 2016...

CLIMATE NORMAL PERIOD 1981 TO 2010
CLIMATE RECORD PERIOD 1874 TO 2016


WEATHER ITEM   OBSERVED TIME   RECORD YEAR NORMAL DEPARTURE LAST
                VALUE   (LST)  VALUE       VALUE  FROM      YEAR
                                                  NORMAL
..................................................................
TEMPERATURE (F)
 YESTERDAY
  MAXIMUM         73    121 PM  90    1994  72      1       68
                                      1964
  MINIMUM         52   1157 PM  32    1883  51      1       46
  AVERAGE         63                        62      1       57

PRECIPITATION (IN)
  YESTERDAY        0.00          1.14 1949   0.12  -0.12     0.01
  MONTH TO DATE    2.03                      2.34  -0.31     2.84
  SINCE MAR 1      9.20                      7.52   1.68     6.25
  SINCE JAN 1     12.56                     11.50   1.06     9.05

SNOWFALL (IN)
  YESTERDAY        0.0           2.7  1883   0.0    0.0      0.0
  MONTH TO DATE    T                         0.0    0.0      0.0
  SINCE MAR 1      8.7                       8.6    0.1      2.8
  SINCE JUL 1     35.3                      42.5   -7.2     47.5
  SNOW DEPTH       0

DEGREE DAYS
 HEATING
  YESTERDAY        2                         5     -3        8
  MONTH TO DATE  187                       171     16       90
  SINCE MAR 1   1411                      1512   -101     1468
  SINCE JUL 1   5176                      6065   -889     6579

 COOLING
  YESTERDAY        0                         2     -2        0
  MONTH TO DATE    2                        20    -18       61
  SINCE MAR 1      2                        26    -24       61
  SINCE JAN 1      2                        26    -24       61
..................................................................


WIND (MPH)
  HIGHEST WIND SPEED    17   HIGHEST WIND DIRECTION     N (360)
  HIGHEST GUST SPEED    24   HIGHEST GUST DIRECTION    NE (40)
  AVERAGE WIND SPEED     7.4


SKY COVER
  POSSIBLE SUNSHINE  MM
  AVERAGE SKY COVER 0.4


WEATHER CONDITIONS
 THE FOLLOWING WEATHER WAS RECORDED YESTERDAY.
  HAZE


RELATIVE HUMIDITY (PERCENT)
 HIGHEST    66           100 AM
 LOWEST     24           700 PM
 AVERAGE    45

..........................................................


THE DETROIT MI CLIMATE NORMALS FOR TODAY
                         NORMAL    RECORD    YEAR
 MAXIMUM TEMPERATURE (F)   72        89      1964
 MINIMUM TEMPERATURE (F)   52        34      1935
                                             1917


SUNRISE AND SUNSET
MAY 23 2016...........SUNRISE   605 AM EDT   SUNSET   856 PM EDT
MAY 24 2016...........SUNRISE   604 AM EDT   SUNSET   857 PM EDT


-  INDICATES NEGATIVE NUMBERS.
R  INDICATES RECORD WAS SET OR TIED.
MM INDICATES DATA IS MISSING.
T  INDICATES TRACE AMOUNT.




$$
