000
CDUS43 KDTX 310537
CLIDTW


CLIMATE REPORT
NATIONAL WEATHER SERVICE DETROIT/PONTIAC MI
136 AM EDT FRI JUL 31 2015


...................................

...THE DETROIT MI CLIMATE SUMMARY FOR JULY 30 2015...

CLIMATE NORMAL PERIOD 1981 TO 2010
CLIMATE RECORD PERIOD 1874 TO 2015


WEATHER ITEM   OBSERVED TIME   RECORD YEAR NORMAL DEPARTURE LAST
                VALUE   (LST)  VALUE       VALUE  FROM      YEAR
                                                  NORMAL
..................................................................
TEMPERATURE (F)
 YESTERDAY
  MAXIMUM         87    335 PM  98    1916  83      4       78
  MINIMUM         64    334 AM  50    1984  64      0       57
  AVERAGE         76                        73      3       68

PRECIPITATION (IN)
  YESTERDAY        0.00          1.75 1915   0.11  -0.11     0.14
  MONTH TO DATE    1.76                      3.25  -1.49     2.43
  SINCE JUN 1      7.08                      6.77   0.31     6.43
  SINCE JAN 1     18.82                     19.31  -0.49    21.10

SNOWFALL (IN)
  YESTERDAY        0.0           0.0    MM   0.0    0.0      0.0
  MONTH TO DATE    0.0                       0.0    0.0      0.0
  SINCE JUN 1      0.0                       0.0    0.0      0.0
  SINCE JUL 1      0.0                       0.0    0.0      0.0
  SNOW DEPTH       0

DEGREE DAYS
 HEATING
  YESTERDAY        0                         0      0        0
  MONTH TO DATE    3                         0      3        8
  SINCE JUN 1     25                        35    -10       20
  SINCE JUL 1      3                         0      3        8

 COOLING
  YESTERDAY       11                         8      3        3
  MONTH TO DATE  242                       265    -23      164
  SINCE JUN 1    382                       432    -50      349
  SINCE JAN 1    486                       480      6      413
..................................................................


WIND (MPH)
  HIGHEST WIND SPEED    23   HIGHEST WIND DIRECTION     W (250)
  HIGHEST GUST SPEED    28   HIGHEST GUST DIRECTION     W (250)
  AVERAGE WIND SPEED    10.4


SKY COVER
  POSSIBLE SUNSHINE  MM
  AVERAGE SKY COVER 0.3


WEATHER CONDITIONS
 THE FOLLOWING WEATHER WAS RECORDED YESTERDAY.
  NO SIGNIFICANT WEATHER WAS OBSERVED.


RELATIVE HUMIDITY (PERCENT)
 HIGHEST    78           400 AM
 LOWEST     35           300 PM
 AVERAGE    57

..........................................................


THE DETROIT MI CLIMATE NORMALS FOR TODAY
                         NORMAL    RECORD    YEAR
 MAXIMUM TEMPERATURE (F)   83        96      2006
 MINIMUM TEMPERATURE (F)   64        48      1918
                                             1895


SUNRISE AND SUNSET
JULY 31 2015..........SUNRISE   625 AM EDT   SUNSET   854 PM EDT
AUGUST  1 2015........SUNRISE   626 AM EDT   SUNSET   853 PM EDT


-  INDICATES NEGATIVE NUMBERS.
R  INDICATES RECORD WAS SET OR TIED.
MM INDICATES DATA IS MISSING.
T  INDICATES TRACE AMOUNT.




$$
