000
CXUS53 KDTX 020803
CLMDTW

DTXCLMDTW 000
TTAA00 KDTX 020759


CLIMATE REPORT
NATIONAL WEATHER SERVICE DETROIT/PONTIAC MI
359 AM EDT WED JUL 2 2014

...................................

...THE FLINT MI CLIMATE SUMMARY FOR THE MONTH OF JUNE 2014...

CLIMATE NORMAL PERIOD 1981 TO 2010
CLIMATE RECORD PERIOD 1921 TO 2014

WEATHER         OBSERVED          NORMAL  DEPART
                 VALUE   DATE(S)  VALUE   FROM
                                          NORMAL
................................................
TEMPERATURE (F)
RECORD
 HIGH             101   06/25/1988
 LOW               33   06/04/1998
                        06/01/1966
HIGHEST            90   06/17        MM      MM
LOWEST             42   06/14         0      42
AVG. MAXIMUM     80.0              77.9     2.1
AVG. MINIMUM     58.2              55.2     3.0
MEAN             69.1              66.5     2.6
DAYS MAX >= 90      1               1.5    -0.5
DAYS MAX <= 32      0               0.0     0.0
DAYS MIN <= 32      0               0.0     0.0
DAYS MIN <= 0       0               0.0     0.0

PRECIPITATION (INCHES)
RECORD
 MAXIMUM         6.57   2009
 MINIMUM         0.63   1988
TOTALS           2.46              3.07   -0.61
DAILY AVG.       0.08              0.10   -0.02
DAYS >= .01        11              10.6     0.4
DAYS >= .10         7               6.1     0.9
DAYS >= .50         2               2.0     0.0
DAYS >= 1.00        0               0.6    -0.6
GREATEST
 24 HR. TOTAL    0.80   06/23 TO 06/24
 STORM TOTAL       MM
 (MM/DD(HH))            MM

SNOWFALL (INCHES)
RECORDS
 TOTAL           34.5   2009
TOTALS            0.0               0.0     0.0
 LIQUID EQUIV    0.00              0.00    0.00
SINCE 7/1        83.9              47.4    36.5
 LIQUID 7/1      8.39
DAYS >= TRACE       0               0.0     0.0
DAYS >= 1.0         0               0.0     0.0
GREATEST
 SNOW DEPTH         0   MM
 24 HR TOTAL      0.0   06/30 TO 06/30
 STORM TOTAL       MM
 (MM/DD(HH))            MM

DEGREE_DAYS
HEATING TOTAL      22                66     -44
 SINCE 7/1       7479              6953     526
COOLING TOTAL     152               112      40
 SINCE 1/1        200               144      56

FREEZE DATES
RECORD
 EARLIEST     MM
 LATEST       MM
EARLIEST      05/12             MM
LATEST        04/27             MM
.................................................

WIND (MPH)
AVERAGE WIND SPEED              7.1
HIGHEST WIND SPEED/DIRECTION    30/260    DATE  06/17
HIGHEST GUST SPEED/DIRECTION    39/260    DATE  06/17

SKY COVER
POSSIBLE SUNSHINE (PERCENT)   MM
AVERAGE SKY COVER           0.30
NUMBER OF DAYS FAIR           18
NUMBER OF DAYS PC             10
NUMBER OF DAYS CLOUDY          2

AVERAGE RH (PERCENT)     65

WEATHER CONDITIONS. NUMBER OF DAYS WITH
THUNDERSTORM              0     MIXED PRECIP               0
HEAVY RAIN                5     RAIN                       6
LIGHT RAIN               11     FREEZING RAIN              0
LT FREEZING RAIN          0     HAIL                       0
HEAVY SNOW                0     SNOW                       0
LIGHT SNOW                0     SLEET                      0
FOG                      13     FOG W/VIS <= 1/4 MILE      4
HAZE                      8

-  INDICATES NEGATIVE NUMBERS.
R  INDICATES RECORD WAS SET OR TIED.
MM INDICATES DATA IS MISSING.
T  INDICATES TRACE AMOUNT.
...................................

...THE DETROIT MI CLIMATE SUMMARY FOR THE MONTH OF JUNE 2014...

CLIMATE NORMAL PERIOD 1981 TO 2010
CLIMATE RECORD PERIOD 1874 TO 2014

WEATHER         OBSERVED          NORMAL  DEPART
                 VALUE   DATE(S)  VALUE   FROM
                                          NORMAL
................................................
TEMPERATURE (F)
RECORD
 HIGH             104   06/25/1988
                        06/28/1934
 LOW               36   06/11/1972
                        06/01/1966
HIGHEST            91   06/17        MM      MM
LOWEST             48   06/14        MM      MM
AVG. MAXIMUM     80.1              79.3     0.8
AVG. MINIMUM     60.9              59.5     1.4
MEAN             70.5              69.4     1.1
DAYS MAX >= 90      1               2.4    -1.4
DAYS MAX <= 32      0               0.0     0.0
DAYS MIN <= 32      0               0.0     0.0
DAYS MIN <= 0       0               0.0     0.0

PRECIPITATION (INCHES)
RECORD
 MAXIMUM         8.31   1892
 MINIMUM         0.55   1895
TOTALS           4.00              3.52    0.48
DAILY AVG.       0.13              0.12    0.01
DAYS >= .01        13              10.2     2.8
DAYS >= .10         7               6.3     0.7
DAYS >= .50         2               2.3    -0.3
DAYS >= 1.00        1               0.8     0.2
GREATEST
 24 HR. TOTAL    1.96   06/18 TO 06/19
 STORM TOTAL       MM
 (MM/DD(HH))            MM

SNOWFALL (INCHES)
RECORDS
 TOTAL           42.1   2009
TOTALS            0.0               0.0     0.0
 LIQUID EQUIV    0.00              0.00    0.00
SINCE 7/1        94.9              42.5    52.4
 LIQUID 7/1      9.49
DAYS >= TRACE       0               0.0     0.0
DAYS >= 1.0         0               0.0     0.0
GREATEST
 SNOW DEPTH         0   MM
 24 HR TOTAL      0.0   06/30 TO 06/30
 STORM TOTAL       MM
 (MM/DD(HH))            MM

DEGREE_DAYS
HEATING TOTAL      12                35     -23
 SINCE 7/1       7023              6137     886
COOLING TOTAL     185               167      18
 SINCE 1/1        249               215      34

FREEZE DATES
RECORD
 EARLIEST     MM
 LATEST       MM
EARLIEST      01/01             MM
LATEST        01/31             MM
.................................................

WIND (MPH)
AVERAGE WIND SPEED              6.8
HIGHEST WIND SPEED/DIRECTION    32/290    DATE  06/18
HIGHEST GUST SPEED/DIRECTION    44/190    DATE  06/20

SKY COVER
POSSIBLE SUNSHINE (PERCENT)   MM
AVERAGE SKY COVER           0.70
NUMBER OF DAYS FAIR            2
NUMBER OF DAYS PC             13
NUMBER OF DAYS CLOUDY         15

AVERAGE RH (PERCENT)     67

WEATHER CONDITIONS. NUMBER OF DAYS WITH
THUNDERSTORM              2     MIXED PRECIP               0
HEAVY RAIN                5     RAIN                       6
LIGHT RAIN               15     FREEZING RAIN              0
LT FREEZING RAIN          0     HAIL                       0
HEAVY SNOW                0     SNOW                       0
LIGHT SNOW                0     SLEET                      0
FOG                      16     FOG W/VIS <= 1/4 MILE      0
HAZE                     11

-  INDICATES NEGATIVE NUMBERS.
R  INDICATES RECORD WAS SET OR TIED.
MM INDICATES DATA IS MISSING.
T  INDICATES TRACE AMOUNT.

$$

-------------------------------------------------------------------
CLIMATOLOGICAL STATISTICS FOR THE NWS WHITE LAKE - JUNE 2014

...TEMPERATURE DATA...               ...PRECIPITATION DATA...
AVERAGE MAXIMUM.... 76.4             MONTHLY TOTAL ......... 2.88
AVERAGE MINIMUM.... 55.2             GREATEST DAILY TOTAL... 0.73
MONTHLY AVERAGE.... 65.8             ON THE 18TH
                                     2014 TOTAL.............16.07

...HEATING DEGREE DAYS...            ...SNOWFALL DATA...
MONTHLY TOTAL......... 49            MONTHLY TOTAL......... 0.0
2013-14 SEASON TOTAL.. 8247          2013-14 SEASON TOTAL.. 87.7

...COOLING DEGREE DAYS...
MONTHLY TOTAL........ 81
2014 TOTAL........... 101

=====================================================================
