000
CXUS53 KDTX 201333 AAA
CLMDTW

CLIMATE REPORT
NATIONAL WEATHER SERVICE DETROIT/PONTIAC MI
917 AM EDT WED JUL 1 2015

...................................

...THE DETROIT MI CLIMATE SUMMARY FOR THE MONTH OF JUNE 2015...

CLIMATE NORMAL PERIOD 1981 TO 2010
CLIMATE RECORD PERIOD 1874 TO 2015

WEATHER         OBSERVED          NORMAL  DEPART
                 VALUE   DATE(S)  VALUE   FROM
                                          NORMAL
................................................
TEMPERATURE (F)
RECORD
 HIGH             104   06/25/1988
                        06/28/1934
 LOW               36   06/11/1972
                        06/01/1966
HIGHEST            90   06/10        MM      MM
LOWEST             46   06/02        MM      MM
AVG. MAXIMUM     77.7              79.3    -1.6
AVG. MINIMUM     59.8              59.5     0.3
MEAN             68.8              69.4    -0.6
DAYS MAX >= 90      1               2.4    -1.4
DAYS MAX <= 32      0               0.0     0.0
DAYS MIN <= 32      0               0.0     0.0
DAYS MIN <= 0       0               0.0     0.0

PRECIPITATION (INCHES)
RECORD
 MAXIMUM         8.31   1892
 MINIMUM         0.55   1895
TOTALS           5.32              3.52    1.80
DAILY AVG.       0.18              0.12    0.06
DAYS >= .01        16              10.2     5.8
DAYS >= .10         8               6.3     1.7
DAYS >= .50         4               2.3     1.7
DAYS >= 1.00        2               0.8     1.2
GREATEST
 24 HR. TOTAL    1.37   06/14 TO 06/14
 STORM TOTAL       MM
 (MM/DD(HH))            MM

SNOWFALL (INCHES)
RECORDS
 TOTAL           42.1   2009
TOTALS            0.0               0.0     0.0
 LIQUID EQUIV    0.00              0.00    0.00
SINCE 7/1        47.5              42.5     5.0
 LIQUID 7/1      4.75
DAYS >= TRACE       0               0.0     0.0
DAYS >= 1.0         0               0.0     0.0
GREATEST
 SNOW DEPTH         0   MM
 24 HR TOTAL      0.0   06/30 TO 06/30
 STORM TOTAL       MM
 (MM/DD(HH))            MM

DEGREE_DAYS
HEATING TOTAL      22                35     -13
 SINCE 7/1       6620              6137     483
COOLING TOTAL     140               167     -27
 SINCE 1/1        244               215      29

FREEZE DATES
RECORD
 EARLIEST     MM
 LATEST       MM
EARLIEST      01/01             MM
LATEST        01/31             MM
.................................................

WIND (MPH)
AVERAGE WIND SPEED              7.4
HIGHEST WIND SPEED/DIRECTION    33/220    DATE  06/07
HIGHEST GUST SPEED/DIRECTION    40/350    DATE  06/27

SKY COVER
POSSIBLE SUNSHINE (PERCENT)   MM
AVERAGE SKY COVER           0.80
NUMBER OF DAYS FAIR            0
NUMBER OF DAYS PC              9
NUMBER OF DAYS CLOUDY         21

AVERAGE RH (PERCENT)     70

WEATHER CONDITIONS. NUMBER OF DAYS WITH
THUNDERSTORM             12     MIXED PRECIP               0
HEAVY RAIN                7     RAIN                      10
LIGHT RAIN               20     FREEZING RAIN              0
LT FREEZING RAIN          0     HAIL                       0
HEAVY SNOW                0     SNOW                       0
LIGHT SNOW                0     SLEET                      0
FOG                      18     FOG W/VIS <= 1/4 MILE      0
HAZE                     12

-  INDICATES NEGATIVE NUMBERS.
R  INDICATES RECORD WAS SET OR TIED.
MM INDICATES DATA IS MISSING.
T  INDICATES TRACE AMOUNT.

$$
---------------------------------------------------------------
MONTHLY CLIMATE DATA FOR NWS WHITE LAKE - JUNE 2015

...TEMPERATURE DATA...              ...PRECIPITATION DATA...
AVERAGE MAXIMUM...73.7              MONTHLY TOTAL..........5.64
AVERAGE MINIMUM...53.9              GREATEST DAILY TOTAL...1.60
MONTHLY AVERAGE...63.8              ON THE 7TH
                                    2015 TOTAL............16.08

...HEATING DEGREE DAYS...           ...SNOWFALL DATA...
MONTHLY TOTAL............73         MONTHLY TOTAL............0.0
2014-2015 SEASON TOTAL...7953       2014-2015 SEASON TOTAL...47.9

...COOLING DEGREE DAYS...
MONTHLY TOTAL...43
2015 TOTAL......83

================================================================
       SOUTHEAST MICHIGAN CLIMATE SUMMARY FOR JUNE 2015


JUNE 2015 MONTHLY STATISTICS AND RANKINGS
-----------------------------------------------------------------

PRECIPITATION
                ACTUAL    NORMAL     DEPARTURE     RANKING
DETROIT AREA    5.32"      3.52"      +1.80"     15TH WETTEST
FLINT AREA      5.46"      3.07"      +2.39"      5TH WETTEST
SAGINAW         4.08"      2.98"      +1.10"     20TH WETTEST

WATER YEAR SINCE JANUARY 1

                ACTUAL    NORMAL*    DEPARTURE     RANKING
DETROIT AREA    17.06"    16.06"      +1.00"     47TH WETTEST
FLINT AREA      13.58"    14.06"      -0.48"     37TH DRIEST
SAGINAW         12.72"    14.63"      -1.97"     20TH DRIEST

      *NORMAL TO DATE (AS OF JUNE 30, 2015)

AVERAGE TEMPERATURE
                ACTUAL    NORMAL     DEPARTURE     RANKING
DETROIT AREA     67.3      67.2        +0.1      64TH WARMEST
FLINT AREA       67.9      66.5        +1.4      37TH WARMEST
SAGINAW          67.3      67.2        +0.1      49TH WARMEST

AVERAGE HIGH TEMPERATURE
                ACTUAL    NORMAL     DEPARTURE     RANKING
DETROIT AREA     77.2      77.9        -0.7      63RD COLDEST
FLINT AREA       78.6      77.9        +0.7      48TH COLDEST
SAGINAW          77.2      77.9        -0.7      50TH WARMEST

AVERAGE LOW TEMPERATURE
                ACTUAL    NORMAL     DEPARTURE     RANKING
DETROIT AREA     57.5      56.5        +1.0      50TH WARMEST
FLINT AREA       57.2      55.2        +2.0      29TH WARMEST
SAGINAW          57.5      56.5        +1.0      34TH WARMEST


DETROIT AREA HAS A CLIMATE RECORD DATING TO NOVEMBER 1874
FLINT AREA HAS A CLIMATE RECORD DATING TO JANUARY 1921
SAGINAW HAS A CLIMATE RECORD DATING TO 1912
