000
CXUS53 KDTX 221534 AAA
CLMDTW

CLIMATE REPORT
NATIONAL WEATHER SERVICE DETROIT/PONTIAC MI
926 AM EST TUE DEC 1 2015

...................................

...THE DETROIT MI CLIMATE SUMMARY FOR THE MONTH OF NOVEMBER 2015...

CLIMATE NORMAL PERIOD 1981 TO 2010
CLIMATE RECORD PERIOD 1874 TO 2015

WEATHER         OBSERVED          NORMAL  DEPART
                 VALUE   DATE(S)  VALUE   FROM
                                          NORMAL
................................................
TEMPERATURE (F)
RECORD
 HIGH              81   11/19/1950
 LOW                0   10/07/5881
HIGHEST            77   11/04        MM      MM
LOWEST             20   11/22        MM      MM
AVG. MAXIMUM     55.3              48.8     6.5
AVG. MINIMUM     36.7              34.3     2.4
MEAN             46.0              41.5     4.5
DAYS MAX >= 90      0               0.0     0.0
DAYS MAX <= 32      0               0.9    -0.9
DAYS MIN <= 32      9              12.5    -3.5
DAYS MIN <= 0       0               0.0     0.0

PRECIPITATION (INCHES)
RECORD
 MAXIMUM         6.00   2011
 MINIMUM         0.19   1904
TOTALS           2.06              2.79   -0.73
DAILY AVG.       0.07              0.09   -0.02
DAYS >= .01        10              11.6    -1.6
DAYS >= .10         6               6.4    -0.4
DAYS >= .50         0               1.9    -1.9
DAYS >= 1.00        0               0.4    -0.4
GREATEST
 24 HR. TOTAL    0.51   11/27 TO 11/28
 STORM TOTAL       MM
 (MM/DD(HH))            MM

SNOWFALL (INCHES)
RECORDS
 TOTAL           11.8   1966
                        0
                        0
TOTALS            6.2               1.5     4.7
 LIQUID EQUIV    0.62              0.20    0.42
SINCE 7/1         6.2               1.6     4.6
 LIQUID 7/1      0.62
DAYS >= TRACE       4               2.3     1.7
DAYS >= 1.0         1               0.5     0.5
GREATEST
 SNOW DEPTH         5   11/23
                        11/22
 24 HR TOTAL      6.0R  11/21 TO 11/21
 STORM TOTAL       MM
 (MM/DD(HH))            MM

DEGREE_DAYS
HEATING TOTAL     563               704    -141
 SINCE 7/1        920              1215    -295
COOLING TOTAL       0                 0       0
 SINCE 1/1        891               803      88

FREEZE DATES
RECORD
 EARLIEST     MM
 LATEST       MM
EARLIEST                        MM
LATEST                          MM
.................................................

WIND (MPH)
AVERAGE WIND SPEED              9.5
HIGHEST WIND SPEED/DIRECTION    40/210    DATE  11/12
HIGHEST GUST SPEED/DIRECTION    52/220    DATE  11/12

SKY COVER
POSSIBLE SUNSHINE (PERCENT)   MM
AVERAGE SKY COVER           0.60
NUMBER OF DAYS FAIR            7
NUMBER OF DAYS PC             10
NUMBER OF DAYS CLOUDY         13

AVERAGE RH (PERCENT)     67

WEATHER CONDITIONS. NUMBER OF DAYS WITH
THUNDERSTORM              0     MIXED PRECIP               0
HEAVY RAIN                2     RAIN                       5
LIGHT RAIN               12     FREEZING RAIN              0
LT FREEZING RAIN          0     HAIL                       0
HEAVY SNOW                1     SNOW                       1
LIGHT SNOW                4     SLEET                      0
FOG                      18     FOG W/VIS <= 1/4 MILE      2
HAZE                     12

-  INDICATES NEGATIVE NUMBERS.
R  INDICATES RECORD WAS SET OR TIED.
MM INDICATES DATA IS MISSING.
T  INDICATES TRACE AMOUNT.

$$

---------------------------------------------------------------
MONTHLY CLIMATE DATA FOR NWS WHITE LAKE - NOVEMBER 2015

...TEMPERATURE DATA...              ...PRECIPITATION DATA...
AVERAGE MAXIMUM...52.3              MONTHLY TOTAL..........2.95
AVERAGE MINIMUM...32.7              GREATEST DAILY TOTAL...0.88
MONTHLY AVERAGE...42.5              ON THE 21ST
                                    2015 TOTAL............30.09

...HEATING DEGREE DAYS...           ...SNOWFALL DATA...
MONTHLY TOTAL............668        MONTHLY TOTAL............16.3
2015-2016 SEASON TOTAL...1342       2015-2016 SEASON TOTAL...16.3

...COOLING DEGREE DAYS...
MONTHLY TOTAL...0
2015 TOTAL......349

================================================================
       SOUTHEAST MICHIGAN CLIMATE SUMMARY FOR NOVEMBER 2015


NOVEMBER 2015 MONTHLY STATISTICS AND RANKINGS
-----------------------------------------------------------------
SNOWFALL
                ACTUAL    NORMAL     DEPARTURE     RANKING
DETROIT AREA     6.2"      1.5"       +4.7"      22ND SNOWIEST
FLINT AREA      10.8"      2.5"       +8.3"       5TH SNOWIEST
SAGINAW          3.5"      3.6"       -0.1"      30TH SNOWIEST

PRECIPITATION
                ACTUAL    NORMAL     DEPARTURE     RANKING
DETROIT AREA    2.06"      2.79"      -0.73"     61ST DRIEST
FLINT AREA      2.22"      2.67"      -0.45"     47TH WETTEST
SAGINAW         1.45"      2.70"      -1.25"     24TH DRIEST

WATER YEAR SINCE JANUARY 1

                ACTUAL    NORMAL*    DEPARTURE     RANKING
DETROIT AREA    27.30"    31.01"      -3.71"     44TH DRIEST
FLINT AREA      27.38"    29.45       -2.07"     45TH DRIEST
SAGINAW         28.98"    29.68"      -0.70"     42ND WETTEST

      *NORMAL TO DATE (AS OF NOVEMBER 30, 2015)

AVERAGE TEMPERATURE
                ACTUAL    NORMAL     DEPARTURE     RANKING
DETROIT AREA     46.0      41.5        +4.5       6TH WARMEST
FLINT AREA       46.0      38.9        +7.1       4TH WARMEST
SAGINAW          45.6      38.5        +7.1       3RD WARMEST

AVERAGE HIGH TEMPERATURE
                ACTUAL    NORMAL     DEPARTURE     RANKING
DETROIT AREA     55.3      48.8        +6.5       3RD WARMEST
FLINT AREA       56.1      46.7        +9.4       1ST WARMEST
SAGINAW          54.5      45.9        +8.6       2ND WARMEST

AVERAGE LOW TEMPERATURE
                ACTUAL    NORMAL     DEPARTURE     RANKING
DETROIT AREA     36.7      34.3        +2.4      21ST WARMEST
FLINT AREA       36.0      31.0        +5.0       6TH WARMEST
SAGINAW          36.7      31.2        +5.5       4TH WARMEST


DETROIT AREA HAS A CLIMATE RECORD DATING TO NOVEMBER 1874
FLINT AREA HAS A CLIMATE RECORD DATING TO JANUARY 1921
SAGINAW HAS A CLIMATE RECORD DATING TO 1912
