000
CXUS53 KDTX 011513 AAA
CLMDTW

CLIMATE REPORT
NATIONAL WEATHER SERVICE DETROIT/PONTIAC MI
956 AM EDT MON JUL 1 2013
...................................

...THE DETROIT MI CLIMATE SUMMARY FOR THE MONTH OF JUNE 2013...

CLIMATE NORMAL PERIOD 1981 TO 2010
CLIMATE RECORD PERIOD 1874 TO 2013

WEATHER         OBSERVED          NORMAL  DEPART
                 VALUE   DATE(S)  VALUE   FROM
                                          NORMAL
................................................
TEMPERATURE (F)
RECORD
 HIGH             104   06/25/1988
                        06/28/1934
 LOW               36   06/11/1972
                        06/01/1966
HIGHEST            89   06/23        MM      MM
LOWEST             46   06/03        MM      MM
AVG. MAXIMUM     78.5              79.3    -0.8
AVG. MINIMUM     60.8              59.5     1.3
MEAN             69.7              69.4     0.3
DAYS MAX >= 90      0               2.4    -2.4
DAYS MAX <= 32      0               0.0     0.0
DAYS MIN <= 32      0               0.0     0.0
DAYS MIN <= 0       0               0.0     0.0

PRECIPITATION (INCHES)
RECORD
 MAXIMUM         8.31   1892
 MINIMUM         0.55   1895
TOTALS           6.01              3.52    2.49
DAILY AVG.       0.20              0.12    0.08
DAYS >= .01        13              10.2     2.8
DAYS >= .10         9               6.3     2.7
DAYS >= .50         5               2.3     2.7
DAYS >= 1.00        2               0.8     1.2
GREATEST
 24 HR. TOTAL    1.73   06/12 TO 06/13
 STORM TOTAL       MM
 (MM/DD(HH))            MM

SNOWFALL (INCHES)
RECORDS
 TOTAL           42.1   2009
TOTALS            0.0               0.0     0.0
 LIQUID EQUIV    0.00              0.00    0.00
SINCE 7/1        47.7              42.5     5.2
 LIQUID 7/1      4.77
DAYS >= TRACE       0               0.0     0.0
DAYS >= 1.0         0               0.0     0.0
GREATEST
 SNOW DEPTH         0   MM
 24 HR TOTAL      0.0   06/30 TO 06/30
 STORM TOTAL       MM
 (MM/DD(HH))            MM

DEGREE_DAYS
HEATING TOTAL      23                35     -12
 SINCE 7/1       5929              6137    -208
COOLING TOTAL     170               167       3
 SINCE 1/1        273               215      58

FREEZE DATES
RECORD
 EARLIEST     MM
 LATEST       MM
EARLIEST      10/11             MM
LATEST        05/13             MM
.................................................

WIND (MPH)
AVERAGE WIND SPEED              7.4
HIGHEST WIND SPEED/DIRECTION    33/230    DATE  06/22
HIGHEST GUST SPEED/DIRECTION    47/310    DATE  06/22

SKY COVER
POSSIBLE SUNSHINE (PERCENT)   MM
AVERAGE SKY COVER           0.70
NUMBER OF DAYS FAIR            2
NUMBER OF DAYS PC             12
NUMBER OF DAYS CLOUDY         16

AVERAGE RH (PERCENT)     67

WEATHER CONDITIONS. NUMBER OF DAYS WITH
THUNDERSTORM             13     MIXED PRECIP               0
HEAVY RAIN                6     RAIN                       9
LIGHT RAIN               15     FREEZING RAIN              0
LT FREEZING RAIN          0     HAIL                       0
HEAVY SNOW                0     SNOW                       0
LIGHT SNOW                0     SLEET                      0
FOG                      13     FOG W/VIS <= 1/4 MILE      0
HAZE                      6

-  INDICATES NEGATIVE NUMBERS.
R  INDICATES RECORD WAS SET OR TIED.
MM INDICATES DATA IS MISSING.
T  INDICATES TRACE AMOUNT.

$$
-------------------------------------------------------------------
CLIMATOLOGICAL STATISTICS FOR THE NWS WHITE LAKE - JUNE 2013

...TEMPERATURE DATA...               ...PRECIPITATION DATA...
AVERAGE MAXIMUM.... 74.3             MONTHLY TOTAL ..........6.56
AVERAGE MINIMUM.... 54.8             GREATEST DAILY TOTAL....1.50
MONTHLY AVERAGE.... 64.5             ON THE 27TH
                                     2013 TOTAL..............21.70

...HEATING DEGREE DAYS...            ...SNOWFALL DATA...
MONTHLY TOTAL..........88            MONTHLY TOTAL..........0
2012-13 SEASON TOTAL...7037          2012-13 SEASON TOTAL...47.9

...COOLING DEGREE DAYS...
MONTHLY TOTAL.........74
2013 TOTAL............119

=====================================================================

        SOUTHEAST MICHIGAN CLIMATE SUMMARY FOR JUNE 2013


JUNE 2013 MONTHLY STATISTICS AND RANKINGS
---------------------------------------------------------------------

PRECIPITATION
              ACTUAL   NORMAL  DEPARTURE     RANKING
DETROIT AREA   6.01"    3.52"   +2.49"       9TH WETTEST
FLINT AREA     4.51"    3.07"   +1.44"      16TH WETTEST
SAGINAW        2.54"    2.98"   -0.44"      35TH DRIEST

WATER YEAR SINCE JANUARY 1

              ACTUAL   NORMAL*  DEPARTURE     RANKING
DETROIT AREA  20.86"   16.06"    +4.80"      8TH WETTEST
FLINT AREA    21.27"   14.06"    +7.21"      3RD WETTEST
SAGINAW       20.89"   14.63"    +6.26"      2TH WETTEST

     *NORMAL TO-DATE (AS OF JUNE 30, 2013)


AVERAGE TEMPERATURE

              ACTUAL   NORMAL  DEPARTURE     RANKING
DETROIT AREA   69.7     69.4     +0.3       44TH WARMEST
FLINT AREA     68.7     66.5     +2.2       28TH WARMEST
SAGINAW        67.6     67.2     +0.4       23RD WARMEST


AVERAGE HIGH TEMPERATURE

              ACTUAL   NORMAL  DEPARTURE     RANKING
DETROIT AREA   78.5     79.3     -0.8       60TH WARMEST
FLINT AREA     78.7     77.9     +0.8       41ST WARMEST
SAGINAW        77.0     77.9     -0.9       43RD COLDEST


AVERAGE LOW TEMPERATURE

              ACTUAL   NORMAL  DEPARTURE     RANKING
DETROIT AREA   60.8     59.5     +1.3       26TH WARMEST
FLINT AREA     58.7     55.2     +3.5       10TH WARMEST
SAGINAW        58.1     56.5     +1.6       20TH WARMEST



DETROIT AREA HAS A CLIMATE RECORD DATING TO NOVEMBER 1874
FLINT AREA HAS A CLIMATE RECORD DATING TO JANUARY 1921
SAGINAW HAS A CLIMATE RECORD DATING TO JANUARY 1912
