000
CXUS53 KDTX 011601
CLMDTW

CLIMATE REPORT
NATIONAL WEATHER SERVICE DETROIT/PONTIAC MI
1157 AM EDT THU MAY 1 2014

...................................

...THE DETROIT MI CLIMATE SUMMARY FOR THE MONTH OF APRIL 2014...

CLIMATE NORMAL PERIOD 1981 TO 2010
CLIMATE RECORD PERIOD 1874 TO 2014

WEATHER         OBSERVED          NORMAL  DEPART
                 VALUE   DATE(S)  VALUE   FROM
                                          NORMAL
................................................
TEMPERATURE (F)
RECORD
 HIGH              89   04/12/1977
 LOW                8   04/18/1875
HIGHEST            80   04/21        MM      MM
LOWEST             22   04/16        MM      MM
AVG. MAXIMUM     60.1              59.1     1.0
AVG. MINIMUM     37.7              39.4    -1.7
MEAN             48.9              49.2    -0.3
DAYS MAX >= 90      0               0.0     0.0
DAYS MAX <= 32      0               0.1    -0.1
DAYS MIN <= 32      6               5.6     0.4
DAYS MIN <= 0       0               0.0     0.0

PRECIPITATION (INCHES)
RECORD
 MAXIMUM         6.89   1947
 MINIMUM         0.53   1899
TOTALS           2.57              2.90   -0.33
DAILY AVG.       0.09              0.10   -0.01
DAYS >= .01        14              12.2     1.8
DAYS >= .10         7               7.0     0.0
DAYS >= .50         1               1.8    -0.8
DAYS >= 1.00        1               0.3     0.7
GREATEST
 24 HR. TOTAL    1.08   04/29 TO 04/30
 STORM TOTAL       MM
 (MM/DD(HH))            MM

SNOWFALL (INCHES)
RECORDS
 TOTAL           25.7   1886
                        0
                        0
TOTALS            3.2               1.7     1.5
 LIQUID EQUIV    0.32              0.20    0.12
SINCE 7/1        94.9              42.5    52.4
 LIQUID 7/1      9.49
DAYS >= TRACE       3               1.6     1.4
DAYS >= 1.0         1               0.4     0.6
GREATEST
 SNOW DEPTH         3   04/15
 24 HR TOTAL      2.6R  MM
 STORM TOTAL       MM
 (MM/DD(HH))            MM

DEGREE_DAYS
HEATING TOTAL     473               479      -6
 SINCE 7/1       6842              5894     948
COOLING TOTAL       0                 6      -6
 SINCE 1/1          0                 6      -6

FREEZE DATES
RECORD
 EARLIEST     MM
 LATEST       MM
EARLIEST                        MM
LATEST                          MM
.................................................

WIND (MPH)
AVERAGE WIND SPEED              9.6
HIGHEST WIND SPEED/DIRECTION    44/200    DATE  04/29
HIGHEST GUST SPEED/DIRECTION    52/200    DATE  04/29

SKY COVER
POSSIBLE SUNSHINE (PERCENT)   MM
AVERAGE SKY COVER           0.70
NUMBER OF DAYS FAIR            2
NUMBER OF DAYS PC             10
NUMBER OF DAYS CLOUDY         18

AVERAGE RH (PERCENT)     57

WEATHER CONDITIONS. NUMBER OF DAYS WITH
THUNDERSTORM              1     MIXED PRECIP               0
HEAVY RAIN                2     RAIN                       4
LIGHT RAIN               13     FREEZING RAIN              0
LT FREEZING RAIN          0     HAIL                       0
HEAVY SNOW                0     SNOW                       1
LIGHT SNOW                3     SLEET                      0
FOG                      13     FOG W/VIS <= 1/4 MILE      1
HAZE                      7

-  INDICATES NEGATIVE NUMBERS.
R  INDICATES RECORD WAS SET OR TIED.
MM INDICATES DATA IS MISSING.
T  INDICATES TRACE AMOUNT.

$$

-------------------------------------------------------------------
CLIMATOLOGICAL STATISTICS FOR THE NWS WHITE LAKE - APRIL 2014

...TEMPERATURE DATA...               ...PRECIPITATION DATA...
AVERAGE MAXIMUM.... 56.3             MONTHLY TOTAL ......... 2.82
AVERAGE MINIMUM.... 32.5             GREATEST DAILY TOTAL... 0.90
MONTHLY AVERAGE.... 44.4             ON THE 29TH
                                     2014 TOTAL............. 8.70

...HEATING DEGREE DAYS...            ...SNOWFALL DATA...
MONTHLY TOTAL......... 612           MONTHLY TOTAL......... 5.0
2013-14 SEASON TOTAL.. 7912          2013-14 SEASON TOTAL.. 87.7

...COOLING DEGREE DAYS...
MONTHLY TOTAL........ 0
2014 TOTAL........... 0

=====================================================================
