000
CXUS53 KDTX 021606 AAA
CLMDTW

CLIMATE REPORT
NATIONAL WEATHER SERVICE DETROIT/PONTIAC MI
1100 AM EST WED MAR 2 2016

...................................

...THE DETROIT MI CLIMATE SUMMARY FOR THE MONTH OF FEBRUARY 2016...

CLIMATE NORMAL PERIOD 1981 TO 2010
CLIMATE RECORD PERIOD 1874 TO 2016

WEATHER         OBSERVED          NORMAL  DEPART
                 VALUE   DATE(S)  VALUE   FROM
                                          NORMAL
................................................
TEMPERATURE (F)
RECORD
 HIGH              70   02/11/1999
 LOW              -20   02/09/1875
HIGHEST            64   02/28        MM      MM
LOWEST                  02/14        MM      MM
AVG. MAXIMUM     39.0              35.2     3.8
AVG. MINIMUM     23.5              21.0     2.5
MEAN             31.2              28.1     3.1
DAYS MAX >= 90      0               0.0     0.0
DAYS MAX <= 32      8              10.6    -2.6
DAYS MIN <= 32     25              24.3     0.7
DAYS MIN <= 0       1               0.8     0.2

PRECIPITATION (INCHES)
RECORD
 MAXIMUM         6.41   1881
 MINIMUM         0.04   1877
TOTALS           2.02              2.02    0.00
DAILY AVG.       0.07                MM      MM
DAYS >= .01        14              10.6     3.4
DAYS >= .10         5               5.0     0.0
DAYS >= .50         1               1.1    -0.1
DAYS >= 1.00        0               0.2    -0.2
GREATEST
 24 HR. TOTAL    1.02   02/24 TO 02/25
 STORM TOTAL       MM
 (MM/DD(HH))            MM

SNOWFALL (INCHES)
RECORDS
 TOTAL           38.4   1908
                        0
                        0
TOTALS           10.7              10.2     0.5
 LIQUID EQUIV    1.07              1.00    0.07
SINCE 7/1        26.6              33.9    -7.3
 LIQUID 7/1      2.66
DAYS >= TRACE      14               8.3     5.7
DAYS >= 1.0         3               3.2    -0.2
GREATEST
 SNOW DEPTH         4   02/27
                        02/26
                        02/25
 24 HR TOTAL      2.8   MM
 STORM TOTAL       MM
 (MM/DD(HH))            MM

DEGREE_DAYS
HEATING TOTAL     974              1033     -59
 SINCE 7/1       3765              4586    -821
COOLING TOTAL       0                 0       0
 SINCE 1/1          0                 0       0

FREEZE DATES
RECORD
 EARLIEST     MM
 LATEST       MM
EARLIEST                        MM
LATEST                          MM
.................................................

WIND (MPH)
AVERAGE WIND SPEED              10.8
HIGHEST WIND SPEED/DIRECTION    45/230    DATE  02/19
HIGHEST GUST SPEED/DIRECTION    56/230    DATE  02/19

SKY COVER
POSSIBLE SUNSHINE (PERCENT)   MM
AVERAGE SKY COVER           0.80
NUMBER OF DAYS FAIR            1
NUMBER OF DAYS PC             14
NUMBER OF DAYS CLOUDY         14

AVERAGE RH (PERCENT)     69

WEATHER CONDITIONS. NUMBER OF DAYS WITH
THUNDERSTORM              1     MIXED PRECIP               0
HEAVY RAIN                1     RAIN                       3
LIGHT RAIN                6     FREEZING RAIN              0
LT FREEZING RAIN          2     HAIL                       0
HEAVY SNOW                0     SNOW                       3
LIGHT SNOW               14     SLEET                      1
FOG                      15     FOG W/VIS <= 1/4 MILE      0
HAZE                      6

-  INDICATES NEGATIVE NUMBERS.
R  INDICATES RECORD WAS SET OR TIED.
MM INDICATES DATA IS MISSING.
T  INDICATES TRACE AMOUNT.

$$
---------------------------------------------------------------
MONTHLY CLIMATE DATA FOR NWS WHITE LAKE - FEBRUARY 2016

...TEMPERATURE DATA...              ...PRECIPITATION DATA...
AVERAGE MAXIMUM...34.5              MONTHLY TOTAL..........2.56
AVERAGE MINIMUM...16.6              GREATEST DAILY TOTAL...0.80
MONTHLY AVERAGE...25.6              ON THE 24TH
                                    2016 TOTAL.............3.98

...HEATING DEGREE DAYS...           ...SNOWFALL DATA...
MONTHLY TOTAL............1139       MONTHLY TOTAL............23.4
2015-2016 SEASON TOTAL...4577       2015-2016 SEASON TOTAL...53.9

...COOLING DEGREE DAYS...
MONTHLY TOTAL...0
2016 TOTAL......0

================================================================
