000
CXUS53 KDTX 111736
CLMDTW

CLIMATE REPORT
NATIONAL WEATHER SERVICE DETROIT/PONTIAC MI
132 PM EDT TUE AUG 11 2015

...................................

...THE DETROIT MI CLIMATE SUMMARY FOR THE MONTH OF JULY 2015...

CLIMATE NORMAL PERIOD 1981 TO 2010
CLIMATE RECORD PERIOD 1874 TO 2015

WEATHER         OBSERVED          NORMAL  DEPART
                 VALUE   DATE(S)  VALUE   FROM
                                          NORMAL
................................................
TEMPERATURE (F)
RECORD
 HIGH             105   07/24/1934
 LOW               42   07/06/1972
HIGHEST            91   07/29        MM      MM
                        07/19
                        07/18
LOWEST             53   07/03        MM      MM
AVG. MAXIMUM     82.9              83.4    -0.5
AVG. MINIMUM     62.9              63.9    -1.0
MEAN             72.9              73.6    -0.7
DAYS MAX >= 90      4               4.5    -0.5
DAYS MAX <= 32      0               0.0     0.0
DAYS MIN <= 32      0               0.0     0.0
DAYS MIN <= 0       0               0.0     0.0

PRECIPITATION (INCHES)
RECORD
 MAXIMUM         8.76   1878
 MINIMUM         0.50   1930
TOTALS           1.76              3.37   -1.61
DAILY AVG.       0.06              0.11   -0.05
DAYS >= .01         8              10.4    -2.4
DAYS >= .10         6               6.6    -0.6
DAYS >= .50         1               2.0    -1.0
DAYS >= 1.00        0               0.8    -0.8
GREATEST
 24 HR. TOTAL    0.53   07/09 TO 07/09
 STORM TOTAL       MM
 (MM/DD(HH))            MM

SNOWFALL (INCHES)
RECORDS
 TOTAL            0.0   0
                        0
                        0
TOTALS            0.0               0.0     0.0
 LIQUID EQUIV    0.00              0.00    0.00
SINCE 7/1         0.0               0.0     0.0
 LIQUID 7/1      0.00
DAYS >= TRACE       0               0.0     0.0
DAYS >= 1.0         0               0.0     0.0
GREATEST
 SNOW DEPTH         0   MM
 24 HR TOTAL      0.0   07/31 TO 07/31
 STORM TOTAL       MM
 (MM/DD(HH))            MM

DEGREE_DAYS
HEATING TOTAL       3                 2       1
 SINCE 7/1          3                 2       1
COOLING TOTAL     254               271     -17
 SINCE 1/1        498               486      12

FREEZE DATES
RECORD
 EARLIEST     MM
 LATEST       MM
EARLIEST                        MM
LATEST                          MM
.................................................

WIND (MPH)
AVERAGE WIND SPEED              6.5
HIGHEST WIND SPEED/DIRECTION    40/240    DATE  07/29
HIGHEST GUST SPEED/DIRECTION    47/240    DATE  07/29

SKY COVER
POSSIBLE SUNSHINE (PERCENT)   MM
AVERAGE SKY COVER           0.60
NUMBER OF DAYS FAIR            5
NUMBER OF DAYS PC             17
NUMBER OF DAYS CLOUDY          9

AVERAGE RH (PERCENT)     67

WEATHER CONDITIONS. NUMBER OF DAYS WITH
THUNDERSTORM              4     MIXED PRECIP               0
HEAVY RAIN                5     RAIN                       5
LIGHT RAIN                9     FREEZING RAIN              0
LT FREEZING RAIN          0     HAIL                       0
HEAVY SNOW                0     SNOW                       0
LIGHT SNOW                0     SLEET                      0
FOG                      16     FOG W/VIS <= 1/4 MILE      0
HAZE                     18

-  INDICATES NEGATIVE NUMBERS.
R  INDICATES RECORD WAS SET OR TIED.
MM INDICATES DATA IS MISSING.
T  INDICATES TRACE AMOUNT.

$$
---------------------------------------------------------------
MONTHLY CLIMATE DATA FOR NWS WHITE LAKE - JULY 2015

...TEMPERATURE DATA...              ...PRECIPITATION DATA...
AVERAGE MAXIMUM...78.3              MONTHLY TOTAL..........2.97
AVERAGE MINIMUM...54.7              GREATEST DAILY TOTAL...0.96
MONTHLY AVERAGE...66.5              ON THE 29TH
                                    2015 TOTAL............19.05

...HEATING DEGREE DAYS...           ...SNOWFALL DATA...
MONTHLY TOTAL............45         MONTHLY TOTAL............0.0
2015-2016 SEASON TOTAL...45         2015-2016 SEASON TOTAL...0.0

...COOLING DEGREE DAYS...
MONTHLY TOTAL...99
2015 TOTAL......182

================================================================
