000
CXUS53 KDTX 151556 AAA
CLMDTW

CLIMATE REPORT
NATIONAL WEATHER SERVICE DETROIT/PONTIAC MI
608 AM EST SAT DEC 3 2016

...................................

...THE DETROIT MI CLIMATE SUMMARY FOR THE MONTH OF NOVEMBER 2016...

CLIMATE NORMAL PERIOD 1981 TO 2010
CLIMATE RECORD PERIOD 1874 TO 2016

WEATHER         OBSERVED          NORMAL  DEPART
                 VALUE   DATE(S)  VALUE   FROM
                                          NORMAL
................................................
TEMPERATURE (F)
RECORD
 HIGH              81   11/19/1950
 LOW                0   11/22/1880
HIGHEST            78   11/01        MM      MM
LOWEST             21   11/22        MM      MM
AVG. MAXIMUM     55.8              48.8     7.0
AVG. MINIMUM     37.6              34.3     3.3
MEAN             46.7              41.5     5.2
DAYS MAX >= 90      0               0.0     0.0
DAYS MAX <= 32      0               0.9    -0.9
DAYS MIN <= 32      8              12.5    -4.5
DAYS MIN <= 0       0               0.0     0.0

PRECIPITATION (INCHES)
RECORD
 MAXIMUM         6.00   2011
 MINIMUM         0.19   1904
TOTALS           2.10              2.79   -0.69
DAILY AVG.       0.07              0.09   -0.02
DAYS >= .01         9              11.6    -2.6
DAYS >= .10         4               6.4    -2.4
DAYS >= .50         2               1.9     0.1
DAYS >= 1.00        0               0.4    -0.4
GREATEST
 24 HR. TOTAL    0.97   11/02 TO 11/03
 STORM TOTAL       MM
 (MM/DD(HH))            MM

SNOWFALL (INCHES)
RECORDS
 TOTAL           11.8   1966
                        0
                        0
TOTALS            0.1               1.5    -1.4
 LIQUID EQUIV    0.01              0.20   -0.19
SINCE 7/1         0.1               1.6    -1.5
 LIQUID 7/1      0.01
DAYS >= TRACE       3               2.3     0.7
DAYS >= 1.0         0               0.5    -0.5
GREATEST
 SNOW DEPTH         T   11/20
 24 HR TOTAL      0.1   MM
 STORM TOTAL       MM
 (MM/DD(HH))            MM

DEGREE_DAYS
HEATING TOTAL     541               704    -163
 SINCE 7/1        868              1215    -347
COOLING TOTAL       0                 0       0
 SINCE 1/1       1177               803     374

FREEZE DATES
RECORD
 EARLIEST     MM
 LATEST       MM
EARLIEST                        MM
LATEST                          MM
.................................................

WIND (MPH)
AVERAGE WIND SPEED              9.0
HIGHEST WIND SPEED/DIRECTION    31/240    DATE  11/18
HIGHEST GUST SPEED/DIRECTION    40/230    DATE  11/18

SKY COVER
POSSIBLE SUNSHINE (PERCENT)   MM
AVERAGE SKY COVER           0.60
NUMBER OF DAYS FAIR            8
NUMBER OF DAYS PC              9
NUMBER OF DAYS CLOUDY         13

AVERAGE RH (PERCENT)     73

WEATHER CONDITIONS. NUMBER OF DAYS WITH
THUNDERSTORM              2     MIXED PRECIP               0
HEAVY RAIN                2     RAIN                       5
LIGHT RAIN               12     FREEZING RAIN              0
LT FREEZING RAIN          0     HAIL                       0
HEAVY SNOW                0     SNOW                       0
LIGHT SNOW                3     SLEET                      2
FOG                      20     FOG W/VIS <= 1/4 MILE      5
HAZE                     17

-  INDICATES NEGATIVE NUMBERS.
R  INDICATES RECORD WAS SET OR TIED.
MM INDICATES DATA IS MISSING.
T  INDICATES TRACE AMOUNT.

$$
---------------------------------------------------------------
MONTHLY CLIMATE DATA FOR NWS WHITE LAKE - NOVEMBER 2016

...TEMPERATURE DATA...              ...PRECIPITATION DATA...
AVERAGE MAXIMUM...53.0              MONTHLY TOTAL..........2.34
AVERAGE MINIMUM...33.7              GREATEST DAILY TOTAL...0.73
MONTHLY AVERAGE...43.4              ON THE 2ND
                                    2016 TOTAL............34.26

...HEATING DEGREE DAYS...           ...SNOWFALL DATA...
MONTHLY TOTAL............1185       MONTHLY TOTAL............0.3
2016-2017 SEASON TOTAL...642        2016-2017 SEASON TOTAL...0.3

...COOLING DEGREE DAYS...
MONTHLY TOTAL...0
2016 TOTAL......544

================================================================
       SOUTHEAST MICHIGAN CLIMATE SUMMARY FOR NOVEMBER 2016


NOVEMBER 2016 MONTHLY STATISTICS AND RANKINGS
-----------------------------------------------------------------
SNOWFALL
                ACTUAL    NORMAL     DEPARTURE     RANKING
DETROIT AREA     0.1"       1.5"       -1.4"     21ST LEAST SNOWY
FLINT AREA         T"       2.5"       -2.5"      1ST LEAST SNOWY
SAGINAW          0.2"       3.6"       -3.4"     18TH LEAST SNOWY

SNOW YEAR SINCE JULY 1*

                ACTUAL    NORMAL     DEPARTURE     RANKING
DETROIT AREA      0.1"      1.6"       -1.5"     21ST LEAST SNOWY
FLINT AREA          T"      2.9"       -2.9"      1ST LEAST SNOWY
SAGINAW           1.6"      3.9"       -2.3"     45TH LEAST SNOWY

      *NORMAL TO DATE (AS OF NOVEMBER 30, 2016)

PRECIPITATION
                ACTUAL    NORMAL     DEPARTURE     RANKING
DETROIT AREA    2.10"      2.79"      -0.69"     63RD DRIEST
FLINT AREA      2.01"      2.67"      -0.66"     42ND DRIEST
SAGINAW         1.88"      2.70"      -0.82"     38TH DRIEST

WATER YEAR SINCE JANUARY 1*

                ACTUAL    NORMAL     DEPARTURE     RANKING
DETROIT AREA    32.58"    31.01"      +1.57"     42ND WETTEST
FLINT AREA      29.15"    29.45"      -0.30"     41ST WETTEST
SAGINAW         30.37"    29.68"      +0.69"     37TH WETTEST

      *NORMAL TO DATE (AS OF NOVEMBER 30, 2016)

AVERAGE TEMPERATURE
                ACTUAL    NORMAL     DEPARTURE     RANKING
DETROIT AREA     46.7      41.5       +5.2        5TH WARMEST
FLINT AREA       44.6      38.9       +5.7        5TH WARMEST
SAGINAW          45.4      38.5       +6.9        4TH WARMEST

AVERAGE HIGH TEMPERATURE
                ACTUAL    NORMAL     DEPARTURE     RANKING
DETROIT AREA     55.8      48.8       +7.0        1ST WARMEST
FLINT AREA       54.1      46.7       +7.4        5TH WARMEST
SAGINAW          53.9      45.9       +8.0        3RD WARMEST

AVERAGE LOW TEMPERATURE
                ACTUAL    NORMAL     DEPARTURE     RANKING
DETROIT AREA     37.6      34.3       +3.3       11TH WARMEST
FLINT AREA       35.2      31.0       +4.2        7TH WARMEST
SAGINAW          36.8      31.2       +5.6        4TH WARMEST


DETROIT AREA HAS A CLIMATE RECORD DATING TO NOVEMBER 1874
FLINT AREA HAS A CLIMATE RECORD DATING TO JANUARY 1921
SAGINAW HAS A CLIMATE RECORD DATING TO 1912
