000
CXUS53 KDTX 281233 AAB
CLMDTW

CLIMATE REPORT
NATIONAL WEATHER SERVICE DETROIT/PONTIAC MI
1142 AM EDT THU AUG 25 2016

...................................

...THE DETROIT MI CLIMATE SUMMARY FOR THE MONTH OF JULY 2016...

CLIMATE NORMAL PERIOD 1981 TO 2010
CLIMATE RECORD PERIOD 1874 TO 2016

WEATHER         OBSERVED          NORMAL  DEPART
                 VALUE   DATE(S)  VALUE   FROM
                                          NORMAL
................................................
TEMPERATURE (F)
RECORD
 HIGH             105   07/24/1934
 LOW               42   07/06/1972
HIGHEST            98   07/23        MM      MM
LOWEST             54   07/02        MM      MM
AVG. MAXIMUM     86.8              83.4     3.4
AVG. MINIMUM     66.7              63.9     2.8
MEAN             76.8              73.6     3.2
DAYS MAX >= 90      9               4.5     4.5
DAYS MAX <= 32      0               0.0     0.0
DAYS MIN <= 32      0               0.0     0.0
DAYS MIN <= 0       0               0.0     0.0

PRECIPITATION (INCHES)
RECORD
 MAXIMUM         8.76   1878
 MINIMUM         0.50   1930
TOTALS           1.57              3.37   -1.80
DAILY AVG.       0.05              0.11   -0.06
DAYS >= .01        11              10.4     0.6
DAYS >= .10         4               6.6    -2.6
DAYS >= .50         1               2.0    -1.0
DAYS >= 1.00        0               0.8    -0.8
GREATEST
 24 HR. TOTAL    0.84   07/07 TO 07/08
 STORM TOTAL       MM
 (MM/DD(HH))            MM

SNOWFALL (INCHES)
RECORDS
 TOTAL            0.0   0
                        0
                        0
TOTALS            0.0               0.0     0.0
 LIQUID EQUIV    0.00              0.00    0.00
SINCE 7/1         0.0               0.0     0.0
 LIQUID 7/1      0.00
DAYS >= TRACE       0               0.0     0.0
DAYS >= 1.0         0               0.0     0.0
GREATEST
 SNOW DEPTH         0   MM
 24 HR TOTAL      0.0   07/31 TO 07/31
 STORM TOTAL       MM
 (MM/DD(HH))            MM

DEGREE_DAYS
HEATING TOTAL       0                 2      -2
 SINCE 7/1          0                 2      -2
COOLING TOTAL     370               271      99
 SINCE 1/1        651               486     165

FREEZE DATES
RECORD
 EARLIEST     MM
 LATEST       MM
EARLIEST                        MM
LATEST                          MM
.................................................

WIND (MPH)
AVERAGE WIND SPEED              7.4
HIGHEST WIND SPEED/DIRECTION    40/210    DATE  07/13
HIGHEST GUST SPEED/DIRECTION    56/300    DATE  07/08

SKY COVER
POSSIBLE SUNSHINE (PERCENT)   MM
AVERAGE SKY COVER           0.70
NUMBER OF DAYS FAIR            1
NUMBER OF DAYS PC             21
NUMBER OF DAYS CLOUDY          9

AVERAGE RH (PERCENT)     63

WEATHER CONDITIONS. NUMBER OF DAYS WITH
THUNDERSTORM              7     MIXED PRECIP               0
HEAVY RAIN                5     RAIN                       6
LIGHT RAIN               12     FREEZING RAIN              0
LT FREEZING RAIN          0     HAIL                       1
HEAVY SNOW                0     SNOW                       0
LIGHT SNOW                0     SLEET                      0
FOG                      12     FOG W/VIS <= 1/4 MILE      0
HAZE                     16

-  INDICATES NEGATIVE NUMBERS.
R  INDICATES RECORD WAS SET OR TIED.
MM INDICATES DATA IS MISSING.
T  INDICATES TRACE AMOUNT.

$$
---------------------------------------------------------------
MONTHLY CLIMATE DATA FOR NWS WHITE LAKE - JULY 2016

...TEMPERATURE DATA...              ...PRECIPITATION DATA...
AVERAGE MAXIMUM...82.0              MONTHLY TOTAL..........3.51
AVERAGE MINIMUM...58.7              GREATEST DAILY TOTAL...0.81
MONTHLY AVERAGE...70.3              ON THE 30TH
                                    2016 TOTAL............18.57

...HEATING DEGREE DAYS...           ...SNOWFALL DATA...
MONTHLY TOTAL............14         MONTHLY TOTAL............0
2016-2017 SEASON TOTAL...14         2016-2017 SEASON TOTAL...0

...COOLING DEGREE DAYS...
MONTHLY TOTAL...186
2016 TOTAL......282


================================================================
       SOUTHEAST MICHIGAN CLIMATE SUMMARY FOR JULY 2016


JULY 2016 MONTHLY STATISTICS AND RANKINGS
-----------------------------------------------------------------
PRECIPITATION
                ACTUAL    NORMAL     DEPARTURE     RANKING
DETROIT AREA    1.57"      3.37"      -1.80"     24TH DRIEST
FLINT AREA      1.75"      3.32"      -1.57"     25TH DRIEST
SAGINAW         3.43"      2.58"      +0.85"     24TH WETTEST

WATER YEAR SINCE JANUARY 1*

                ACTUAL    NORMAL     DEPARTURE     RANKING
DETROIT AREA    15.60"    19.43"      -3.83"     20TH DRIEST
FLINT AREA      14.65"    17.38"      -2.73"     25TH DRIEST
SAGINAW         17.04"    17.21"      -0.17"     50TH WETTEST

      *NORMAL TO DATE (AS OF JULY 31, 2016)

AVERAGE TEMPERATURE
                ACTUAL    NORMAL     DEPARTURE     RANKING
DETROIT AREA     76.8      73.6       +3.2        8TH WARMEST
FLINT AREA       76.0      70.5       +5.5        8TH WARMEST
SAGINAW          73.4      71.0       +2.4       19TH WARMEST

AVERAGE HIGH TEMPERATURE
                ACTUAL    NORMAL     DEPARTURE     RANKING
DETROIT AREA     86.8      83.4       +3.4       13TH WARMEST
FLINT AREA       88.2      81.9       +6.3       12TH WARMEST
SAGINAW          83.6      81.8       +1.8       29TH WARMEST

AVERAGE LOW TEMPERATURE
                ACTUAL    NORMAL     DEPARTURE     RANKING
DETROIT AREA     66.7      63.9       +2.8       11TH WARMEST
FLINT AREA       63.9      59.2       +4.7        6TH WARMEST
SAGINAW          63.1      60.2       +2.4       12TH WARMEST


DETROIT AREA HAS A CLIMATE RECORD DATING TO NOVEMBER 1874
FLINT AREA HAS A CLIMATE RECORD DATING TO JANUARY 1921
SAGINAW HAS A CLIMATE RECORD DATING TO 1912
