000
CXUS53 KDTX 151518
CLMDTW

CLIMATE REPORT
NATIONAL WEATHER SERVICE DETROIT/PONTIAC MI
1110 AM EDT WED OCT 15 2014

...................................

...THE DETROIT MI CLIMATE SUMMARY FOR THE MONTH OF SEPTEMBER 2014...

CLIMATE NORMAL PERIOD 1981 TO 2010
CLIMATE RECORD PERIOD 1874 TO 2014

WEATHER         OBSERVED          NORMAL  DEPART
                 VALUE   DATE(S)  VALUE   FROM
                                          NORMAL
................................................
TEMPERATURE (F)
RECORD
 HIGH             100   09/03/1953
                        09/02/1953
                        09/15/1939
 LOW               29   09/23/1974
HIGHEST            93   09/05        MM      MM
LOWEST             43   09/19        MM      MM
                        09/14
AVG. MAXIMUM     73.3              74.0    -0.7
AVG. MINIMUM     53.7              54.7    -1.0
MEAN             63.5              64.4    -0.9
DAYS MAX >= 90      1               0.5     0.5
DAYS MAX <= 32      0               0.0     0.0
DAYS MIN <= 32      0               0.0     0.0
DAYS MIN <= 0       0               0.0     0.0

PRECIPITATION (INCHES)
RECORD
 MAXIMUM         7.52   1986
 MINIMUM         0.39   1877
TOTALS           4.71              3.27    1.44
DAILY AVG.       0.16              0.11    0.05
DAYS >= .01        13               9.5     3.5
DAYS >= .10         9               5.9     3.1
DAYS >= .50         4               2.2     1.8
DAYS >= 1.00        1               0.7     0.3
GREATEST
 24 HR. TOTAL    1.40   09/10 TO 09/11
 STORM TOTAL       MM
 (MM/DD(HH))            MM

SNOWFALL (INCHES)
RECORDS
 TOTAL            0.0   0
                        0
                        0
TOTALS            0.0               0.0     0.0
 LIQUID EQUIV    0.00              0.00    0.00
SINCE 7/1         0.0               0.0     0.0
 LIQUID 7/1      0.00
DAYS >= TRACE       0               0.0     0.0
DAYS >= 1.0         0               0.0     0.0
GREATEST
 SNOW DEPTH         0   MM
 24 HR TOTAL      0.0   09/30 TO 09/30
 STORM TOTAL       MM
 (MM/DD(HH))            MM

DEGREE_DAYS
HEATING TOTAL     108               104       4
 SINCE 7/1        121               114       7
COOLING TOTAL      72                84     -12
 SINCE 1/1        704               795     -91

FREEZE DATES
RECORD
 EARLIEST     MM
 LATEST       MM
EARLIEST                        MM
LATEST                          MM
.................................................

WIND (MPH)
AVERAGE WIND SPEED              6.0
HIGHEST WIND SPEED/DIRECTION    46/250    DATE  09/05
HIGHEST GUST SPEED/DIRECTION    60/250    DATE  09/05

SKY COVER
POSSIBLE SUNSHINE (PERCENT)   MM
AVERAGE SKY COVER           0.60
NUMBER OF DAYS FAIR            7
NUMBER OF DAYS PC             15
NUMBER OF DAYS CLOUDY          8

AVERAGE RH (PERCENT)     72

WEATHER CONDITIONS. NUMBER OF DAYS WITH
THUNDERSTORM              3     MIXED PRECIP               0
HEAVY RAIN                5     RAIN                       6
LIGHT RAIN               13     FREEZING RAIN              0
LT FREEZING RAIN          0     HAIL                       0
HEAVY SNOW                0     SNOW                       0
LIGHT SNOW                0     SLEET                      0
FOG                      24     FOG W/VIS <= 1/4 MILE      2
HAZE                     11

-  INDICATES NEGATIVE NUMBERS.
R  INDICATES RECORD WAS SET OR TIED.
MM INDICATES DATA IS MISSING.
T  INDICATES TRACE AMOUNT.

$$

-------------------------------------------------------------------
CLIMATOLOGICAL STATISTICS FOR THE NWS WHITE LAKE - AUGUST 2014

...TEMPERATURE DATA...               ...PRECIPITATION DATA...
AVERAGE MAXIMUM.... 70.2             MONTHLY TOTAL ......... 5.79
AVERAGE MINIMUM.... 47.2             GREATEST DAILY TOTAL... 1.46
MONTHLY AVERAGE.... 58.7             ON THE 1ST
                                     2014 TOTAL.............30.47

...HEATING DEGREE DAYS...            ...SNOWFALL DATA...
MONTHLY TOTAL......... 213           MONTHLY TOTAL......... 0.0
2014-15 SEASON TOTAL.. 321           2014-15 SEASON TOTAL.. 0.0

...COOLING DEGREE DAYS...
MONTHLY TOTAL........ 33
2014 TOTAL........... 283

=====================================================================
