000
CXUS53 KDTX 051320 AAA
CLMDTW

CLIMATE REPORT
NATIONAL WEATHER SERVICE DETROIT/PONTIAC MI
1037 AM EDT FRI JUL 1 2016

...................................

...THE DETROIT MI CLIMATE SUMMARY FOR THE MONTH OF JUNE 2016...

CLIMATE NORMAL PERIOD 1981 TO 2010
CLIMATE RECORD PERIOD 1874 TO 2016

WEATHER         OBSERVED          NORMAL  DEPART
                 VALUE   DATE(S)  VALUE   FROM
                                          NORMAL
................................................
TEMPERATURE (F)
RECORD
 HIGH             104   06/25/1988
                        06/28/1934
 LOW               36   06/11/1972
                        06/01/1966
HIGHEST            94   06/27        MM      MM
LOWEST             48   06/08        MM      MM
AVG. MAXIMUM     82.5              79.3     3.2
AVG. MINIMUM     59.8              59.5     0.3
MEAN             71.1              69.4     1.7
DAYS MAX >= 90      5               2.4     2.6
DAYS MAX <= 32      0               0.0     0.0
DAYS MIN <= 32      0               0.0     0.0
DAYS MIN <= 0       0               0.0     0.0

PRECIPITATION (INCHES)
RECORD
 MAXIMUM         8.31   1892
 MINIMUM         0.55   1895
TOTALS           1.30              3.52   -2.22
DAILY AVG.       0.04              0.12   -0.08
DAYS >= .01         4              10.2    -6.2
DAYS >= .10         2               6.3    -4.3
DAYS >= .50         1               2.3    -1.3
DAYS >= 1.00        0               0.8    -0.8
GREATEST
 24 HR. TOTAL    1.02   06/04 TO 06/05
 STORM TOTAL       MM
 (MM/DD(HH))            MM

SNOWFALL (INCHES)
RECORDS
 TOTAL           42.1   2009
TOTALS            0.0               0.0     0.0
 LIQUID EQUIV    0.00              0.00    0.00
SINCE 7/1        35.3              42.5    -7.2
 LIQUID 7/1      3.53
DAYS >= TRACE       0               0.0     0.0
DAYS >= 1.0         0               0.0     0.0
GREATEST
 SNOW DEPTH         0   MM
 24 HR TOTAL      0.0   06/30 TO 06/30
 STORM TOTAL       MM
 (MM/DD(HH))            MM

DEGREE_DAYS
HEATING TOTAL      14                35     -21
 SINCE 7/1       5195              6137    -942
COOLING TOTAL     203               167      36
 SINCE 1/1        281               215      66

FREEZE DATES
RECORD
 EARLIEST     MM
 LATEST       MM
EARLIEST      01/01             MM
LATEST        01/31             MM
.................................................

WIND (MPH)
AVERAGE WIND SPEED              7.5
HIGHEST WIND SPEED/DIRECTION    28/270    DATE  06/05
HIGHEST GUST SPEED/DIRECTION    39/300    DATE  06/05

SKY COVER
POSSIBLE SUNSHINE (PERCENT)   MM
AVERAGE SKY COVER           0.60
NUMBER OF DAYS FAIR            6
NUMBER OF DAYS PC             15
NUMBER OF DAYS CLOUDY          9

AVERAGE RH (PERCENT)     58

WEATHER CONDITIONS. NUMBER OF DAYS WITH
THUNDERSTORM              2     MIXED PRECIP               0
HEAVY RAIN                2     RAIN                       2
LIGHT RAIN                9     FREEZING RAIN              0
LT FREEZING RAIN          0     HAIL                       0
HEAVY SNOW                0     SNOW                       0
LIGHT SNOW                0     SLEET                      0
FOG                       9     FOG W/VIS <= 1/4 MILE      0
HAZE                     11

-  INDICATES NEGATIVE NUMBERS.
R  INDICATES RECORD WAS SET OR TIED.
MM INDICATES DATA IS MISSING.
T  INDICATES TRACE AMOUNT.

$$

---------------------------------------------------------------
MONTHLY CLIMATE DATA FOR NWS WHITE LAKE - JUNE 2016

...TEMPERATURE DATA...              ...PRECIPITATION DATA...
AVERAGE MAXIMUM...76.8              MONTHLY TOTAL..........2.07
AVERAGE MINIMUM...51.5              GREATEST DAILY TOTAL...1.53
MONTHLY AVERAGE...64.2              ON THE 4TH
                                    2016 TOTAL............15.06

...HEATING DEGREE DAYS...           ...SNOWFALL DATA...
MONTHLY TOTAL............77         MONTHLY TOTAL............0
2015-2016 SEASON TOTAL...6538       2015-2016 SEASON TOTAL...67.3

...COOLING DEGREE DAYS...
MONTHLY TOTAL...59
2016 TOTAL......96

================================================================
       SOUTHEAST MICHIGAN CLIMATE SUMMARY FOR JUNE 2016


JUNE 2016 MONTHLY STATISTICS AND RANKINGS
-----------------------------------------------------------------
PRECIPITATION
                ACTUAL    NORMAL     DEPARTURE     RANKING
DETROIT AREA    1.30"      3.52"      -2.22"     10TH DRIEST
FLINT AREA      0.67"      3.07"      -2.40"      2ND DRIEST
SAGINAW         1.77"      2.98"      -1.21"     20TH DRIEST

WATER YEAR SINCE JANUARY 1*

                ACTUAL    NORMAL     DEPARTURE     RANKING
DETROIT AREA    14.03"    16.06"      +2.03"     35TH DRIEST
FLINT AREA      12.90"    14.06"      -1.16"     28TH DRIEST
SAGINAW         13.61"    14.63"      -1.02"     55TH DREIST

      *NORMAL TO DATE (AS OF JUNE 30, 2016)

AVERAGE TEMPERATURE
                ACTUAL    NORMAL     DEPARTURE     RANKING
DETROIT AREA     71.1      69.4       +1.7       21ST WARMEST
FLINT AREA       69.7      66.5       +3.2       13TH WARMEST
SAGINAW          68.4      67.2       +1.2       35TH WARMEST

AVERAGE HIGH TEMPERATURE
                ACTUAL    NORMAL     DEPARTURE     RANKING
DETROIT AREA     82.5      79.3       +3.2       13TH WARMEST
FLINT AREA       83.4      77.9       +5.5        7TH WARMEST
SAGINAW          79.9      77.9       +2.0       36TH WARMEST

AVERAGE LOW TEMPERATURE
                ACTUAL    NORMAL     DEPARTURE     RANKING
DETROIT AREA     59.8      59.5       +0.3       50TH WARMEST
FLINT AREA       56.1      55.2       +0.9       43RD WARMEST
SAGINAW          56.9      56.5       +0.4       49ND WARMEST


DETROIT AREA HAS A CLIMATE RECORD DATING TO NOVEMBER 1874
FLINT AREA HAS A CLIMATE RECORD DATING TO JANUARY 1921
SAGINAW HAS A CLIMATE RECORD DATING TO 1912
