000
CXUS53 KDTX 091718 AAA
CLMDTW

CLIMATE REPORT
NATIONAL WEATHER SERVICE DETROIT/PONTIAC MI
359 AM EDT WED JUL 2 2014
...................................

...THE DETROIT MI CLIMATE SUMMARY FOR THE MONTH OF JUNE 2014...

CLIMATE NORMAL PERIOD 1981 TO 2010
CLIMATE RECORD PERIOD 1874 TO 2014

WEATHER         OBSERVED          NORMAL  DEPART
                 VALUE   DATE(S)  VALUE   FROM
                                          NORMAL
................................................
TEMPERATURE (F)
RECORD
 HIGH             104   06/25/1988
                        06/28/1934
 LOW               36   06/11/1972
                        06/01/1966
HIGHEST            91   06/17        MM      MM
LOWEST             48   06/14        MM      MM
AVG. MAXIMUM     80.1              79.3     0.8
AVG. MINIMUM     60.9              59.5     1.4
MEAN             70.5              69.4     1.1
DAYS MAX >= 90      1               2.4    -1.4
DAYS MAX <= 32      0               0.0     0.0
DAYS MIN <= 32      0               0.0     0.0
DAYS MIN <= 0       0               0.0     0.0

PRECIPITATION (INCHES)
RECORD
 MAXIMUM         8.31   1892
 MINIMUM         0.55   1895
TOTALS           4.00              3.52    0.48
DAILY AVG.       0.13              0.12    0.01
DAYS >= .01        13              10.2     2.8
DAYS >= .10         7               6.3     0.7
DAYS >= .50         2               2.3    -0.3
DAYS >= 1.00        1               0.8     0.2
GREATEST
 24 HR. TOTAL    1.96   06/18 TO 06/19
 STORM TOTAL       MM
 (MM/DD(HH))            MM

SNOWFALL (INCHES)
RECORDS
 TOTAL           42.1   2009
TOTALS            0.0               0.0     0.0
 LIQUID EQUIV    0.00              0.00    0.00
SINCE 7/1        94.9              42.5    52.4
 LIQUID 7/1      9.49
DAYS >= TRACE       0               0.0     0.0
DAYS >= 1.0         0               0.0     0.0
GREATEST
 SNOW DEPTH         0   MM
 24 HR TOTAL      0.0   06/30 TO 06/30
 STORM TOTAL       MM
 (MM/DD(HH))            MM

DEGREE_DAYS
HEATING TOTAL      12                35     -23
 SINCE 7/1       7023              6137     886
COOLING TOTAL     185               167      18
 SINCE 1/1        249               215      34

FREEZE DATES
RECORD
 EARLIEST     MM
 LATEST       MM
EARLIEST      01/01             MM
LATEST        01/31             MM
.................................................

WIND (MPH)
AVERAGE WIND SPEED              6.8
HIGHEST WIND SPEED/DIRECTION    32/290    DATE  06/18
HIGHEST GUST SPEED/DIRECTION    44/190    DATE  06/20

SKY COVER
POSSIBLE SUNSHINE (PERCENT)   MM
AVERAGE SKY COVER           0.70
NUMBER OF DAYS FAIR            2
NUMBER OF DAYS PC             13
NUMBER OF DAYS CLOUDY         15

AVERAGE RH (PERCENT)     67

WEATHER CONDITIONS. NUMBER OF DAYS WITH
THUNDERSTORM              2     MIXED PRECIP               0
HEAVY RAIN                5     RAIN                       6
LIGHT RAIN               15     FREEZING RAIN              0
LT FREEZING RAIN          0     HAIL                       0
HEAVY SNOW                0     SNOW                       0
LIGHT SNOW                0     SLEET                      0
FOG                      16     FOG W/VIS <= 1/4 MILE      0
HAZE                     11

-  INDICATES NEGATIVE NUMBERS.
R  INDICATES RECORD WAS SET OR TIED.
MM INDICATES DATA IS MISSING.
T  INDICATES TRACE AMOUNT.

$$

-------------------------------------------------------------------
CLIMATOLOGICAL STATISTICS FOR THE NWS WHITE LAKE - JUNE 2014

...TEMPERATURE DATA...               ...PRECIPITATION DATA...
AVERAGE MAXIMUM.... 76.4             MONTHLY TOTAL ......... 2.88
AVERAGE MINIMUM.... 55.2             GREATEST DAILY TOTAL... 0.73
MONTHLY AVERAGE.... 65.8             ON THE 18TH
                                     2014 TOTAL.............16.07

...HEATING DEGREE DAYS...            ...SNOWFALL DATA...
MONTHLY TOTAL......... 49            MONTHLY TOTAL......... 0.0
2013-14 SEASON TOTAL.. 8247          2013-14 SEASON TOTAL.. 87.7

...COOLING DEGREE DAYS...
MONTHLY TOTAL........ 81
2014 TOTAL........... 101

=====================================================================
        SOUTHEAST MICHIGAN CLIMATE SUMMARY FOR JUNE 2014


JUNE 2014 MONTHLY STATISTICS AND RANKINGS
---------------------------------------------------------------------

PRECIPITATION
              ACTUAL   NORMAL*  DEPARTURE     RANKING
DETROIT AREA   4.00"    3.52"   +0.48"      45TH WETTEST
FLINT AREA     2.46"    3.07"   -0.61"      37TH DRIEST
SAGINAW        2.37"    2.98"   -0.61"      41ST DRIEST

WATER YEAR SINCE JANUARY 1

              ACTUAL   NORMAL*  DEPARTURE     RANKING
DETROIT AREA  18.67"   16.06"    +2.61"     23RD WETTEST
FLINT AREA    17.41"   14.06"    +3.35"     16TH WETTEST
SAGINAW       13.96"   14.63"    -0.67"     49TH WETTEST

     *NORMAL TO-DATE (AS OF JUNE 30, 2014)


AVERAGE TEMPERATURE

              ACTUAL   NORMAL  DEPARTURE      RANKING
DETROIT AREA   70.5     69.4    +1.1       31ST WARMEST
FLINT AREA     69.1     66.5    +2.6       24TH WARMEST
SAGINAW        69.7     67.2    +2.5       17TH WARMEST


AVERAGE HIGH TEMPERATURE

              ACTUAL   NORMAL  DEPARTURE      RANKING
DETROIT AREA   80.1     79.3    +0.8       37TH WARMEST
FLINT AREA     80.0     77.9    +2.1       32ND WARMEST
SAGINAW        79.4     77.9    +1.5       35TH WARMEST


AVERAGE LOW TEMPERATURE

              ACTUAL   NORMAL  DEPARTURE      RANKING
DETROIT AREA    60.9    59.5    +1.4       24TH WARMEST
FLINT AREA      58.2    55.2    +3.0       14TH WARMEST
SAGINAW         59.9    56.5    +2.5        7TH WARMEST



DETROIT AREA HAS A CLIMATE RECORD DATING TO NOVEMBER 1874
FLINT AREA HAS A CLIMATE RECORD DATING TO JANUARY 1921
SAGINAW HAS A CLIMATE RECORD DATING TO JANUARY 1912
