000
CXUS53 KDTX 111746 CCA
CLMDTW

CLIMATE REPORT
NATIONAL WEATHER SERVICE DETROIT/PONTIAC MI
928 PM EST MON DEC 2 2013

...................................

...THE DETROIT MI CLIMATE SUMMARY FOR THE MONTH OF NOVEMBER 2013...

CLIMATE NORMAL PERIOD 1981 TO 2010
CLIMATE RECORD PERIOD 1874 TO 2013

WEATHER         OBSERVED          NORMAL  DEPART
                 VALUE   DATE(S)  VALUE   FROM
                                          NORMAL
................................................
TEMPERATURE (F)
RECORD
 HIGH              81   11/19/1950
 LOW                0   11/22/1880
HIGHEST            64   11/17        MM      MM
LOWEST             14   11/24        MM      MM
AVG. MAXIMUM     44.6              48.8    -4.2
AVG. MINIMUM     30.4              34.3    -3.9
MEAN             37.5              41.5    -4.0
DAYS MAX >= 90      0               0.0     0.0
DAYS MAX <= 32      5               0.9     4.1
DAYS MIN <= 32     16              12.5     3.5
DAYS MIN <= 0       0               0.0     0.0

PRECIPITATION (INCHES)
RECORD
 MAXIMUM         6.00   2011
 MINIMUM         0.19   1904
TOTALS           1.82              2.79   -0.97
DAILY AVG.       0.06              0.09   -0.03
DAYS >= .01        10              11.6    -1.6
DAYS >= .10         5               6.4    -1.4
DAYS >= .50         1               1.9    -0.9
DAYS >= 1.00        0               0.4    -0.4
GREATEST
 24 HR. TOTAL    1.09   10/31 TO 11/01
 STORM TOTAL       MM
 (MM/DD(HH))            MM

SNOWFALL (INCHES)
RECORDS
 TOTAL           11.8   1966
                        0
                        0
TOTALS            1.2               1.5    -0.3
 LIQUID EQUIV    0.12              0.20   -0.08
SINCE 7/1         1.2               1.6    -0.4
 LIQUID 7/1      0.12
DAYS >= TRACE       7               2.3     4.7
DAYS >= 1.0         0               0.5    -0.5
GREATEST
 SNOW DEPTH         0   MM
 24 HR TOTAL      0.5   11/28 TO 11/28
 STORM TOTAL       MM
 (MM/DD(HH))            MM

DEGREE_DAYS
HEATING TOTAL     817               704     113
 SINCE 7/1       1302              1215      87
COOLING TOTAL       0                 0       0
 SINCE 1/1        891               803      88

FREEZE DATES
RECORD
 EARLIEST     MM
 LATEST       MM
EARLIEST                        MM
LATEST                          MM
.................................................

WIND (MPH)
AVERAGE WIND SPEED              11.1
HIGHEST WIND SPEED/DIRECTION    46/230    DATE  11/17
HIGHEST GUST SPEED/DIRECTION    56/230    DATE  11/17

SKY COVER
POSSIBLE SUNSHINE (PERCENT)   MM
AVERAGE SKY COVER           0.70
NUMBER OF DAYS FAIR            0
NUMBER OF DAYS PC             14
NUMBER OF DAYS CLOUDY         16

AVERAGE RH (PERCENT)     68

WEATHER CONDITIONS. NUMBER OF DAYS WITH
THUNDERSTORM              1     MIXED PRECIP               0
HEAVY RAIN                1     RAIN                       5
LIGHT RAIN               10     FREEZING RAIN              0
LT FREEZING RAIN          0     HAIL                       0
HEAVY SNOW                1     SNOW                       0
LIGHT SNOW                7     SLEET                      0
FOG                      10     FOG W/VIS <= 1/4 MILE      0
HAZE                      2

-  INDICATES NEGATIVE NUMBERS.
R  INDICATES RECORD WAS SET OR TIED.
MM INDICATES DATA IS MISSING.
T  INDICATES TRACE AMOUNT.

$$

-------------------------------------------------------------------
CLIMATOLOGICAL STATISTICS FOR THE NWS WHITE LAKE - NOVEMBER 2013

...TEMPERATURE DATA...               ...PRECIPITATION DATA...
AVERAGE MAXIMUM.... 41.9             MONTHLY TOTAL ..........1.73
AVERAGE MINIMUM.... 26.4             GREATEST DAILY TOTAL....0.65
MONTHLY AVERAGE.... 34.1             ON THE 17TH
                                     2013 TOTAL..............33.97

...HEATING DEGREE DAYS...            ...SNOWFALL DATA...
MONTHLY TOTAL..........919           MONTHLY TOTAL..........1.7
2013-14 SEASON TOTAL...1687          2013-14 SEASON TOTAL...1.7

...COOLING DEGREE DAYS...
MONTHLY TOTAL.........0
2013 TOTAL............435

=====================================================================
        SOUTHEAST MICHIGAN CLIMATE SUMMARY FOR NOVEMBER 2013


NOVEMBER 2013 MONTHLY STATISTICS AND RANKINGS
---------------------------------------------------------------------

SNOWFALL
              ACTUAL   NORMAL*  DEPARTURE     RANKING
DETROIT AREA   1.2"     1.5"     -0.3"      66TH LEAST SNOWY
FLINT AREA     1.6"     2.5"     -0.9"      45TH LEAST SNOWY
SAGINAW        1.6"     3.6"     -2.0"      47TH LEAST SNOWY

SNOW YEAR SINCE JULY 1

              ACTUAL   NORMAL*  DEPARTURE     RANKING
DETROIT AREA   1.2"     1.6"      -0.4"     65TH LEAST SNOWY
FLINT AREA     1.6"     2.9"      -1.3"     41ST LEAST SNOWY
SAGINAW        1.6"     3.9"      -2.3"     46TH LEAST SNOWY

     *NORMAL TO-DATE (AS OF NOVEMBER 30, 2013)

PRECIPITATION
              ACTUAL   NORMAL*  DEPARTURE     RANKING
DETROIT AREA   1.82"    2.79"   -0.97"      53RD DRIEST
FLINT AREA     1.67"    2.67"   -1.00"      33RD DRIEST
SAGINAW        1.78"    2.70"   -0.92"      34TH DRIEST

WATER YEAR SINCE JANUARY 1

              ACTUAL   NORMAL*  DEPARTURE     RANKING
DETROIT AREA  37.48"   31.01"    +6.47"     12TH WETTEST
FLINT AREA    30.78"   29.45"    +1.33"     29TH WETTEST
SAGINAW       31.28"   29.68"    +1.60"     25TH WETTEST

     *NORMAL TO-DATE (AS OF NOVEMBER 30, 2013)


AVERAGE TEMPERATURE

              ACTUAL   NORMAL  DEPARTURE     RANKING
DETROIT AREA   37.5     41.5     -4.0       26TH COLDEST
FLINT AREA     37.0     38.9     -1.9       26TH COLDEST
SAGINAW        36.5     38.5     -2.0       28TH COLDEST


AVERAGE HIGH TEMPERATURE

              ACTUAL   NORMAL  DEPARTURE     RANKING
DETROIT AREA   44.6     48.8     -4.2       32ND COLDEST
FLINT AREA     44.9     46.7     -1.8       30TH COLDEST
SAGINAW        43.8     45.9     -2.1       33RD COLDEST


AVERAGE LOW TEMPERATURE

              ACTUAL   NORMAL  DEPARTURE     RANKING
DETROIT AREA   30.4     34.3     -3.9       22ND COLDEST
FLINT AREA     29.2     31.0     -1.8       23RD COLDEST
SAGINAW        29.3     38.5     -1.9       28TH COLDEST



DETROIT AREA HAS A CLIMATE RECORD DATING TO NOVEMBER 1874
FLINT AREA HAS A CLIMATE RECORD DATING TO JANUARY 1921
SAGINAW HAS A CLIMATE RECORD DATING TO JANUARY 1912
