000
CXUS53 KDTX 020600
CLMDTW

CLIMATE REPORT
NATIONAL WEATHER SERVICE DETROIT/PONTIAC MI
159 AM EDT SAT SEP 2 2017

...................................

...THE DETROIT MI CLIMATE SUMMARY FOR THE MONTH OF AUGUST 2017...

CLIMATE NORMAL PERIOD 1981 TO 2010
CLIMATE RECORD PERIOD 1874 TO 2017

WEATHER         OBSERVED          NORMAL  DEPART
                 VALUE   DATE(S)  VALUE   FROM
                                          NORMAL
................................................
TEMPERATURE (F)
RECORD
 HIGH             104   08/06/1918
 LOW               38   08/29/1982
HIGHEST            89   08/02        MM      MM
LOWEST             52   08/26        MM      MM
                        08/25
AVG. MAXIMUM     81.0              81.4    -0.4
AVG. MINIMUM     61.1              62.6    -1.5
MEAN             71.1              72.0    -0.9
DAYS MAX >= 90      0               2.5    -2.5
DAYS MAX <= 32      0               0.0     0.0
DAYS MIN <= 32      0               0.0     0.0
DAYS MIN <= 0       0               0.0     0.0

PRECIPITATION (INCHES)
RECORD
 MAXIMUM         8.33   1926
 MINIMUM         0.16   1894
TOTALS           3.91              3.00    0.91
DAILY AVG.       0.13              0.10    0.03
DAYS >= .01         8               9.6    -1.6
DAYS >= .10         6               5.9     0.1
DAYS >= .50         3               2.1     0.9
DAYS >= 1.00        2               0.7     1.3
GREATEST
 24 HR. TOTAL    1.43   08/28 TO 08/28
 STORM TOTAL       MM
 (MM/DD(HH))            MM

SNOWFALL (INCHES)
RECORDS
 TOTAL            0.0   0
                        0
                        0
TOTALS            0.0               0.0     0.0
 LIQUID EQUIV    0.00              0.00    0.00
SINCE 7/1         0.0               0.0     0.0
 LIQUID 7/1      0.00
DAYS >= TRACE       0               0.0     0.0
DAYS >= 1.0         0               0.0     0.0
GREATEST
 SNOW DEPTH         0   MM
 24 HR TOTAL      0.0   08/31 TO 08/31
 STORM TOTAL       MM
 (MM/DD(HH))            MM

DEGREE_DAYS
HEATING TOTAL       4                 8      -4
 SINCE 7/1          4                10      -6
COOLING TOTAL     202               225     -23
 SINCE 1/1        750               711      39

FREEZE DATES
RECORD
 EARLIEST     MM
 LATEST       MM
EARLIEST                        MM
LATEST                          MM
.................................................

WIND (MPH)
AVERAGE WIND SPEED              7.1
HIGHEST WIND SPEED/DIRECTION    29/240    DATE  08/04
HIGHEST GUST SPEED/DIRECTION    36/260    DATE  08/22

SKY COVER
POSSIBLE SUNSHINE (PERCENT)   MM
AVERAGE SKY COVER           0.70
NUMBER OF DAYS FAIR            1
NUMBER OF DAYS PC             20
NUMBER OF DAYS CLOUDY         10

AVERAGE RH (PERCENT)     68

WEATHER CONDITIONS. NUMBER OF DAYS WITH
THUNDERSTORM              7     MIXED PRECIP               0
HEAVY RAIN                3     RAIN                       5
LIGHT RAIN               10     FREEZING RAIN              0
LT FREEZING RAIN          0     HAIL                       0
HEAVY SNOW                0     SNOW                       0
LIGHT SNOW                0     SLEET                      0
FOG                      14     FOG W/VIS <= 1/4 MILE      2
HAZE                      3

-  INDICATES NEGATIVE NUMBERS.
R  INDICATES RECORD WAS SET OR TIED.
MM INDICATES DATA IS MISSING.
T  INDICATES TRACE AMOUNT.

$$
