000
CDUS43 KDTX 040540
CLIFNT


CLIMATE REPORT
NATIONAL WEATHER SERVICE DETROIT/PONTIAC MI
1240 AM EST WED MAR 4 2015


...................................

...THE FLINT MI CLIMATE SUMMARY FOR MARCH 3 2015...

CLIMATE NORMAL PERIOD 1981 TO 2010
CLIMATE RECORD PERIOD 1921 TO 2015


WEATHER ITEM   OBSERVED TIME   RECORD YEAR NORMAL DEPARTURE LAST
                VALUE   (LST)  VALUE       VALUE  FROM      YEAR
                                                  NORMAL
..................................................................
TEMPERATURE (F)
 YESTERDAY
  MAXIMUM         36    703 PM  68    1974  38     -2       12
  MINIMUM         22    117 AM -16    2014  20      2      -16
  AVERAGE         29                        29      0       -2

PRECIPITATION (IN)
  YESTERDAY        0.25          1.10 1941   0.06   0.19     0.00
  MONTH TO DATE    0.26                      0.17   0.09     0.35
  SINCE MAR 1      0.26                      0.17   0.09     0.35
  SINCE JAN 1      2.43                      3.28  -0.85     4.36

SNOWFALL (IN)
  YESTERDAY        2.9           4.9  1954   0.3    2.6      0.0
  MONTH TO DATE    3.4                       0.9    2.5      4.1
  SINCE MAR 1      3.4                       0.9    2.5      4.1
  SINCE JUL 1     43.9                      39.5    4.4     77.3
  SNOW DEPTH       8

DEGREE DAYS
 HEATING
  YESTERDAY       36                        36      0       67
  MONTH TO DATE  128                       108     20      172
  SINCE MAR 1    128                       108     20      172
  SINCE JUL 1   5436                      5196    240     5693

 COOLING
  YESTERDAY        0                         0      0        0
  MONTH TO DATE    0                         0      0        0
  SINCE MAR 1      0                         0      0        0
  SINCE JAN 1      0                         0      0        0
..................................................................


WIND (MPH)
  HIGHEST WIND SPEED    28   HIGHEST WIND DIRECTION     W (270)
  HIGHEST GUST SPEED    36   HIGHEST GUST DIRECTION     W (270)
  AVERAGE WIND SPEED    13.6


SKY COVER
  POSSIBLE SUNSHINE  MM
  AVERAGE SKY COVER 0.9


WEATHER CONDITIONS
 THE FOLLOWING WEATHER WAS RECORDED YESTERDAY.
  LT FREEZING RAIN
  HEAVY SNOW
  SNOW
  LIGHT SNOW
  FOG
  FOG W/VISIBILITY <= 1/4 MILE
  HAZE


RELATIVE HUMIDITY (PERCENT)
 HIGHEST    88           900 AM
 LOWEST     59          1200 AM
 AVERAGE    74

..........................................................


THE FLINT MI CLIMATE NORMALS FOR TODAY
                         NORMAL    RECORD    YEAR
 MAXIMUM TEMPERATURE (F)   38        63      1983
 MINIMUM TEMPERATURE (F)   21        -2      2014
                                             1978


SUNRISE AND SUNSET
MARCH  4 2015.........SUNRISE   706 AM EST   SUNSET   628 PM EST
MARCH  5 2015.........SUNRISE   705 AM EST   SUNSET   629 PM EST


-  INDICATES NEGATIVE NUMBERS.
R  INDICATES RECORD WAS SET OR TIED.
MM INDICATES DATA IS MISSING.
T  INDICATES TRACE AMOUNT.




$$
