000
CDUS43 KDTX 282032
CLIFNT


CLIMATE REPORT
NATIONAL WEATHER SERVICE DETROIT/PONTIAC MI
432 PM EDT SUN MAY 28 2017


...................................

...THE FLINT MI CLIMATE SUMMARY FOR MAY 28 2017...
VALID TODAY AS OF 0400 PM LOCAL TIME.

CLIMATE NORMAL PERIOD 1981 TO 2010
CLIMATE RECORD PERIOD 1921 TO 2017


WEATHER ITEM   OBSERVED TIME   RECORD YEAR NORMAL DEPARTURE LAST
                VALUE   (LST)  VALUE       VALUE  FROM      YEAR
                                                  NORMAL
..................................................................
TEMPERATURE (F)
 TODAY
  MAXIMUM         80    227 PM  93    2012  72      8       89
  MINIMUM         55    245 AM  31    2008  49      6       70
  AVERAGE         68                        61      7       80

PRECIPITATION (IN)
  TODAY            0.00          2.42 2013   0.10  -0.10      T
  MONTH TO DATE    2.38                      2.78  -0.40     1.72
  SINCE MAR 1     10.78                      7.58   3.20     8.38
  SINCE JAN 1     16.33                     10.69   5.64    12.23

SNOWFALL (IN)
  TODAY            0.0           0.0    MM   0.0    0.0      0.0
  MONTH TO DATE    0.0                       0.0    0.0       T
  SINCE MAR 1      6.9                       8.8   -1.9     18.4
  SINCE JUL 1     39.4                      47.4   -8.0     69.0
  SNOW DEPTH       0

DEGREE DAYS
 HEATING
  TODAY            0                         6     -6        0
  MONTH TO DATE  268                       264      4      207
  SINCE MAR 1   1630                      1783   -153     1486
  SINCE JUL 1   5779                      6871  -1092     5356

 COOLING
  TODAY            3                         2      1       15
  MONTH TO DATE   20                        22     -2       53
  SINCE MAR 1     23                        26     -3       54
  SINCE JAN 1     23                        26     -3       54
..................................................................


WIND (MPH)
  HIGHEST WIND SPEED    13   HIGHEST WIND DIRECTION     S (160)
  HIGHEST GUST SPEED    18   HIGHEST GUST DIRECTION    SE (130)
  AVERAGE WIND SPEED     5.4


SKY COVER
  POSSIBLE SUNSHINE  MM
  AVERAGE SKY COVER 0.4


WEATHER CONDITIONS
 THE FOLLOWING WEATHER WAS RECORDED TODAY.
  NO SIGNIFICANT WEATHER WAS OBSERVED.


RELATIVE HUMIDITY (PERCENT)
 HIGHEST   100           300 AM
 LOWEST     52           200 PM
 AVERAGE    76

..........................................................


THE FLINT MI CLIMATE NORMALS FOR TOMORROW
                         NORMAL    RECORD    YEAR
 MAXIMUM TEMPERATURE (F)   73        92      1934
 MINIMUM TEMPERATURE (F)   50        34      1966


SUNRISE AND SUNSET
MAY 28 2017...........SUNRISE   601 AM EDT   SUNSET   904 PM EDT
MAY 29 2017...........SUNRISE   600 AM EDT   SUNSET   905 PM EDT


-  INDICATES NEGATIVE NUMBERS.
R  INDICATES RECORD WAS SET OR TIED.
MM INDICATES DATA IS MISSING.
T  INDICATES TRACE AMOUNT.




$$
