000
CDUS43 KDTX 150535
CLIFNT


CLIMATE REPORT
NATIONAL WEATHER SERVICE DETROIT/PONTIAC MI
135 AM EDT TUE AUG 15 2017


...................................

...THE FLINT MI CLIMATE SUMMARY FOR AUGUST 14 2017...

CLIMATE NORMAL PERIOD 1981 TO 2010
CLIMATE RECORD PERIOD 1921 TO 2017


WEATHER ITEM   OBSERVED TIME   RECORD YEAR NORMAL DEPARTURE LAST
                VALUE   (LST)  VALUE       VALUE  FROM      YEAR
                                                  NORMAL
..................................................................
TEMPERATURE (F)
 YESTERDAY
  MAXIMUM         81    332 PM  97    1965  80      1       85
                                      1944
  MINIMUM         61    600 AM  41    1964  58      3       69
  AVERAGE         71                        69      2       77

PRECIPITATION (IN)
  YESTERDAY        0.08          1.52 1960   0.10  -0.02     0.01
  MONTH TO DATE    1.78                      1.47   0.31     0.72
  SINCE JUN 1      7.16                      7.86  -0.70     3.14
  SINCE JAN 1     23.59                     18.85   4.74    15.37

SNOWFALL (IN)
  YESTERDAY        0.0           0.0    MM   0.0    0.0      0.0
  MONTH TO DATE    0.0                       0.0    0.0      0.0
  SINCE JUN 1      0.0                       0.0    0.0      0.0
  SINCE JUL 1      0.0                       0.0    0.0      0.0
  SNOW DEPTH       0

DEGREE DAYS
 HEATING
  YESTERDAY        0                         1     -1        0
  MONTH TO DATE    2                        13    -11        0
  SINCE JUN 1     42                        94    -52       28
  SINCE JUL 1      3                        28    -25        0

 COOLING
  YESTERDAY        6                         5      1       12
  MONTH TO DATE   48                        75    -27      188
  SINCE JUN 1    382                       374      8      715
  SINCE JAN 1    407                       406      1      794
..................................................................


WIND (MPH)
  HIGHEST WIND SPEED    15   HIGHEST WIND DIRECTION    SW (240)
  HIGHEST GUST SPEED    21   HIGHEST GUST DIRECTION    SW (240)
  AVERAGE WIND SPEED     5.6


SKY COVER
  POSSIBLE SUNSHINE  MM
  AVERAGE SKY COVER 0.4


WEATHER CONDITIONS
 THE FOLLOWING WEATHER WAS RECORDED YESTERDAY.
  FOG


RELATIVE HUMIDITY (PERCENT)
 HIGHEST    93          1000 PM
 LOWEST     45           100 PM
 AVERAGE    69

..........................................................


THE FLINT MI CLIMATE NORMALS FOR TODAY
                         NORMAL    RECORD    YEAR
 MAXIMUM TEMPERATURE (F)   80        95      1944
 MINIMUM TEMPERATURE (F)   58        42      1964
                                             1962


SUNRISE AND SUNSET
AUGUST 15 2017........SUNRISE   641 AM EDT   SUNSET   837 PM EDT
AUGUST 16 2017........SUNRISE   642 AM EDT   SUNSET   835 PM EDT


-  INDICATES NEGATIVE NUMBERS.
R  INDICATES RECORD WAS SET OR TIED.
MM INDICATES DATA IS MISSING.
T  INDICATES TRACE AMOUNT.




$$
