000
CDUS43 KDTX 120549
CLIFNT


CLIMATE REPORT
NATIONAL WEATHER SERVICE DETROIT/PONTIAC MI
1249 AM EST THU JAN 12 2017


...................................

...THE FLINT MI CLIMATE SUMMARY FOR JANUARY 11 2017...

CLIMATE NORMAL PERIOD 1981 TO 2010
CLIMATE RECORD PERIOD 1921 TO 2017


WEATHER ITEM   OBSERVED TIME   RECORD YEAR NORMAL DEPARTURE LAST
                VALUE   (LST)  VALUE       VALUE  FROM      YEAR
                                                  NORMAL
..................................................................
TEMPERATURE (F)
 YESTERDAY
  MAXIMUM         48    923 PM  56    1975  30     18       18
  MINIMUM         28    839 AM -19    1984  15     13       13
  AVERAGE         38                        22     16       16

PRECIPITATION (IN)
  YESTERDAY        0.65R         0.58 1991   0.06   0.59     0.03
  MONTH TO DATE    1.79                      0.64   1.15     0.79
  SINCE DEC 1      3.38                      2.56   0.82     2.69
  SINCE JAN 1      1.79                      0.64   1.15     0.79

SNOWFALL (IN)
  YESTERDAY        0.0           6.9  1991   0.4   -0.4      0.5
  MONTH TO DATE    5.3                       4.7    0.6      6.9
  SINCE DEC 1     25.5                      16.5    9.0      9.4
  SINCE JUL 1     25.5                      19.4    6.1     20.2
  SNOW DEPTH       0

DEGREE DAYS
 HEATING
  YESTERDAY       27                        43    -16       49
  MONTH TO DATE  444                       462    -18      391
  SINCE DEC 1   1592                      1626    -34     1128
  SINCE JUL 1   2633                      3107   -474     2109

 COOLING
  YESTERDAY        0                         0      0        0
  MONTH TO DATE    0                         0      0        0
  SINCE DEC 1      0                         0      0        0
  SINCE JAN 1      0                         0      0        0
..................................................................


WIND (MPH)
  HIGHEST WIND SPEED    36   HIGHEST WIND DIRECTION     W (260)
  HIGHEST GUST SPEED    45   HIGHEST GUST DIRECTION     W (260)
  AVERAGE WIND SPEED    12.9


SKY COVER
  POSSIBLE SUNSHINE  MM
  AVERAGE SKY COVER 0.6


WEATHER CONDITIONS
 THE FOLLOWING WEATHER WAS RECORDED YESTERDAY.
  THUNDERSTORM
  HEAVY RAIN
  RAIN
  LIGHT RAIN
  FOG


RELATIVE HUMIDITY (PERCENT)
 HIGHEST   100           600 PM
 LOWEST     55           200 PM
 AVERAGE    78

..........................................................


THE FLINT MI CLIMATE NORMALS FOR TODAY
                         NORMAL    RECORD    YEAR
 MAXIMUM TEMPERATURE (F)   29        60      2013
 MINIMUM TEMPERATURE (F)   15       -11      1926


SUNRISE AND SUNSET
JANUARY 12 2017.......SUNRISE   804 AM EST   SUNSET   523 PM EST
JANUARY 13 2017.......SUNRISE   804 AM EST   SUNSET   524 PM EST


-  INDICATES NEGATIVE NUMBERS.
R  INDICATES RECORD WAS SET OR TIED.
MM INDICATES DATA IS MISSING.
T  INDICATES TRACE AMOUNT.




$$
