000
CDUS43 KDTX 270543
CLIFNT


CLIMATE REPORT
NATIONAL WEATHER SERVICE DETROIT/PONTIAC MI
1243 AM EST TUE JAN 27 2015


...................................

...THE FLINT MI CLIMATE SUMMARY FOR JANUARY 26 2015...

CLIMATE NORMAL PERIOD 1981 TO 2010
CLIMATE RECORD PERIOD 1921 TO 2015


WEATHER ITEM   OBSERVED TIME   RECORD YEAR NORMAL DEPARTURE LAST
                VALUE   (LST)  VALUE       VALUE  FROM      YEAR
                                                  NORMAL
..................................................................
TEMPERATURE (F)
 YESTERDAY
  MAXIMUM         27    401 PM  63    1944  30     -3       24
  MINIMUM         10    817 AM -16    1959  15     -5        1
  AVERAGE         19                        22     -3       13

PRECIPITATION (IN)
  YESTERDAY        0.00          1.16 1967   0.04  -0.04     0.13
  MONTH TO DATE    1.19                      1.39  -0.20     2.51
  SINCE DEC 1      2.83                      3.31  -0.48     4.36
  SINCE JAN 1      1.19                      1.39  -0.20     2.51

SNOWFALL (IN)
  YESTERDAY        0.0          14.5    MM   0.4   -0.4      2.7
  MONTH TO DATE   12.5                      11.1    1.4     32.2
  SINCE DEC 1     13.1                      22.9   -9.8     49.1
  SINCE JUL 1     22.5                      25.8   -3.3     50.7
  SNOW DEPTH       0

DEGREE DAYS
 HEATING
  YESTERDAY       46                        43      3       52
  MONTH TO DATE 1137                      1107     30     1261
  SINCE DEC 1   2127                      2271   -144     2492
  SINCE JUL 1   3591                      3752   -161     3891

 COOLING
  YESTERDAY        0                         0      0        0
  MONTH TO DATE    0                         0      0        0
  SINCE DEC 1      0                         0      0        0
  SINCE JAN 1      0                         0      0        0
..................................................................


WIND (MPH)
  HIGHEST WIND SPEED    14   HIGHEST WIND DIRECTION     E (80)
  HIGHEST GUST SPEED    16   HIGHEST GUST DIRECTION    NE (50)
  AVERAGE WIND SPEED     6.7


SKY COVER
  POSSIBLE SUNSHINE  MM
  AVERAGE SKY COVER 0.0


WEATHER CONDITIONS
 THE FOLLOWING WEATHER WAS RECORDED YESTERDAY.
  NO SIGNIFICANT WEATHER WAS OBSERVED.


RELATIVE HUMIDITY (PERCENT)
 HIGHEST    80           100 AM
 LOWEST     42           300 PM
 AVERAGE    61

..........................................................


THE FLINT MI CLIMATE NORMALS FOR TODAY
                         NORMAL    RECORD    YEAR
 MAXIMUM TEMPERATURE (F)   30        56      2002
 MINIMUM TEMPERATURE (F)   15       -11      2003
                                             1943


SUNRISE AND SUNSET
JANUARY 27 2015.......SUNRISE   755 AM EST   SUNSET   541 PM EST
JANUARY 28 2015.......SUNRISE   754 AM EST   SUNSET   542 PM EST


-  INDICATES NEGATIVE NUMBERS.
R  INDICATES RECORD WAS SET OR TIED.
MM INDICATES DATA IS MISSING.
T  INDICATES TRACE AMOUNT.




$$
