409
CDUS43 KDTX 142130
CLIFNT


CLIMATE REPORT
NATIONAL WEATHER SERVICE DETROIT/PONTIAC MI
428 PM EST SAT JAN 14 2017


...................................

...THE FLINT MI CLIMATE SUMMARY FOR JANUARY 14 2017...
VALID TODAY AS OF 0400 PM LOCAL TIME.

CLIMATE NORMAL PERIOD 1981 TO 2010
CLIMATE RECORD PERIOD 1921 TO 2017


WEATHER ITEM   OBSERVED TIME   RECORD YEAR NORMAL DEPARTURE LAST
                VALUE   (LST)  VALUE       VALUE  FROM      YEAR
                                                  NORMAL
..................................................................
TEMPERATURE (F)
 TODAY
  MAXIMUM         30    359 PM  56    1995  29      1       34
  MINIMUM         18    535 AM -19    2015  15      3       17
                                      2009
  AVERAGE         24                        22      2       26

PRECIPITATION (IN)
  TODAY            0.00          0.64 2004   0.05  -0.05     0.04
  MONTH TO DATE    1.92                      0.80   1.12     0.97
  SINCE DEC 1      3.51                      2.72   0.79     2.87
  SINCE JAN 1      1.92                      0.80   1.12     0.97

SNOWFALL (IN)
  TODAY            0.0           9.8  2004   0.5   -0.5      0.2
  MONTH TO DATE    5.6                       6.0   -0.4     11.5
  SINCE DEC 1     25.8                      17.8    8.0     14.0
  SINCE JUL 1     25.8                      20.7    5.1     24.8
  SNOW DEPTH       T

DEGREE DAYS
 HEATING
  TODAY           41                        43     -2       39
  MONTH TO DATE  563                       591    -28      524
  SINCE DEC 1   1711                      1755    -44     1261
  SINCE JUL 1   2752                      3236   -484     2242

 COOLING
  TODAY            0                         0      0        0
  MONTH TO DATE    0                         0      0        0
  SINCE DEC 1      0                         0      0        0
  SINCE JAN 1      0                         0      0        0
..................................................................


WIND (MPH)
  HIGHEST WIND SPEED     7   HIGHEST WIND DIRECTION    NW (310)
  HIGHEST GUST SPEED     9   HIGHEST GUST DIRECTION    SW (210)
  AVERAGE WIND SPEED     4.5


SKY COVER
  POSSIBLE SUNSHINE  MM
  AVERAGE SKY COVER 0.7


WEATHER CONDITIONS
 THE FOLLOWING WEATHER WAS RECORDED TODAY.
  NO SIGNIFICANT WEATHER WAS OBSERVED.


RELATIVE HUMIDITY (PERCENT)
 HIGHEST    84           600 AM
 LOWEST     69           300 PM
 AVERAGE    77

..........................................................


THE FLINT MI CLIMATE NORMALS FOR TOMORROW
                         NORMAL    RECORD    YEAR
 MAXIMUM TEMPERATURE (F)   29        57      1953
 MINIMUM TEMPERATURE (F)   15       -18      1984


SUNRISE AND SUNSET
JANUARY 14 2017.......SUNRISE   804 AM EST   SUNSET   525 PM EST
JANUARY 15 2017.......SUNRISE   803 AM EST   SUNSET   526 PM EST


-  INDICATES NEGATIVE NUMBERS.
R  INDICATES RECORD WAS SET OR TIED.
MM INDICATES DATA IS MISSING.
T  INDICATES TRACE AMOUNT.




$$
