000
CDUS43 KDTX 190540
CLIFNT


CLIMATE REPORT
NATIONAL WEATHER SERVICE DETROIT/PONTIAC MI
140 AM EDT SAT APR 19 2014


...................................

...THE FLINT MI CLIMATE SUMMARY FOR APRIL 18 2014...

CLIMATE NORMAL PERIOD 1981 TO 2010
CLIMATE RECORD PERIOD 1921 TO 2014


WEATHER ITEM   OBSERVED TIME   RECORD YEAR NORMAL DEPARTURE LAST
                VALUE   (LST)  VALUE       VALUE  FROM      YEAR
                                                  NORMAL
..................................................................
TEMPERATURE (F)
 YESTERDAY
  MAXIMUM         62    429 PM  87    2004  59      3       77
  MINIMUM         36   1159 PM  22    1990  36      0       46
                                      1921
  AVERAGE         49                        48      1       62

PRECIPITATION (IN)
  YESTERDAY        0.09          2.69 1975   0.10  -0.01     0.56
  MONTH TO DATE    0.95                      1.75  -0.80     4.55
  SINCE MAR 1      2.16                      3.66  -1.50     5.32
  SINCE JAN 1      6.17                      6.77  -0.60    10.78

SNOWFALL (IN)
  YESTERDAY       MM             1.6  2011   0.1   MM        0.0
  MONTH TO DATE    1.3                       1.9   -0.6       T
  SINCE MAR 1     10.7                       8.4    2.3      5.1
  SINCE JUL 1     83.9                      47.0   36.9     43.6
  SNOW DEPTH       0

DEGREE DAYS
 HEATING
  YESTERDAY       16                        18     -2        3
  MONTH TO DATE  360                       377    -17      400
  SINCE MAR 1   1564                      1334    230     1413
  SINCE JUL 1   7085                      6422    663     6066

 COOLING
  YESTERDAY        0                         0      0        0
  MONTH TO DATE    0                         0      0        0
  SINCE MAR 1      0                         0      0        0
  SINCE JAN 1      0                         0      0        0
..................................................................


WIND (MPH)
  HIGHEST WIND SPEED    17   HIGHEST WIND DIRECTION    NE (50)
  HIGHEST GUST SPEED    21   HIGHEST GUST DIRECTION    NE (50)
  AVERAGE WIND SPEED     6.7


SKY COVER
  POSSIBLE SUNSHINE  MM
  AVERAGE SKY COVER 0.6


WEATHER CONDITIONS
 THE FOLLOWING WEATHER WAS RECORDED YESTERDAY.
  LIGHT RAIN
  FOG
  HAZE


RELATIVE HUMIDITY (PERCENT)
 HIGHEST    93           700 AM
 LOWEST     39           200 PM
 AVERAGE    66

..........................................................


THE FLINT MI CLIMATE NORMALS FOR TODAY
                         NORMAL    RECORD    YEAR
 MAXIMUM TEMPERATURE (F)   59        83      2005
 MINIMUM TEMPERATURE (F)   37        22      1926


SUNRISE AND SUNSET
APRIL 19 2014.........SUNRISE   647 AM EDT   SUNSET   822 PM EDT
APRIL 20 2014.........SUNRISE   645 AM EDT   SUNSET   823 PM EDT


-  INDICATES NEGATIVE NUMBERS.
R  INDICATES RECORD WAS SET OR TIED.
MM INDICATES DATA IS MISSING.
T  INDICATES TRACE AMOUNT.




$$
