000
CDUS43 KDTX 270554
CLIFNT


CLIMATE REPORT
NATIONAL WEATHER SERVICE DETROIT/PONTIAC MI
153 AM EDT FRI MAR 27 2015


...................................

...THE FLINT MI CLIMATE SUMMARY FOR MARCH 26 2015...

CLIMATE NORMAL PERIOD 1981 TO 2010
CLIMATE RECORD PERIOD 1921 TO 2015


WEATHER ITEM   OBSERVED TIME   RECORD YEAR NORMAL DEPARTURE LAST
                VALUE   (LST)  VALUE       VALUE  FROM      YEAR
                                                  NORMAL
..................................................................
TEMPERATURE (F)
 YESTERDAY
  MAXIMUM         43    203 PM  76    2007  48     -5       31
  MINIMUM         30   1159 PM   4    2001  28      2        9
  AVERAGE         37                        38     -1       20

PRECIPITATION (IN)
  YESTERDAY        0.00          0.98 1927   0.07  -0.07     0.00
  MONTH TO DATE    0.42                      1.54  -1.12     1.04
  SINCE MAR 1      0.42                      1.54  -1.12     1.04
  SINCE JAN 1      2.59                      4.65  -2.06     5.05

SNOWFALL (IN)
  YESTERDAY        0.0           4.8  1970   0.1   -0.1      0.0
  MONTH TO DATE    3.4                       5.8   -2.4      9.4
  SINCE MAR 1      3.4                       5.8   -2.4      9.4
  SINCE JUL 1     43.9                      44.4   -0.5     82.6
  SNOW DEPTH       0

DEGREE DAYS
 HEATING
  YESTERDAY       28                        27      1       45
  MONTH TO DATE  836                       828      8     1073
  SINCE MAR 1    836                       828      8     1073
  SINCE JUL 1   6144                      5916    228     6594

 COOLING
  YESTERDAY        0                         0      0        0
  MONTH TO DATE    0                         0      0        0
  SINCE MAR 1      0                         0      0        0
  SINCE JAN 1      0                         0      0        0
..................................................................


WIND (MPH)
  HIGHEST WIND SPEED    18   HIGHEST WIND DIRECTION    NW (320)
  HIGHEST GUST SPEED    25   HIGHEST GUST DIRECTION     W (280)
  AVERAGE WIND SPEED    11.2


SKY COVER
  POSSIBLE SUNSHINE  MM
  AVERAGE SKY COVER 1.0


WEATHER CONDITIONS
 THE FOLLOWING WEATHER WAS RECORDED YESTERDAY.
  NO SIGNIFICANT WEATHER WAS OBSERVED.


RELATIVE HUMIDITY (PERCENT)
 HIGHEST    82           400 AM
 LOWEST     51           400 PM
 AVERAGE    67

..........................................................


THE FLINT MI CLIMATE NORMALS FOR TODAY
                         NORMAL    RECORD    YEAR
 MAXIMUM TEMPERATURE (F)   48        78      1989
                                             1945
 MINIMUM TEMPERATURE (F)   29        -2      1965


SUNRISE AND SUNSET
MARCH 27 2015.........SUNRISE   726 AM EDT   SUNSET   755 PM EDT
MARCH 28 2015.........SUNRISE   725 AM EDT   SUNSET   756 PM EDT


-  INDICATES NEGATIVE NUMBERS.
R  INDICATES RECORD WAS SET OR TIED.
MM INDICATES DATA IS MISSING.
T  INDICATES TRACE AMOUNT.




$$
