000
CDUS43 KDTX 180538
CLIFNT


CLIMATE REPORT
NATIONAL WEATHER SERVICE DETROIT/PONTIAC MI
138 AM EDT TUE APR 18 2017


...................................

...THE FLINT MI CLIMATE SUMMARY FOR APRIL 17 2017...

CLIMATE NORMAL PERIOD 1981 TO 2010
CLIMATE RECORD PERIOD 1921 TO 2017


WEATHER ITEM   OBSERVED TIME   RECORD YEAR NORMAL DEPARTURE LAST
                VALUE   (LST)  VALUE       VALUE  FROM      YEAR
                                                  NORMAL
..................................................................
TEMPERATURE (F)
 YESTERDAY
  MAXIMUM         65    135 PM  84    1964  58      7       82
  MINIMUM         36    448 AM  22    1962  36      0       40
  AVERAGE         51                        47      4       61

PRECIPITATION (IN)
  YESTERDAY        0.00          1.96 1967   0.11  -0.11     0.00
  MONTH TO DATE    3.00                      1.65   1.35     1.41
  SINCE MAR 1      6.21                      3.56   2.65     5.74
  SINCE JAN 1     11.76                      6.67   5.09     9.59

SNOWFALL (IN)
  YESTERDAY        0.0           6.2  1983   0.1   -0.1      0.0
  MONTH TO DATE    1.5                       1.8   -0.3      6.8
  SINCE MAR 1      6.9                       8.3   -1.4     18.4
  SINCE JUL 1     39.4                      46.9   -7.5     69.0
  SNOW DEPTH       0

DEGREE DAYS
 HEATING
  YESTERDAY       14                        18     -4        4
  MONTH TO DATE  256                       359   -103      399
  SINCE MAR 1   1214                      1316   -102     1113
  SINCE JUL 1   5363                      6404  -1041     4983

 COOLING
  YESTERDAY        0                         0      0        0
  MONTH TO DATE    1                         0      1        0
  SINCE MAR 1      1                         0      1        1
  SINCE JAN 1      1                         0      1        1
..................................................................


WIND (MPH)
  HIGHEST WIND SPEED    21   HIGHEST WIND DIRECTION     N (20)
  HIGHEST GUST SPEED    25   HIGHEST GUST DIRECTION    NE (30)
  AVERAGE WIND SPEED     7.1


SKY COVER
  POSSIBLE SUNSHINE  MM
  AVERAGE SKY COVER 0.4


WEATHER CONDITIONS
 THE FOLLOWING WEATHER WAS RECORDED YESTERDAY.
  NO SIGNIFICANT WEATHER WAS OBSERVED.


RELATIVE HUMIDITY (PERCENT)
 HIGHEST    96           400 AM
 LOWEST     34          1200 PM
 AVERAGE    65

..........................................................


THE FLINT MI CLIMATE NORMALS FOR TODAY
                         NORMAL    RECORD    YEAR
 MAXIMUM TEMPERATURE (F)   59        87      2004
 MINIMUM TEMPERATURE (F)   36        22      1990
                                             1921


SUNRISE AND SUNSET
APRIL 18 2017.........SUNRISE   648 AM EDT   SUNSET   821 PM EDT
APRIL 19 2017.........SUNRISE   646 AM EDT   SUNSET   822 PM EDT


-  INDICATES NEGATIVE NUMBERS.
R  INDICATES RECORD WAS SET OR TIED.
MM INDICATES DATA IS MISSING.
T  INDICATES TRACE AMOUNT.




$$
