000
CDUS43 KDTX 240537
CLIFNT


CLIMATE REPORT
NATIONAL WEATHER SERVICE DETROIT/PONTIAC MI
1237 AM EST SAT JAN 24 2015


...................................

...THE FLINT MI CLIMATE SUMMARY FOR JANUARY 23 2015...

CLIMATE NORMAL PERIOD 1981 TO 2010
CLIMATE RECORD PERIOD 1921 TO 2015


WEATHER ITEM   OBSERVED TIME   RECORD YEAR NORMAL DEPARTURE LAST
                VALUE   (LST)  VALUE       VALUE  FROM      YEAR
                                                  NORMAL
..................................................................
TEMPERATURE (F)
 YESTERDAY
  MAXIMUM         34    315 PM  56    1967  29      5       14
  MINIMUM         16   1204 AM -13    1963  15      1       -8
  AVERAGE         25                        22      3        3

PRECIPITATION (IN)
  YESTERDAY        0.00          0.33 1965   0.05  -0.05     0.01
  MONTH TO DATE    1.19                      1.25  -0.06     2.24
  SINCE DEC 1      2.83                      3.17  -0.34     4.09
  SINCE JAN 1      1.19                      1.25  -0.06     2.24

SNOWFALL (IN)
  YESTERDAY        0.0           4.6    MM   0.4   -0.4      0.3
  MONTH TO DATE   12.5                       9.8    2.7     26.7
  SINCE DEC 1     13.1                      21.6   -8.5     43.6
  SINCE JUL 1     22.5                      24.5   -2.0     45.2
  SNOW DEPTH       5

DEGREE DAYS
 HEATING
  YESTERDAY       40                        43     -3       62
  MONTH TO DATE 1020                       978     42     1100
  SINCE DEC 1   2010                      2142   -132     2331
  SINCE JUL 1   3474                      3623   -149     3730

 COOLING
  YESTERDAY        0                         0      0        0
  MONTH TO DATE    0                         0      0        0
  SINCE DEC 1      0                         0      0        0
  SINCE JAN 1      0                         0      0        0
..................................................................


WIND (MPH)
  HIGHEST WIND SPEED    18   HIGHEST WIND DIRECTION    SW (220)
  HIGHEST GUST SPEED    24   HIGHEST GUST DIRECTION    SW (240)
  AVERAGE WIND SPEED    10.2


SKY COVER
  POSSIBLE SUNSHINE  MM
  AVERAGE SKY COVER 0.4


WEATHER CONDITIONS
 THE FOLLOWING WEATHER WAS RECORDED YESTERDAY.
  NO SIGNIFICANT WEATHER WAS OBSERVED.


RELATIVE HUMIDITY (PERCENT)
 HIGHEST    84          1200 AM
 LOWEST     61           200 PM
 AVERAGE    73

..........................................................


THE FLINT MI CLIMATE NORMALS FOR TODAY
                         NORMAL    RECORD    YEAR
 MAXIMUM TEMPERATURE (F)   29        57      1967
 MINIMUM TEMPERATURE (F)   15       -13      1963


SUNRISE AND SUNSET
JANUARY 24 2015.......SUNRISE   758 AM EST   SUNSET   537 PM EST
JANUARY 25 2015.......SUNRISE   757 AM EST   SUNSET   538 PM EST


-  INDICATES NEGATIVE NUMBERS.
R  INDICATES RECORD WAS SET OR TIED.
MM INDICATES DATA IS MISSING.
T  INDICATES TRACE AMOUNT.




$$
