000
CDUS43 KDTX 250538
CLIFNT


CLIMATE REPORT
NATIONAL WEATHER SERVICE DETROIT/PONTIAC MI
1238 AM EST WED FEB 25 2015


...................................

...THE FLINT MI CLIMATE SUMMARY FOR FEBRUARY 24 2015...

CLIMATE NORMAL PERIOD 1981 TO 2010
CLIMATE RECORD PERIOD 1921 TO 2015


WEATHER ITEM   OBSERVED TIME   RECORD YEAR NORMAL DEPARTURE LAST
                VALUE   (LST)  VALUE       VALUE  FROM      YEAR
                                                  NORMAL
..................................................................
TEMPERATURE (F)
 YESTERDAY
  MAXIMUM         24   1159 PM  57    2002  35    -11       22
                                      1930
  MINIMUM          4    110 AM  -9    1924  19    -15       14
  AVERAGE         14                        27    -13       18

PRECIPITATION (IN)
  YESTERDAY        T             0.76 2001   0.06  -0.06      T
  MONTH TO DATE    0.83                      1.24  -0.41     1.45
  SINCE DEC 1      3.77                      4.79  -1.02     5.83
  SINCE JAN 1      2.13                      2.87  -0.74     3.98

SNOWFALL (IN)
  YESTERDAY        T             5.3  2012   0.4   -0.4      0.2
  MONTH TO DATE   17.0                       9.4    7.6     20.6
  SINCE DEC 1     30.7                      34.3   -3.6     70.4
  SINCE JUL 1     40.1                      37.2    2.9     72.0
  SNOW DEPTH       9

DEGREE DAYS
 HEATING
  YESTERDAY       51                        38     13       47
  MONTH TO DATE 1265                       974    291     1135
  SINCE DEC 1   3613                      3457    156     3889
  SINCE JUL 1   5077                      4938    139     5288

 COOLING
  YESTERDAY        0                         0      0        0
  MONTH TO DATE    0                         0      0        0
  SINCE DEC 1      0                         0      0        0
  SINCE JAN 1      0                         0      0        0
..................................................................


WIND (MPH)
  HIGHEST WIND SPEED    29   HIGHEST WIND DIRECTION     W (250)
  HIGHEST GUST SPEED    37   HIGHEST GUST DIRECTION     W (260)
  AVERAGE WIND SPEED    15.1


SKY COVER
  POSSIBLE SUNSHINE  MM
  AVERAGE SKY COVER 0.6


WEATHER CONDITIONS
 THE FOLLOWING WEATHER WAS RECORDED YESTERDAY.
  LIGHT SNOW
  HAZE


RELATIVE HUMIDITY (PERCENT)
 HIGHEST    81          1100 PM
 LOWEST     37          1200 PM
 AVERAGE    59

..........................................................


THE FLINT MI CLIMATE NORMALS FOR TODAY
                         NORMAL    RECORD    YEAR
 MAXIMUM TEMPERATURE (F)   36        61      1976
 MINIMUM TEMPERATURE (F)   19       -15      1993


SUNRISE AND SUNSET
FEBRUARY 25 2015......SUNRISE   718 AM EST   SUNSET   619 PM EST
FEBRUARY 26 2015......SUNRISE   716 AM EST   SUNSET   620 PM EST


-  INDICATES NEGATIVE NUMBERS.
R  INDICATES RECORD WAS SET OR TIED.
MM INDICATES DATA IS MISSING.
T  INDICATES TRACE AMOUNT.




$$
