000
CDUS43 KDTX 082144
CLIFNT


CLIMATE REPORT
NATIONAL WEATHER SERVICE DETROIT/PONTIAC MI
442 PM EST FRI DEC 8 2017


...................................

...THE FLINT MI CLIMATE SUMMARY FOR DECEMBER 8 2017...
VALID TODAY AS OF 0400 PM LOCAL TIME.

CLIMATE NORMAL PERIOD 1981 TO 2010
CLIMATE RECORD PERIOD 1921 TO 2017


WEATHER ITEM   OBSERVED TIME   RECORD YEAR NORMAL DEPARTURE LAST
                VALUE   (LST)  VALUE       VALUE  FROM      YEAR
                                                  NORMAL
..................................................................
TEMPERATURE (F)
 TODAY
  MAXIMUM         30    359 PM  62    1966  36     -6       32
  MINIMUM         20    722 AM  -4    1976  23     -3       25
  AVERAGE         25                        30     -5       29

PRECIPITATION (IN)
  TODAY            0.00          0.80 1924   0.06  -0.06     0.01
  MONTH TO DATE    T                         0.55  -0.55     0.27
  SINCE DEC 1      T                         0.55  -0.55     0.27
  SINCE JAN 1     34.33                     30.00   4.33    29.42

SNOWFALL (IN)
  TODAY            0.0           4.8  1972   0.3   -0.3      0.5
  MONTH TO DATE    T                         2.5   -2.5      2.0
  SINCE DEC 1      T                         2.5   -2.5      2.0
  SINCE JUL 1      0.4                       5.4   -5.0      2.0
  SNOW DEPTH       0

DEGREE DAYS
 HEATING
  TODAY           40                        35      5       36
  MONTH TO DATE  237                       270    -33      247
  SINCE DEC 1    237                       270    -33      247
  SINCE JUL 1   1535                      1751   -216     1288

 COOLING
  TODAY            0                         0      0        0
  MONTH TO DATE    0                         0      0        0
  SINCE DEC 1      0                         0      0        0
  SINCE JAN 1    567                       531     36     1022
..................................................................


WIND (MPH)
  HIGHEST WIND SPEED    23   HIGHEST WIND DIRECTION    SW (240)
  HIGHEST GUST SPEED    29   HIGHEST GUST DIRECTION     W (250)
  AVERAGE WIND SPEED    12.9


SKY COVER
  POSSIBLE SUNSHINE  MM
  AVERAGE SKY COVER 0.5


WEATHER CONDITIONS
 THE FOLLOWING WEATHER WAS RECORDED TODAY.
  NO SIGNIFICANT WEATHER WAS OBSERVED.


RELATIVE HUMIDITY (PERCENT)
 HIGHEST    81          1200 AM
 LOWEST     53          1200 PM
 AVERAGE    67

..........................................................


THE FLINT MI CLIMATE NORMALS FOR TOMORROW
                         NORMAL    RECORD    YEAR
 MAXIMUM TEMPERATURE (F)   36        59      1946
 MINIMUM TEMPERATURE (F)   23        -4      1964


SUNRISE AND SUNSET
DECEMBER  8 2017......SUNRISE   754 AM EST   SUNSET   500 PM EST
DECEMBER  9 2017......SUNRISE   754 AM EST   SUNSET   500 PM EST


-  INDICATES NEGATIVE NUMBERS.
R  INDICATES RECORD WAS SET OR TIED.
MM INDICATES DATA IS MISSING.
T  INDICATES TRACE AMOUNT.




$$
