000
CDUS43 KDTX 110555
CLIFNT


CLIMATE REPORT
NATIONAL WEATHER SERVICE DETROIT/PONTIAC MI
155 AM EDT FRI JUL 11 2014


...................................

...THE FLINT MI CLIMATE SUMMARY FOR JULY 10 2014...

CLIMATE NORMAL PERIOD 1981 TO 2010
CLIMATE RECORD PERIOD 1921 TO 2014


WEATHER ITEM   OBSERVED TIME   RECORD YEAR NORMAL DEPARTURE LAST
                VALUE   (LST)  VALUE       VALUE  FROM      YEAR
                                                  NORMAL
..................................................................
TEMPERATURE (F)
 YESTERDAY
  MAXIMUM         77    606 PM 102    1936  82     -5       89
  MINIMUM         56    221 AM  43    1963  59     -3       65
  AVERAGE         67                        71     -4       77

PRECIPITATION (IN)
  YESTERDAY        0.00          1.63 1970   0.10  -0.10     0.00
  MONTH TO DATE    4.06                      0.97   3.09     0.31
  SINCE JUN 1      6.52                      4.04   2.48     4.82
  SINCE JAN 1     21.47                     15.03   6.44    21.58

SNOWFALL (IN)
  YESTERDAY        0.0           0.0    MM   0.0    0.0      0.0
  MONTH TO DATE    0.0                       0.0    0.0      0.0
  SINCE JUN 1      0.0                       0.0    0.0      0.0
  SINCE JUL 1      0.0                       0.0    0.0      0.0
  SNOW DEPTH       0

DEGREE DAYS
 HEATING
  YESTERDAY        0                         1     -1        0
  MONTH TO DATE    3                        10     -7        0
  SINCE JUN 1     25                        76    -51       41
  SINCE JUL 1      3                        10     -7        0

 COOLING
  YESTERDAY        2                         6     -4       12
  MONTH TO DATE   47                        60    -13       96
  SINCE JUN 1    199                       172     27      255
  SINCE JAN 1    247                       204     43      334
..................................................................


WIND (MPH)
  HIGHEST WIND SPEED    13   HIGHEST WIND DIRECTION    NW (320)
  HIGHEST GUST SPEED    28   HIGHEST GUST DIRECTION     E (110)
  AVERAGE WIND SPEED     5.7


SKY COVER
  POSSIBLE SUNSHINE  MM
  AVERAGE SKY COVER 0.3


WEATHER CONDITIONS
 THE FOLLOWING WEATHER WAS RECORDED YESTERDAY.
  NO SIGNIFICANT WEATHER WAS OBSERVED.


RELATIVE HUMIDITY (PERCENT)
 HIGHEST    93           200 AM
 LOWEST     43           500 PM
 AVERAGE    68

..........................................................


THE FLINT MI CLIMATE NORMALS FOR TODAY
                         NORMAL    RECORD    YEAR
 MAXIMUM TEMPERATURE (F)   82       104      1936
 MINIMUM TEMPERATURE (F)   59        41      1945


SUNRISE AND SUNSET
JULY 11 2014..........SUNRISE   606 AM EDT   SUNSET   914 PM EDT
JULY 12 2014..........SUNRISE   607 AM EDT   SUNSET   914 PM EDT


-  INDICATES NEGATIVE NUMBERS.
R  INDICATES RECORD WAS SET OR TIED.
MM INDICATES DATA IS MISSING.
T  INDICATES TRACE AMOUNT.




$$
