000
CDUS43 KDTX 202140
CLIFNT


CLIMATE REPORT
NATIONAL WEATHER SERVICE DETROIT/PONTIAC MI
438 PM EST FRI JAN 20 2017


...................................

...THE FLINT MI CLIMATE SUMMARY FOR JANUARY 20 2017...
VALID TODAY AS OF 0400 PM LOCAL TIME.

CLIMATE NORMAL PERIOD 1981 TO 2010
CLIMATE RECORD PERIOD 1921 TO 2017


WEATHER ITEM   OBSERVED TIME   RECORD YEAR NORMAL DEPARTURE LAST
                VALUE   (LST)  VALUE       VALUE  FROM      YEAR
                                                  NORMAL
..................................................................
TEMPERATURE (F)
 TODAY
  MAXIMUM         37    359 PM  52    1921  29      8       24
  MINIMUM         31    101 AM -12    1994  15     16       12
                                      1985
  AVERAGE         34                        22     12       18

PRECIPITATION (IN)
  TODAY            0.05          1.09 1974   0.05   0.00     0.02
  MONTH TO DATE    2.61                      1.11   1.50     1.08
  SINCE DEC 1      4.20                      3.03   1.17     2.98
  SINCE JAN 1      2.61                      1.11   1.50     1.08

SNOWFALL (IN)
  TODAY            0.0           6.8  1959   0.4   -0.4      0.2
  MONTH TO DATE    5.7                       8.5   -2.8     11.8
  SINCE DEC 1     25.9                      20.3    5.6     14.3
  SINCE JUL 1     25.9                      23.2    2.7     25.1
  SNOW DEPTH       0

DEGREE DAYS
 HEATING
  TODAY           31                        43    -12       47
  MONTH TO DATE  763                       849    -86      774
  SINCE DEC 1   1911                      2013   -102     1511
  SINCE JUL 1   2952                      3494   -542     2492

 COOLING
  TODAY            0                         0      0        0
  MONTH TO DATE    0                         0      0        0
  SINCE DEC 1      0                         0      0        0
  SINCE JAN 1      0                         0      0        0
..................................................................


WIND (MPH)
  HIGHEST WIND SPEED    14   HIGHEST WIND DIRECTION    NE (60)
  HIGHEST GUST SPEED    17   HIGHEST GUST DIRECTION     E (80)
  AVERAGE WIND SPEED     6.1


SKY COVER
  POSSIBLE SUNSHINE  MM
  AVERAGE SKY COVER 1.0


WEATHER CONDITIONS
 THE FOLLOWING WEATHER WAS RECORDED TODAY.
  LIGHT RAIN
  FOG


RELATIVE HUMIDITY (PERCENT)
 HIGHEST   100           100 AM
 LOWEST     89           600 AM
 AVERAGE    95

..........................................................


THE FLINT MI CLIMATE NORMALS FOR TOMORROW
                         NORMAL    RECORD    YEAR
 MAXIMUM TEMPERATURE (F)   29        55      1934
 MINIMUM TEMPERATURE (F)   15       -16      1984


SUNRISE AND SUNSET
JANUARY 20 2017.......SUNRISE   800 AM EST   SUNSET   532 PM EST
JANUARY 21 2017.......SUNRISE   759 AM EST   SUNSET   534 PM EST


-  INDICATES NEGATIVE NUMBERS.
R  INDICATES RECORD WAS SET OR TIED.
MM INDICATES DATA IS MISSING.
T  INDICATES TRACE AMOUNT.




$$
