000
CDUS43 KDTX 290536
CLIFNT


CLIMATE REPORT
NATIONAL WEATHER SERVICE DETROIT/PONTIAC MI
136 AM EDT MON SEP 29 2014


...................................

...THE FLINT MI CLIMATE SUMMARY FOR SEPTEMBER 28 2014...

CLIMATE NORMAL PERIOD 1981 TO 2010
CLIMATE RECORD PERIOD 1921 TO 2014


WEATHER ITEM   OBSERVED TIME   RECORD YEAR NORMAL DEPARTURE LAST
                VALUE   (LST)  VALUE       VALUE  FROM      YEAR
                                                  NORMAL
..................................................................
TEMPERATURE (F)
 YESTERDAY
  MAXIMUM         79    243 PM  87    1946  67     12       79
  MINIMUM         50    654 AM  26    1991  45      5       47
  AVERAGE         65                        56      9       63

PRECIPITATION (IN)
  YESTERDAY        0.00          1.04 1944   0.11  -0.11     0.00
  MONTH TO DATE    3.17                      3.52  -0.35     0.43
  SINCE SEP 1      3.17                      3.52  -0.35     0.43
  SINCE JAN 1     30.16                     24.08   6.08    26.02

SNOWFALL (IN)
  YESTERDAY        0.0           0.0    MM   0.0    0.0      0.0
  MONTH TO DATE    0.0                       0.0    0.0      0.0
  SINCE SEP 1      0.0                       0.0    0.0      0.0
  SINCE JUL 1      0.0                       0.0    0.0      0.0
  SNOW DEPTH       0

DEGREE DAYS
 HEATING
  YESTERDAY        0                        10    -10        2
  MONTH TO DATE  127                       145    -18      144
  SINCE SEP 1    127                       145    -18      144
  SINCE JUL 1    151                       189    -38      166

 COOLING
  YESTERDAY        0                         1     -1        0
  MONTH TO DATE   64                        47     17       73
  SINCE SEP 1     64                        47     17       73
  SINCE JAN 1    596                       524     72      743
..................................................................


WIND (MPH)
  HIGHEST WIND SPEED    10   HIGHEST WIND DIRECTION     E (100)
  HIGHEST GUST SPEED    13   HIGHEST GUST DIRECTION     E (100)
  AVERAGE WIND SPEED     1.5


SKY COVER
  POSSIBLE SUNSHINE  MM
  AVERAGE SKY COVER 0.0


WEATHER CONDITIONS
 THE FOLLOWING WEATHER WAS RECORDED YESTERDAY.
  FOG
  FOG W/VISIBILITY <= 1/4 MILE
  HAZE


RELATIVE HUMIDITY (PERCENT)
 HIGHEST    93           400 AM
 LOWEST     40           300 PM
 AVERAGE    67

..........................................................


THE FLINT MI CLIMATE NORMALS FOR TODAY
                         NORMAL    RECORD    YEAR
 MAXIMUM TEMPERATURE (F)   67        84      1939
 MINIMUM TEMPERATURE (F)   45        28      1951


SUNRISE AND SUNSET
SEPTEMBER 29 2014.....SUNRISE   730 AM EDT   SUNSET   720 PM EDT
SEPTEMBER 30 2014.....SUNRISE   731 AM EDT   SUNSET   718 PM EDT


-  INDICATES NEGATIVE NUMBERS.
R  INDICATES RECORD WAS SET OR TIED.
MM INDICATES DATA IS MISSING.
T  INDICATES TRACE AMOUNT.




$$
