000
CDUS43 KDTX 012039
CLIFNT


CLIMATE REPORT
NATIONAL WEATHER SERVICE DETROIT/PONTIAC MI
439 PM EDT SAT AUG 1 2015


...................................

...THE FLINT MI CLIMATE SUMMARY FOR AUGUST 1 2015...
VALID TODAY AS OF 0400 PM LOCAL TIME.

CLIMATE NORMAL PERIOD 1981 TO 2010
CLIMATE RECORD PERIOD 1921 TO 2015


WEATHER ITEM   OBSERVED TIME   RECORD YEAR NORMAL DEPARTURE LAST
                VALUE   (LST)  VALUE       VALUE  FROM      YEAR
                                                  NORMAL
..................................................................
TEMPERATURE (F)
 TODAY
  MAXIMUM         85    249 PM  98    1988  81      4       82
  MINIMUM         58    604 AM  43    1947  59     -1       61
  AVERAGE         72                        70      2       72

PRECIPITATION (IN)
  TODAY            T             1.80 1926   0.11  -0.11      T
  MONTH TO DATE    T                         0.11  -0.11      T
  SINCE JUN 1      8.40                      6.50   1.90     8.22
  SINCE JAN 1     16.52                     17.49  -0.97    23.17

SNOWFALL (IN)
  TODAY            0.0           0.0    MM   0.0    0.0      0.0
  MONTH TO DATE    0.0                       0.0    0.0      0.0
  SINCE JUN 1      0.0                       0.0    0.0      0.0
  SINCE JUL 1      0.0                       0.0    0.0      0.0
  SNOW DEPTH       0

DEGREE DAYS
 HEATING
  TODAY            0                         0      0        0
  MONTH TO DATE    0                         0      0        0
  SINCE JUN 1     36                        81    -45       39
  SINCE JUL 1      8                        15     -7       17

 COOLING
  TODAY            7                         6      1        7
  MONTH TO DATE    7                         6      1        7
  SINCE JUN 1    349                       305     44      288
  SINCE JAN 1    424                       337     87      336
..................................................................


WIND (MPH)
  HIGHEST WIND SPEED    23   HIGHEST WIND DIRECTION     W (280)
  HIGHEST GUST SPEED    28   HIGHEST GUST DIRECTION     W (280)
  AVERAGE WIND SPEED     7.7


SKY COVER
  POSSIBLE SUNSHINE  MM
  AVERAGE SKY COVER 0.2


WEATHER CONDITIONS
 THE FOLLOWING WEATHER WAS RECORDED TODAY.
  LIGHT RAIN


RELATIVE HUMIDITY (PERCENT)
 HIGHEST    84           500 AM
 LOWEST     27           300 PM
 AVERAGE    56

..........................................................


THE FLINT MI CLIMATE NORMALS FOR TOMORROW
                         NORMAL    RECORD    YEAR
 MAXIMUM TEMPERATURE (F)   81        97      1964
                                             1955
 MINIMUM TEMPERATURE (F)   59        42      1927


SUNRISE AND SUNSET
AUGUST  1 2015........SUNRISE   626 AM EDT   SUNSET   856 PM EDT
AUGUST  2 2015........SUNRISE   627 AM EDT   SUNSET   855 PM EDT


-  INDICATES NEGATIVE NUMBERS.
R  INDICATES RECORD WAS SET OR TIED.
MM INDICATES DATA IS MISSING.
T  INDICATES TRACE AMOUNT.




$$
