000
CDUS43 KDTX 202138
CLIFNT


CLIMATE REPORT
NATIONAL WEATHER SERVICE DETROIT/PONTIAC MI
437 PM EST MON FEB 20 2017


...................................

...THE FLINT MI CLIMATE SUMMARY FOR FEBRUARY 20 2017...
VALID TODAY AS OF 0400 PM LOCAL TIME.

CLIMATE NORMAL PERIOD 1981 TO 2010
CLIMATE RECORD PERIOD 1921 TO 2017


WEATHER ITEM   OBSERVED TIME   RECORD YEAR NORMAL DEPARTURE LAST
                VALUE   (LST)  VALUE       VALUE  FROM      YEAR
                                                  NORMAL
..................................................................
TEMPERATURE (F)
 TODAY
  MAXIMUM         56    303 PM  61    1930  34     22       57
  MINIMUM         29    459 AM -25    2015  18     11       40
  AVERAGE         43                        26     17       49

PRECIPITATION (IN)
  TODAY            0.00          0.65 2002   0.06  -0.06     0.00
  MONTH TO DATE    0.94                      1.01  -0.07     1.21
  SINCE DEC 1      5.66                      4.56   1.10     4.75
  SINCE JAN 1      4.07                      2.64   1.43     2.85

SNOWFALL (IN)
  TODAY            0.0           6.3  2011   0.4   -0.4      0.0
  MONTH TO DATE    1.8                       7.9   -6.1     12.4
  SINCE DEC 1     32.4                      32.8   -0.4     29.5
  SINCE JUL 1     32.4                      35.7   -3.3     40.3
  SNOW DEPTH       0

DEGREE DAYS
 HEATING
  TODAY           22                        39    -17       16
  MONTH TO DATE  679                       820   -141      745
  SINCE DEC 1   2940                      3303   -363     2621
  SINCE JUL 1   3981                      4784   -803     3602

 COOLING
  TODAY            0                         0      0        0
  MONTH TO DATE    0                         0      0        0
  SINCE DEC 1      0                         0      0        0
  SINCE JAN 1      0                         0      0        0
..................................................................


WIND (MPH)
  HIGHEST WIND SPEED    16   HIGHEST WIND DIRECTION    SE (140)
  HIGHEST GUST SPEED    22   HIGHEST GUST DIRECTION     E (110)
  AVERAGE WIND SPEED     6.2


SKY COVER
  POSSIBLE SUNSHINE  MM
  AVERAGE SKY COVER 0.0


WEATHER CONDITIONS
 THE FOLLOWING WEATHER WAS RECORDED TODAY.
  NO SIGNIFICANT WEATHER WAS OBSERVED.


RELATIVE HUMIDITY (PERCENT)
 HIGHEST    85           500 AM
 LOWEST     43           100 PM
 AVERAGE    64

..........................................................


THE FLINT MI CLIMATE NORMALS FOR TOMORROW
                         NORMAL    RECORD    YEAR
 MAXIMUM TEMPERATURE (F)   34        63      1930
 MINIMUM TEMPERATURE (F)   18        -9      1946


SUNRISE AND SUNSET
FEBRUARY 20 2017......SUNRISE   725 AM EST   SUNSET   613 PM EST
FEBRUARY 21 2017......SUNRISE   723 AM EST   SUNSET   614 PM EST


-  INDICATES NEGATIVE NUMBERS.
R  INDICATES RECORD WAS SET OR TIED.
MM INDICATES DATA IS MISSING.
T  INDICATES TRACE AMOUNT.




$$
