000
CDUS43 KDTX 180538
CLIFNT


CLIMATE REPORT
NATIONAL WEATHER SERVICE DETROIT/PONTIAC MI
1238 AM EST SUN FEB 18 2018


...................................

...THE FLINT MI CLIMATE SUMMARY FOR FEBRUARY 17 2018...

CLIMATE NORMAL PERIOD 1981 TO 2010
CLIMATE RECORD PERIOD 1921 TO 2018


WEATHER ITEM   OBSERVED TIME   RECORD YEAR NORMAL DEPARTURE LAST
                VALUE   (LST)  VALUE       VALUE  FROM      YEAR
                                                  NORMAL
..................................................................
TEMPERATURE (F)
 YESTERDAY
  MAXIMUM         33    305 PM  54    2011  33      0       48
  MINIMUM         13    340 AM -19    1979  17     -4       26
  AVERAGE         23                        25     -2       37

PRECIPITATION (IN)
  YESTERDAY        0.05          0.75 1938   0.05   0.00     0.00
  MONTH TO DATE    1.42                      0.84   0.58     0.94
  SINCE DEC 1      4.66                      4.39   0.27     5.66
  SINCE JAN 1      3.28                      2.47   0.81     4.07

SNOWFALL (IN)
  YESTERDAY        0.6           4.5  2014   0.4    0.2      0.0
  MONTH TO DATE   21.8                       6.8   15.0      1.8
  SINCE DEC 1     65.3                      31.7   33.6     32.4
  SINCE JUL 1     65.7                      34.6   31.1     32.4
  SNOW DEPTH       4

DEGREE DAYS
 HEATING
  YESTERDAY       42                        40      2       28
  MONTH TO DATE  778                       702     76      625
  SINCE DEC 1   3396                      3185    211     2886
  SINCE JUL 1   4694                      4666     28     3927

 COOLING
  YESTERDAY        0                         0      0        0
  MONTH TO DATE    0                         0      0        0
  SINCE DEC 1      0                         0      0        0
  SINCE JAN 1      0                         0      0        0
..................................................................


WIND (MPH)
  HIGHEST WIND SPEED    18   HIGHEST WIND DIRECTION    SW (240)
  HIGHEST GUST SPEED    22   HIGHEST GUST DIRECTION    SW (240)
  AVERAGE WIND SPEED     7.9


SKY COVER
  POSSIBLE SUNSHINE  MM
  AVERAGE SKY COVER 0.5


WEATHER CONDITIONS
 THE FOLLOWING WEATHER WAS RECORDED YESTERDAY.
  LIGHT SNOW
  FOG


RELATIVE HUMIDITY (PERCENT)
 HIGHEST    92           900 PM
 LOWEST     61           300 PM
 AVERAGE    77

..........................................................


THE FLINT MI CLIMATE NORMALS FOR TODAY
                         NORMAL    RECORD    YEAR
 MAXIMUM TEMPERATURE (F)   33        65      2017
 MINIMUM TEMPERATURE (F)   17       -11      1936


SUNRISE AND SUNSET
FEBRUARY 18 2018......SUNRISE   728 AM EST   SUNSET   610 PM EST
FEBRUARY 19 2018......SUNRISE   726 AM EST   SUNSET   612 PM EST


-  INDICATES NEGATIVE NUMBERS.
R  INDICATES RECORD WAS SET OR TIED.
MM INDICATES DATA IS MISSING.
T  INDICATES TRACE AMOUNT.




$$
