000
CDUS43 KDTX 140535
CLIFNT


CLIMATE REPORT
NATIONAL WEATHER SERVICE DETROIT/PONTIAC MI
135 AM EDT MON AUG 14 2017


...................................

...THE FLINT MI CLIMATE SUMMARY FOR AUGUST 13 2017...

CLIMATE NORMAL PERIOD 1981 TO 2010
CLIMATE RECORD PERIOD 1921 TO 2017


WEATHER ITEM   OBSERVED TIME   RECORD YEAR NORMAL DEPARTURE LAST
                VALUE   (LST)  VALUE       VALUE  FROM      YEAR
                                                  NORMAL
..................................................................
TEMPERATURE (F)
 YESTERDAY
  MAXIMUM         79    434 PM  96    1947  80     -1       91
  MINIMUM         52    609 AM  40    1939  59     -7       75
  AVERAGE         66                        69     -3       83

PRECIPITATION (IN)
  YESTERDAY        0.00          0.75 1963   0.11  -0.11     0.54
  MONTH TO DATE    1.70                      1.37   0.33     0.71
  SINCE JUN 1      7.08                      7.76  -0.68     3.13
  SINCE JAN 1     23.51                     18.75   4.76    15.36

SNOWFALL (IN)
  YESTERDAY        0.0           0.0    MM   0.0    0.0      0.0
  MONTH TO DATE    0.0                       0.0    0.0      0.0
  SINCE JUN 1      0.0                       0.0    0.0      0.0
  SINCE JUL 1      0.0                       0.0    0.0      0.0
  SNOW DEPTH       0

DEGREE DAYS
 HEATING
  YESTERDAY        0                         1     -1        0
  MONTH TO DATE    2                        12    -10        0
  SINCE JUN 1     42                        93    -51       28
  SINCE JUL 1      3                        27    -24        0

 COOLING
  YESTERDAY        1                         5     -4       18
  MONTH TO DATE   42                        70    -28      176
  SINCE JUN 1    376                       369      7      703
  SINCE JAN 1    401                       401      0      782
..................................................................


WIND (MPH)
  HIGHEST WIND SPEED    10   HIGHEST WIND DIRECTION     W (280)
  HIGHEST GUST SPEED    16   HIGHEST GUST DIRECTION     W (290)
  AVERAGE WIND SPEED     3.5


SKY COVER
  POSSIBLE SUNSHINE  MM
  AVERAGE SKY COVER 0.0


WEATHER CONDITIONS
 THE FOLLOWING WEATHER WAS RECORDED YESTERDAY.
  FOG


RELATIVE HUMIDITY (PERCENT)
 HIGHEST   100           100 AM
 LOWEST     43           300 PM
 AVERAGE    72

..........................................................


THE FLINT MI CLIMATE NORMALS FOR TODAY
                         NORMAL    RECORD    YEAR
 MAXIMUM TEMPERATURE (F)   80        97      1965
                                             1944
 MINIMUM TEMPERATURE (F)   58        41      1964


SUNRISE AND SUNSET
AUGUST 14 2017........SUNRISE   640 AM EDT   SUNSET   838 PM EDT
AUGUST 15 2017........SUNRISE   641 AM EDT   SUNSET   837 PM EDT


-  INDICATES NEGATIVE NUMBERS.
R  INDICATES RECORD WAS SET OR TIED.
MM INDICATES DATA IS MISSING.
T  INDICATES TRACE AMOUNT.




$$
