000
CDUS43 KDTX 230538
CLIFNT


CLIMATE REPORT
NATIONAL WEATHER SERVICE DETROIT/PONTIAC MI
1238 AM EST TUE DEC 23 2014


...................................

...THE FLINT MI CLIMATE SUMMARY FOR DECEMBER 22 2014...

CLIMATE NORMAL PERIOD 1981 TO 2010
CLIMATE RECORD PERIOD 1921 TO 2014


WEATHER ITEM   OBSERVED TIME   RECORD YEAR NORMAL DEPARTURE LAST
                VALUE   (LST)  VALUE       VALUE  FROM      YEAR
                                                  NORMAL
..................................................................
TEMPERATURE (F)
 YESTERDAY
  MAXIMUM         42    206 PM  56    1941  32     10       33
  MINIMUM         24    805 AM  -7    1989  19      5       26
                                      1975
  AVERAGE         33                        26      7       30

PRECIPITATION (IN)
  YESTERDAY        0.04          0.68 1931   0.06  -0.02     0.23
  MONTH TO DATE    0.42                      1.40  -0.98     1.45
  SINCE DEC 1      0.42                      1.40  -0.98     1.45
  SINCE JAN 1     34.20                     30.85   3.35    32.23

SNOWFALL (IN)
  YESTERDAY        0.0           5.5  1953   0.4   -0.4      0.1
  MONTH TO DATE    0.1                       8.0   -7.9      8.0
  SINCE DEC 1      0.1                       8.0   -7.9      8.0
  SINCE JUL 1      9.5                      10.9   -1.4      9.6
  SNOW DEPTH       0

DEGREE DAYS
 HEATING
  YESTERDAY       32                        40     -8       35
  MONTH TO DATE  712                       798    -86      857
  SINCE DEC 1    712                       798    -86      857
  SINCE JUL 1   2176                      2279   -103     2256

 COOLING
  YESTERDAY        0                         0      0        0
  MONTH TO DATE    0                         0      0        0
  SINCE DEC 1      0                         0      0        0
  SINCE JAN 1    597                       531     66      758
..................................................................


WIND (MPH)
  HIGHEST WIND SPEED    14   HIGHEST WIND DIRECTION     E (110)
  HIGHEST GUST SPEED    17   HIGHEST GUST DIRECTION     S (160)
  AVERAGE WIND SPEED     9.0


SKY COVER
  POSSIBLE SUNSHINE  MM
  AVERAGE SKY COVER 0.5


WEATHER CONDITIONS
 THE FOLLOWING WEATHER WAS RECORDED YESTERDAY.
  LIGHT RAIN
  FOG
  HAZE


RELATIVE HUMIDITY (PERCENT)
 HIGHEST    81           400 AM
 LOWEST     53           200 PM
 AVERAGE    67

..........................................................


THE FLINT MI CLIMATE NORMALS FOR TODAY
                         NORMAL    RECORD    YEAR
 MAXIMUM TEMPERATURE (F)   32        55      1982
                                             1957
 MINIMUM TEMPERATURE (F)   19       -12      1989


SUNRISE AND SUNSET
DECEMBER 23 2014......SUNRISE   804 AM EST   SUNSET   504 PM EST
DECEMBER 24 2014......SUNRISE   804 AM EST   SUNSET   505 PM EST


-  INDICATES NEGATIVE NUMBERS.
R  INDICATES RECORD WAS SET OR TIED.
MM INDICATES DATA IS MISSING.
T  INDICATES TRACE AMOUNT.




$$
