000
CDUS43 KDTX 170554
CLIFNT


CLIMATE REPORT
NATIONAL WEATHER SERVICE DETROIT/PONTIAC MI
1253 AM EST WED JAN 17 2018


...................................

...THE FLINT MI CLIMATE SUMMARY FOR JANUARY 16 2018...

CLIMATE NORMAL PERIOD 1981 TO 2010
CLIMATE RECORD PERIOD 1921 TO 2018


WEATHER ITEM   OBSERVED TIME   RECORD YEAR NORMAL DEPARTURE LAST
                VALUE   (LST)  VALUE       VALUE  FROM      YEAR
                                                  NORMAL
..................................................................
TEMPERATURE (F)
 YESTERDAY
  MAXIMUM         17    243 PM  54    1949  29    -12       33
  MINIMUM          0   1151 PM -14    1994  15    -15       17
                                      1972
  AVERAGE          9                        22    -13       25

PRECIPITATION (IN)
  YESTERDAY        0.03          0.45 1924   0.05  -0.02     0.19
  MONTH TO DATE    0.77                      0.90  -0.13     2.11
  SINCE DEC 1      2.15                      2.82  -0.67     3.70
  SINCE JAN 1      0.77                      0.90  -0.13     2.11

SNOWFALL (IN)
  YESTERDAY        1.4           6.0  1959   0.4    1.0      0.1
  MONTH TO DATE   10.1                       6.8    3.3      5.7
  SINCE DEC 1     33.4                      18.6   14.8     25.9
  SINCE JUL 1     33.8                      21.5   12.3     25.9
  SNOW DEPTH       6

DEGREE DAYS
 HEATING
  YESTERDAY       56                        43     13       40
  MONTH TO DATE  786                       677    109      644
  SINCE DEC 1   2094                      1841    253     1792
  SINCE JUL 1   3392                      3322     70     2833

 COOLING
  YESTERDAY        0                         0      0        0
  MONTH TO DATE    0                         0      0        0
  SINCE DEC 1      0                         0      0        0
  SINCE JAN 1      0                         0      0        0
..................................................................


WIND (MPH)
  HIGHEST WIND SPEED    12   HIGHEST WIND DIRECTION     W (270)
  HIGHEST GUST SPEED    14   HIGHEST GUST DIRECTION     W (280)
  AVERAGE WIND SPEED     5.3


SKY COVER
  POSSIBLE SUNSHINE  MM
  AVERAGE SKY COVER 0.9


WEATHER CONDITIONS
 THE FOLLOWING WEATHER WAS RECORDED YESTERDAY.
  LIGHT SNOW
  FOG
  FOG W/VISIBILITY <= 1/4 MILE
  HAZE


RELATIVE HUMIDITY (PERCENT)
 HIGHEST    96           200 AM
 LOWEST     80           100 PM
 AVERAGE    88

..........................................................


THE FLINT MI CLIMATE NORMALS FOR TODAY
                         NORMAL    RECORD    YEAR
 MAXIMUM TEMPERATURE (F)   29        60      1952
 MINIMUM TEMPERATURE (F)   15       -15      1982


SUNRISE AND SUNSET
JANUARY 17 2018.......SUNRISE   802 AM EST   SUNSET   528 PM EST
JANUARY 18 2018.......SUNRISE   802 AM EST   SUNSET   530 PM EST


-  INDICATES NEGATIVE NUMBERS.
R  INDICATES RECORD WAS SET OR TIED.
MM INDICATES DATA IS MISSING.
T  INDICATES TRACE AMOUNT.




$$
