000
CDUS43 KDTX 170538
CLIFNT


CLIMATE REPORT
NATIONAL WEATHER SERVICE DETROIT/PONTIAC MI
1238 AM EST TUE JAN 17 2017


...................................

...THE FLINT MI CLIMATE SUMMARY FOR JANUARY 16 2017...

CLIMATE NORMAL PERIOD 1981 TO 2010
CLIMATE RECORD PERIOD 1921 TO 2017


WEATHER ITEM   OBSERVED TIME   RECORD YEAR NORMAL DEPARTURE LAST
                VALUE   (LST)  VALUE       VALUE  FROM      YEAR
                                                  NORMAL
..................................................................
TEMPERATURE (F)
 YESTERDAY
  MAXIMUM         33   1159 PM  54    1949  29      4       37
  MINIMUM         17    610 AM -14    1994  15      2       30
                                      1972
  AVERAGE         25                        22      3       34

PRECIPITATION (IN)
  YESTERDAY        0.19          0.45 1924   0.05   0.14     0.01
  MONTH TO DATE    2.11                      0.90   1.21     1.06
  SINCE DEC 1      3.70                      2.82   0.88     2.96
  SINCE JAN 1      2.11                      0.90   1.21     1.06

SNOWFALL (IN)
  YESTERDAY        0.1           6.0  1959   0.4   -0.3      0.1
  MONTH TO DATE    5.7                       6.8   -1.1     11.6
  SINCE DEC 1     25.9                      18.6    7.3     14.1
  SINCE JUL 1     25.9                      21.5    4.4     24.9
  SNOW DEPTH       0

DEGREE DAYS
 HEATING
  YESTERDAY       40                        43     -3       31
  MONTH TO DATE  644                       677    -33      586
  SINCE DEC 1   1792                      1841    -49     1323
  SINCE JUL 1   2833                      3322   -489     2304

 COOLING
  YESTERDAY        0                         0      0        0
  MONTH TO DATE    0                         0      0        0
  SINCE DEC 1      0                         0      0        0
  SINCE JAN 1      0                         0      0        0
..................................................................


WIND (MPH)
  HIGHEST WIND SPEED    13   HIGHEST WIND DIRECTION    SE (120)
  HIGHEST GUST SPEED    14   HIGHEST GUST DIRECTION     E (100)
  AVERAGE WIND SPEED     4.4


SKY COVER
  POSSIBLE SUNSHINE  MM
  AVERAGE SKY COVER 0.6


WEATHER CONDITIONS
 THE FOLLOWING WEATHER WAS RECORDED YESTERDAY.
  LIGHT RAIN
  LT FREEZING RAIN
  LIGHT SNOW
  FOG


RELATIVE HUMIDITY (PERCENT)
 HIGHEST   100           600 AM
 LOWEST     72           100 PM
 AVERAGE    86

..........................................................


THE FLINT MI CLIMATE NORMALS FOR TODAY
                         NORMAL    RECORD    YEAR
 MAXIMUM TEMPERATURE (F)   29        60      1952
 MINIMUM TEMPERATURE (F)   15       -15      1982


SUNRISE AND SUNSET
JANUARY 17 2017.......SUNRISE   802 AM EST   SUNSET   529 PM EST
JANUARY 18 2017.......SUNRISE   801 AM EST   SUNSET   530 PM EST


-  INDICATES NEGATIVE NUMBERS.
R  INDICATES RECORD WAS SET OR TIED.
MM INDICATES DATA IS MISSING.
T  INDICATES TRACE AMOUNT.




$$
