000
CDUS43 KDTX 100535
CLIFNT


CLIMATE REPORT
NATIONAL WEATHER SERVICE DETROIT/PONTIAC MI
135 AM EDT THU APR 10 2014


...................................

...THE FLINT MI CLIMATE SUMMARY FOR APRIL 9 2014...

CLIMATE NORMAL PERIOD 1981 TO 2010
CLIMATE RECORD PERIOD 1921 TO 2014


WEATHER ITEM   OBSERVED TIME   RECORD YEAR NORMAL DEPARTURE LAST
                VALUE   (LST)  VALUE       VALUE  FROM      YEAR
                                                  NORMAL
..................................................................
TEMPERATURE (F)
 YESTERDAY
  MAXIMUM         57    537 PM  79    1931  55      2       52
  MINIMUM         29    618 AM  18    1997  33     -4       41
  AVERAGE         43                        44     -1       47

PRECIPITATION (IN)
  YESTERDAY        0.00          1.17 2013   0.10  -0.10     1.17
  MONTH TO DATE    0.43                      0.82  -0.39     1.46
  SINCE MAR 1      1.64                      2.73  -1.09     2.23
  SINCE JAN 1      5.65                      5.84  -0.19     7.69

SNOWFALL (IN)
  YESTERDAY        0.0           2.6  1973   0.1   -0.1      0.0
  MONTH TO DATE    T                         1.1   -1.1       T
  SINCE MAR 1      9.4                       7.6    1.8      5.1
  SINCE JUL 1     82.6                      46.2   36.4     43.6
  SNOW DEPTH       0

DEGREE DAYS
 HEATING
  YESTERDAY       22                        21      1       18
  MONTH TO DATE  206                       204      2      231
  SINCE MAR 1   1410                      1161    249     1244
  SINCE JUL 1   6931                      6249    682     5897

 COOLING
  YESTERDAY        0                         0      0        0
  MONTH TO DATE    0                         0      0        0
  SINCE MAR 1      0                         0      0        0
  SINCE JAN 1      0                         0      0        0
..................................................................


WIND (MPH)
  HIGHEST WIND SPEED    16   HIGHEST WIND DIRECTION    SW (240)
  HIGHEST GUST SPEED    21   HIGHEST GUST DIRECTION    SW (240)
  AVERAGE WIND SPEED     7.2


SKY COVER
  POSSIBLE SUNSHINE  MM
  AVERAGE SKY COVER 0.1


WEATHER CONDITIONS
 THE FOLLOWING WEATHER WAS RECORDED YESTERDAY.
  NO SIGNIFICANT WEATHER WAS OBSERVED.


RELATIVE HUMIDITY (PERCENT)
 HIGHEST    72           600 AM
 LOWEST     27           300 PM
 AVERAGE    50

..........................................................


THE FLINT MI CLIMATE NORMALS FOR TODAY
                         NORMAL    RECORD    YEAR
 MAXIMUM TEMPERATURE (F)   55        83      2011
 MINIMUM TEMPERATURE (F)   34        16      1989


SUNRISE AND SUNSET
APRIL 10 2014.........SUNRISE   702 AM EDT   SUNSET   812 PM EDT
APRIL 11 2014.........SUNRISE   700 AM EDT   SUNSET   813 PM EDT


-  INDICATES NEGATIVE NUMBERS.
R  INDICATES RECORD WAS SET OR TIED.
MM INDICATES DATA IS MISSING.
T  INDICATES TRACE AMOUNT.




$$
