817
CDUS43 KDTX 180536
CLIFNT


CLIMATE REPORT
NATIONAL WEATHER SERVICE DETROIT/PONTIAC MI
136 AM EDT THU MAY 18 2017


...................................

...THE FLINT MI CLIMATE SUMMARY FOR MAY 17 2017...

CLIMATE NORMAL PERIOD 1981 TO 2010
CLIMATE RECORD PERIOD 1921 TO 2017


WEATHER ITEM   OBSERVED TIME   RECORD YEAR NORMAL DEPARTURE LAST
                VALUE   (LST)  VALUE       VALUE  FROM      YEAR
                                                  NORMAL
..................................................................
TEMPERATURE (F)
 YESTERDAY
  MAXIMUM         85    406 PM  89    1962  69     16       68
  MINIMUM         68    545 AM  29    1973  46     22       42
  AVERAGE         77                        57     20       55

PRECIPITATION (IN)
  YESTERDAY        0.00          1.85 1923   0.10  -0.10     0.00
  MONTH TO DATE    1.61                      1.67  -0.06     1.64
  SINCE MAR 1     10.01                      6.47   3.54     8.30
  SINCE JAN 1     15.56                      9.58   5.98    12.15

SNOWFALL (IN)
  YESTERDAY        0.0           T      MM   0.0    0.0      0.0
  MONTH TO DATE    0.0                       0.0    0.0       T
  SINCE MAR 1      6.9                       8.8   -1.9     18.4
  SINCE JUL 1     39.4                      47.4   -8.0     69.0
  SNOW DEPTH       0

DEGREE DAYS
 HEATING
  YESTERDAY        0                         9     -9       10
  MONTH TO DATE  218                       186     32      169
  SINCE MAR 1   1580                      1705   -125     1448
  SINCE JUL 1   5729                      6793  -1064     5318

 COOLING
  YESTERDAY       12                         1     11        0
  MONTH TO DATE   15                         9      6        4
  SINCE MAR 1     18                        13      5        5
  SINCE JAN 1     18                        13      5        5
..................................................................


WIND (MPH)
  HIGHEST WIND SPEED    24   HIGHEST WIND DIRECTION    SW (210)
  HIGHEST GUST SPEED    36   HIGHEST GUST DIRECTION    SW (230)
  AVERAGE WIND SPEED    13.4


SKY COVER
  POSSIBLE SUNSHINE  MM
  AVERAGE SKY COVER 0.1


WEATHER CONDITIONS
 THE FOLLOWING WEATHER WAS RECORDED YESTERDAY.
  NO SIGNIFICANT WEATHER WAS OBSERVED.


RELATIVE HUMIDITY (PERCENT)
 HIGHEST    68           800 AM
 LOWEST     33           500 PM
 AVERAGE    51

..........................................................


THE FLINT MI CLIMATE NORMALS FOR TODAY
                         NORMAL    RECORD    YEAR
 MAXIMUM TEMPERATURE (F)   69        90      1998
 MINIMUM TEMPERATURE (F)   46        29      1973


SUNRISE AND SUNSET
MAY 18 2017...........SUNRISE   609 AM EDT   SUNSET   855 PM EDT
MAY 19 2017...........SUNRISE   608 AM EDT   SUNSET   856 PM EDT


-  INDICATES NEGATIVE NUMBERS.
R  INDICATES RECORD WAS SET OR TIED.
MM INDICATES DATA IS MISSING.
T  INDICATES TRACE AMOUNT.




$$
