000
CDUS43 KDTX 070545
CLIFNT


CLIMATE REPORT
NATIONAL WEATHER SERVICE DETROIT/PONTIAC MI
1244 AM EST WED DEC 7 2016


...................................

...THE FLINT MI CLIMATE SUMMARY FOR DECEMBER 6 2016...

CLIMATE NORMAL PERIOD 1981 TO 2010
CLIMATE RECORD PERIOD 1921 TO 2016


WEATHER ITEM   OBSERVED TIME   RECORD YEAR NORMAL DEPARTURE LAST
                VALUE   (LST)  VALUE       VALUE  FROM      YEAR
                                                  NORMAL
..................................................................
TEMPERATURE (F)
 YESTERDAY
  MAXIMUM         39    819 PM  66    1998  37      2       49
  MINIMUM         24    320 AM  -6    1926  24      0       27
  AVERAGE         32                        30      2       38

PRECIPITATION (IN)
  YESTERDAY        0.04          0.91 1975   0.07  -0.03     0.00
  MONTH TO DATE    0.26                      0.42  -0.16     0.03
  SINCE DEC 1      0.26                      0.42  -0.16     0.03
  SINCE JAN 1     29.41                     29.87  -0.46    27.41

SNOWFALL (IN)
  YESTERDAY        0.0           6.9  1962   0.3   -0.3      0.0
  MONTH TO DATE    1.5                       1.8   -0.3      0.1
  SINCE DEC 1      1.5                       1.8   -0.3      0.1
  SINCE JUL 1      1.5                       4.7   -3.2     10.9
  SNOW DEPTH       0

DEGREE DAYS
 HEATING
  YESTERDAY       33                        34     -1       27
  MONTH TO DATE  181                       200    -19      154
  SINCE DEC 1    181                       200    -19      154
  SINCE JUL 1   1222                      1681   -459     1135

 COOLING
  YESTERDAY        0                         0      0        0
  MONTH TO DATE    0                         0      0        0
  SINCE DEC 1      0                         0      0        0
  SINCE JAN 1   1022                       531    491      766
..................................................................


WIND (MPH)
  HIGHEST WIND SPEED    17   HIGHEST WIND DIRECTION     W (260)
  HIGHEST GUST SPEED    23   HIGHEST GUST DIRECTION     W (270)
  AVERAGE WIND SPEED     7.7


SKY COVER
  POSSIBLE SUNSHINE  MM
  AVERAGE SKY COVER 0.5


WEATHER CONDITIONS
 THE FOLLOWING WEATHER WAS RECORDED YESTERDAY.
  LIGHT RAIN
  FOG


RELATIVE HUMIDITY (PERCENT)
 HIGHEST   100           300 AM
 LOWEST     79           100 PM
 AVERAGE    90

..........................................................


THE FLINT MI CLIMATE NORMALS FOR TODAY
                         NORMAL    RECORD    YEAR
 MAXIMUM TEMPERATURE (F)   37        59      1951
                                             1946
 MINIMUM TEMPERATURE (F)   24         0      1983


SUNRISE AND SUNSET
DECEMBER  7 2016......SUNRISE   753 AM EST   SUNSET   500 PM EST
DECEMBER  8 2016......SUNRISE   754 AM EST   SUNSET   500 PM EST


-  INDICATES NEGATIVE NUMBERS.
R  INDICATES RECORD WAS SET OR TIED.
MM INDICATES DATA IS MISSING.
T  INDICATES TRACE AMOUNT.




$$
