000
CDUS43 KDTX 240555
CLIFNT


CLIMATE REPORT
NATIONAL WEATHER SERVICE DETROIT/PONTIAC MI
1255 AM EST WED DEC 24 2014


...................................

...THE FLINT MI CLIMATE SUMMARY FOR DECEMBER 23 2014...

CLIMATE NORMAL PERIOD 1981 TO 2010
CLIMATE RECORD PERIOD 1921 TO 2014


WEATHER ITEM   OBSERVED TIME   RECORD YEAR NORMAL DEPARTURE LAST
                VALUE   (LST)  VALUE       VALUE  FROM      YEAR
                                                  NORMAL
..................................................................
TEMPERATURE (F)
 YESTERDAY
  MAXIMUM         50    446 PM  55    1982  32     18       27
                                      1957
  MINIMUM         37    135 AM -12    1989  19     18       20
  AVERAGE         44                        25     19       24

PRECIPITATION (IN)
  YESTERDAY        0.07          0.80 1923   0.06   0.01     0.03
  MONTH TO DATE    0.49                      1.46  -0.97     1.48
  SINCE DEC 1      0.49                      1.46  -0.97     1.48
  SINCE JAN 1     34.27                     30.91   3.36    32.26

SNOWFALL (IN)
  YESTERDAY        0.0           4.9  2004   0.4   -0.4      0.8
  MONTH TO DATE    0.1                       8.4   -8.3      8.8
  SINCE DEC 1      0.1                       8.4   -8.3      8.8
  SINCE JUL 1      9.5                      11.3   -1.8     10.4
  SNOW DEPTH       0

DEGREE DAYS
 HEATING
  YESTERDAY       21                        40    -19       41
  MONTH TO DATE  733                       838   -105      898
  SINCE DEC 1    733                       838   -105      898
  SINCE JUL 1   2197                      2319   -122     2297

 COOLING
  YESTERDAY        0                         0      0        0
  MONTH TO DATE    0                         0      0        0
  SINCE DEC 1      0                         0      0        0
  SINCE JAN 1    597                       531     66      758
..................................................................


WIND (MPH)
  HIGHEST WIND SPEED    17   HIGHEST WIND DIRECTION     E (110)
  HIGHEST GUST SPEED    22   HIGHEST GUST DIRECTION     E (110)
  AVERAGE WIND SPEED     8.3


SKY COVER
  POSSIBLE SUNSHINE  MM
  AVERAGE SKY COVER 0.9


WEATHER CONDITIONS
 THE FOLLOWING WEATHER WAS RECORDED YESTERDAY.
  LIGHT RAIN
  FOG
  FOG W/VISIBILITY <= 1/4 MILE
  HAZE


RELATIVE HUMIDITY (PERCENT)
 HIGHEST    93           500 PM
 LOWEST     82          1000 AM
 AVERAGE    88

..........................................................


THE FLINT MI CLIMATE NORMALS FOR TODAY
                         NORMAL    RECORD    YEAR
 MAXIMUM TEMPERATURE (F)   32        56      1982
                                             1932
 MINIMUM TEMPERATURE (F)   18       -10      1960


SUNRISE AND SUNSET
DECEMBER 24 2014......SUNRISE   804 AM EST   SUNSET   505 PM EST
DECEMBER 25 2014......SUNRISE   805 AM EST   SUNSET   506 PM EST


-  INDICATES NEGATIVE NUMBERS.
R  INDICATES RECORD WAS SET OR TIED.
MM INDICATES DATA IS MISSING.
T  INDICATES TRACE AMOUNT.




$$
