274
CDUS43 KDTX 020539
CLIFNT


CLIMATE REPORT
NATIONAL WEATHER SERVICE DETROIT/PONTIAC MI
138 AM EDT MON MAY 2 2016


...................................

...THE FLINT MI CLIMATE SUMMARY FOR MAY 1 2016...

CLIMATE NORMAL PERIOD 1981 TO 2010
CLIMATE RECORD PERIOD 1921 TO 2016


WEATHER ITEM   OBSERVED TIME   RECORD YEAR NORMAL DEPARTURE LAST
                VALUE   (LST)  VALUE       VALUE  FROM      YEAR
                                                  NORMAL
..................................................................
TEMPERATURE (F)
 YESTERDAY
  MAXIMUM         53    339 PM  86    1942  64    -11       74
  MINIMUM         47   1159 PM  26    1978  40      7       41
                                      1963
  AVERAGE         50                        52     -2       58

PRECIPITATION (IN)
  YESTERDAY        0.08          1.39 2003   0.10  -0.02     0.00
  MONTH TO DATE    0.08                      0.10  -0.02     0.00
  SINCE MAR 1      6.74                      4.90   1.84     2.55
  SINCE JAN 1     10.59                      8.01   2.58     4.72

SNOWFALL (IN)
  YESTERDAY        0.0           0.3    MM   0.0    0.0      0.0
  MONTH TO DATE    0.0                       0.0    0.0      0.0
  SINCE MAR 1     18.4                       8.8    9.6      4.8
  SINCE JUL 1     69.0                      47.4   21.6     45.3
  SNOW DEPTH       0

DEGREE DAYS
 HEATING
  YESTERDAY       15                        13      2        7
  MONTH TO DATE   15                        13      2        7
  SINCE MAR 1   1294                      1532   -238     1488
  SINCE JUL 1   5164                      6620  -1456     6796

 COOLING
  YESTERDAY        0                         0      0        0
  MONTH TO DATE    0                         0      0        0
  SINCE MAR 1      1                         4     -3        0
  SINCE JAN 1      1                         4     -3        0
..................................................................


WIND (MPH)
  HIGHEST WIND SPEED    17   HIGHEST WIND DIRECTION    NE (50)
  HIGHEST GUST SPEED    25   HIGHEST GUST DIRECTION    NE (50)
  AVERAGE WIND SPEED    10.1


SKY COVER
  POSSIBLE SUNSHINE  MM
  AVERAGE SKY COVER 1.0


WEATHER CONDITIONS
 THE FOLLOWING WEATHER WAS RECORDED YESTERDAY.
  LIGHT RAIN
  FOG
  HAZE


RELATIVE HUMIDITY (PERCENT)
 HIGHEST    86          1200 AM
 LOWEST     71           300 PM
 AVERAGE    79

..........................................................


THE FLINT MI CLIMATE NORMALS FOR TODAY
                         NORMAL    RECORD    YEAR
 MAXIMUM TEMPERATURE (F)   64        85      2012
 MINIMUM TEMPERATURE (F)   41        27      1984


SUNRISE AND SUNSET
MAY  2 2016...........SUNRISE   627 AM EDT   SUNSET   838 PM EDT
MAY  3 2016...........SUNRISE   625 AM EDT   SUNSET   839 PM EDT


-  INDICATES NEGATIVE NUMBERS.
R  INDICATES RECORD WAS SET OR TIED.
MM INDICATES DATA IS MISSING.
T  INDICATES TRACE AMOUNT.




$$
