000
CDUS43 KDTX 150536
CLIFNT


CLIMATE REPORT
NATIONAL WEATHER SERVICE DETROIT/PONTIAC MI
136 AM EDT TUE APR 15 2014


...................................

...THE FLINT MI CLIMATE SUMMARY FOR APRIL 14 2014...

CLIMATE NORMAL PERIOD 1981 TO 2010
CLIMATE RECORD PERIOD 1921 TO 2014


WEATHER ITEM   OBSERVED TIME   RECORD YEAR NORMAL DEPARTURE LAST
                VALUE   (LST)  VALUE       VALUE  FROM      YEAR
                                                  NORMAL
..................................................................
TEMPERATURE (F)
 YESTERDAY
  MAXIMUM         69    526 AM  81    1941  57     12       48
  MINIMUM         29   1159 PM  20    1950  35     -6       32
                                      1943
  AVERAGE         49                        46      3       40

PRECIPITATION (IN)
  YESTERDAY        0.15          0.96 1968   0.11   0.04     0.01
  MONTH TO DATE    0.81                      1.34  -0.53     3.44
  SINCE MAR 1      2.02                      3.25  -1.23     4.21
  SINCE JAN 1      6.03                      6.36  -0.33     9.67

SNOWFALL (IN)
  YESTERDAY        0.6 R         0.5    MM   0.1    0.5      0.0
  MONTH TO DATE    0.6                       1.6   -1.0       T
  SINCE MAR 1     10.0                       8.1    1.9      5.1
  SINCE JUL 1     83.2                      46.7   36.5     43.6
  SNOW DEPTH       0

DEGREE DAYS
 HEATING
  YESTERDAY       16                        19     -3       25
  MONTH TO DATE  257                       304    -47      359
  SINCE MAR 1   1461                      1261    200     1372
  SINCE JUL 1   6982                      6349    633     6025

 COOLING
  YESTERDAY        0                         0      0        0
  MONTH TO DATE    0                         0      0        0
  SINCE MAR 1      0                         0      0        0
  SINCE JAN 1      0                         0      0        0
..................................................................


WIND (MPH)
  HIGHEST WIND SPEED    32   HIGHEST WIND DIRECTION     W (270)
  HIGHEST GUST SPEED    48   HIGHEST GUST DIRECTION    SW (210)
  AVERAGE WIND SPEED    16.1


SKY COVER
  POSSIBLE SUNSHINE  MM
  AVERAGE SKY COVER 0.8


WEATHER CONDITIONS
 THE FOLLOWING WEATHER WAS RECORDED YESTERDAY.
  LIGHT RAIN
  LIGHT SNOW
  FOG


RELATIVE HUMIDITY (PERCENT)
 HIGHEST    85          1000 PM
 LOWEST     47           500 AM
 AVERAGE    66

..........................................................


THE FLINT MI CLIMATE NORMALS FOR TODAY
                         NORMAL    RECORD    YEAR
 MAXIMUM TEMPERATURE (F)   57        85      2003
 MINIMUM TEMPERATURE (F)   35        20      1926


SUNRISE AND SUNSET
APRIL 15 2014.........SUNRISE   653 AM EDT   SUNSET   817 PM EDT
APRIL 16 2014.........SUNRISE   652 AM EDT   SUNSET   819 PM EDT


-  INDICATES NEGATIVE NUMBERS.
R  INDICATES RECORD WAS SET OR TIED.
MM INDICATES DATA IS MISSING.
T  INDICATES TRACE AMOUNT.




$$
