000
CDUS43 KDTX 110543
CLIFNT


CLIMATE REPORT
NATIONAL WEATHER SERVICE DETROIT/PONTIAC MI
143 AM EDT WED OCT 11 2017


...................................

...THE FLINT MI CLIMATE SUMMARY FOR OCTOBER 10 2017...

CLIMATE NORMAL PERIOD 1981 TO 2010
CLIMATE RECORD PERIOD 1921 TO 2017


WEATHER ITEM   OBSERVED TIME   RECORD YEAR NORMAL DEPARTURE LAST
                VALUE   (LST)  VALUE       VALUE  FROM      YEAR
                                                  NORMAL
..................................................................
TEMPERATURE (F)
 YESTERDAY
  MAXIMUM         67        MM  85    1949  62      5       61
                                      1938
  MINIMUM         51        MM  26    1993  41     10       33
                                      1964
                                      1956
  AVERAGE         59                        51      8       47

PRECIPITATION (IN)
  YESTERDAY        T             1.50 1921   0.09  -0.09     0.00
  MONTH TO DATE    0.80                      0.91  -0.11     0.62
  SINCE SEP 1      1.64                      4.66  -3.02     5.03
  SINCE JAN 1     27.33                     25.22   2.11    24.58

SNOWFALL (IN)
  YESTERDAY        0.0           T    1979   0.0    0.0      0.0
  MONTH TO DATE    0.0                       0.1   -0.1      0.0
  SINCE SEP 1      0.0                       0.1   -0.1      0.0
  SINCE JUL 1      0.0                       0.1   -0.1      0.0
  SNOW DEPTH       0

DEGREE DAYS
 HEATING
  YESTERDAY        6                        14     -8       18
  MONTH TO DATE   43                       124    -81       78
  SINCE SEP 1    166                       290   -124      148
  SINCE JUL 1    198                       334   -136      148

 COOLING
  YESTERDAY        0                         0      0        0
  MONTH TO DATE   13                         2     11        6
  SINCE SEP 1    108                        51     57       78
  SINCE JAN 1    565                       528     37     1017
..................................................................


WIND (MPH)
  HIGHEST WIND SPEED    15   HIGHEST WIND DIRECTION     E (70)
  HIGHEST GUST SPEED    MM   HIGHEST GUST DIRECTION    MM
  AVERAGE WIND SPEED     8.8


SKY COVER
  POSSIBLE SUNSHINE  MM
  AVERAGE SKY COVER 0.2


WEATHER CONDITIONS
 THE FOLLOWING WEATHER WAS RECORDED YESTERDAY.
  NO SIGNIFICANT WEATHER WAS OBSERVED.


RELATIVE HUMIDITY (PERCENT)
 HIGHEST    93           100 AM
 LOWEST     58           200 PM
 AVERAGE    76

..........................................................


THE FLINT MI CLIMATE NORMALS FOR TODAY
                         NORMAL    RECORD    YEAR
 MAXIMUM TEMPERATURE (F)   62        85      1938
 MINIMUM TEMPERATURE (F)   41        22      1964


SUNRISE AND SUNSET
OCTOBER 11 2017.......SUNRISE   744 AM EDT   SUNSET   658 PM EDT
OCTOBER 12 2017.......SUNRISE   745 AM EDT   SUNSET   657 PM EDT


-  INDICATES NEGATIVE NUMBERS.
R  INDICATES RECORD WAS SET OR TIED.
MM INDICATES DATA IS MISSING.
T  INDICATES TRACE AMOUNT.




$$
