934
CDUS43 KDTX 220535
CLIFNT


CLIMATE REPORT
NATIONAL WEATHER SERVICE DETROIT/PONTIAC MI
135 AM EDT MON MAY 22 2017


...................................

...THE FLINT MI CLIMATE SUMMARY FOR MAY 21 2017...

CLIMATE NORMAL PERIOD 1981 TO 2010
CLIMATE RECORD PERIOD 1921 TO 2017


WEATHER ITEM   OBSERVED TIME   RECORD YEAR NORMAL DEPARTURE LAST
                VALUE   (LST)  VALUE       VALUE  FROM      YEAR
                                                  NORMAL
..................................................................
TEMPERATURE (F)
 YESTERDAY
  MAXIMUM         76    425 PM  93    1921  70      6       76
  MINIMUM         52    235 AM  31    1954  47      5       51
  AVERAGE         64                        58      6       64

PRECIPITATION (IN)
  YESTERDAY        0.48          1.37 2014   0.11   0.37     0.00
  MONTH TO DATE    2.17                      2.08   0.09     1.64
  SINCE MAR 1     10.57                      6.88   3.69     8.30
  SINCE JAN 1     16.12                      9.99   6.13    12.15

SNOWFALL (IN)
  YESTERDAY        0.0           T      MM   0.0    0.0      0.0
  MONTH TO DATE    0.0                       0.0    0.0       T
  SINCE MAR 1      6.9                       8.8   -1.9     18.4
  SINCE JUL 1     39.4                      47.4   -8.0     69.0
  SNOW DEPTH       0

DEGREE DAYS
 HEATING
  YESTERDAY        1                         8     -7        1
  MONTH TO DATE  243                       218     25      197
  SINCE MAR 1   1605                      1737   -132     1476
  SINCE JUL 1   5754                      6825  -1071     5346

 COOLING
  YESTERDAY        0                         1     -1        0
  MONTH TO DATE   17                        13      4        4
  SINCE MAR 1     20                        17      3        5
  SINCE JAN 1     20                        17      3        5
..................................................................


WIND (MPH)
  HIGHEST WIND SPEED    25   HIGHEST WIND DIRECTION    SW (230)
  HIGHEST GUST SPEED    32   HIGHEST GUST DIRECTION    SW (230)
  AVERAGE WIND SPEED     9.7


SKY COVER
  POSSIBLE SUNSHINE  MM
  AVERAGE SKY COVER 0.9


WEATHER CONDITIONS
 THE FOLLOWING WEATHER WAS RECORDED YESTERDAY.
  THUNDERSTORM
  HEAVY RAIN
  RAIN
  LIGHT RAIN
  FOG


RELATIVE HUMIDITY (PERCENT)
 HIGHEST   100           600 AM
 LOWEST     49           500 PM
 AVERAGE    75

..........................................................


THE FLINT MI CLIMATE NORMALS FOR TODAY
                         NORMAL    RECORD    YEAR
 MAXIMUM TEMPERATURE (F)   70        91      1934
 MINIMUM TEMPERATURE (F)   47        32      1929


SUNRISE AND SUNSET
MAY 22 2017...........SUNRISE   605 AM EDT   SUNSET   859 PM EDT
MAY 23 2017...........SUNRISE   604 AM EDT   SUNSET   900 PM EDT


-  INDICATES NEGATIVE NUMBERS.
R  INDICATES RECORD WAS SET OR TIED.
MM INDICATES DATA IS MISSING.
T  INDICATES TRACE AMOUNT.




$$
