000
CDUS43 KDTX 150541
CLIFNT


CLIMATE REPORT
NATIONAL WEATHER SERVICE DETROIT/PONTIAC MI
141 AM EDT MON AUG 15 2016


...................................

...THE FLINT MI CLIMATE SUMMARY FOR AUGUST 14 2016...

CLIMATE NORMAL PERIOD 1981 TO 2010
CLIMATE RECORD PERIOD 1921 TO 2016


WEATHER ITEM   OBSERVED TIME   RECORD YEAR NORMAL DEPARTURE LAST
                VALUE   (LST)  VALUE       VALUE  FROM      YEAR
                                                  NORMAL
..................................................................
TEMPERATURE (F)
 YESTERDAY
  MAXIMUM         85    512 PM  97    1965  80      5       88
                                      1944
  MINIMUM         69    546 AM  41    1964  58     11       65
  AVERAGE         77                        69      8       77

PRECIPITATION (IN)
  YESTERDAY        0.01          1.52 1960   0.10  -0.09     0.30
  MONTH TO DATE    0.72                      1.47  -0.75     2.32
  SINCE JUN 1      3.14                      7.86  -4.72    10.72
  SINCE JAN 1     15.37                     18.85  -3.48    18.84

SNOWFALL (IN)
  YESTERDAY        0.0           0.0    MM   0.0    0.0      0.0
  MONTH TO DATE    0.0                       0.0    0.0      0.0
  SINCE JUN 1      0.0                       0.0    0.0      0.0
  SINCE JUL 1      0.0                       0.0    0.0      0.0
  SNOW DEPTH       0

DEGREE DAYS
 HEATING
  YESTERDAY        0                         1     -1        0
  MONTH TO DATE    0                        13    -13        0
  SINCE JUN 1     28                        94    -66       36
  SINCE JUL 1      0                        28    -28        8

 COOLING
  YESTERDAY       12                         5      7       12
  MONTH TO DATE  188                        75    113       90
  SINCE JUN 1    715                       374    341      432
  SINCE JAN 1    794                       406    388      507
..................................................................


WIND (MPH)
  HIGHEST WIND SPEED    12   HIGHEST WIND DIRECTION     W (270)
  HIGHEST GUST SPEED    17   HIGHEST GUST DIRECTION    NW (300)
  AVERAGE WIND SPEED     5.1


SKY COVER
  POSSIBLE SUNSHINE  MM
  AVERAGE SKY COVER 0.3


WEATHER CONDITIONS
 THE FOLLOWING WEATHER WAS RECORDED YESTERDAY.
  NO SIGNIFICANT WEATHER WAS OBSERVED.


RELATIVE HUMIDITY (PERCENT)
 HIGHEST    90           300 AM
 LOWEST     44           500 PM
 AVERAGE    67

..........................................................


THE FLINT MI CLIMATE NORMALS FOR TODAY
                         NORMAL    RECORD    YEAR
 MAXIMUM TEMPERATURE (F)   80        95      1944
 MINIMUM TEMPERATURE (F)   58        42      1964
                                             1962


SUNRISE AND SUNSET
AUGUST 15 2016........SUNRISE   641 AM EDT   SUNSET   836 PM EDT
AUGUST 16 2016........SUNRISE   643 AM EDT   SUNSET   835 PM EDT


-  INDICATES NEGATIVE NUMBERS.
R  INDICATES RECORD WAS SET OR TIED.
MM INDICATES DATA IS MISSING.
T  INDICATES TRACE AMOUNT.




$$
