000
CDUS43 KDTX 192026
CLIFNT


CLIMATE REPORT
NATIONAL WEATHER SERVICE DETROIT/PONTIAC MI
426 PM EDT TUE SEP 19 2017


...................................

...THE FLINT MI CLIMATE SUMMARY FOR SEPTEMBER 19 2017...
VALID TODAY AS OF 0400 PM LOCAL TIME.

CLIMATE NORMAL PERIOD 1981 TO 2010
CLIMATE RECORD PERIOD 1921 TO 2017


WEATHER ITEM   OBSERVED TIME   RECORD YEAR NORMAL DEPARTURE LAST
                VALUE   (LST)  VALUE       VALUE  FROM      YEAR
                                                  NORMAL
..................................................................
TEMPERATURE (F)
 TODAY
  MAXIMUM         69    259 PM  90    2002  71     -2       82
                                      1955
  MINIMUM         56    206 AM  33    1929  49      7       50
  AVERAGE         63                        60      3       66

PRECIPITATION (IN)
  TODAY            T             1.26 1960   0.13  -0.13     0.00
  MONTH TO DATE    0.59                      2.38  -1.79     2.57
  SINCE SEP 1      0.59                      2.38  -1.79     2.57
  SINCE JAN 1     26.28                     22.94   3.34    22.12

SNOWFALL (IN)
  TODAY            0.0           0.0    MM   0.0    0.0      0.0
  MONTH TO DATE    0.0                       0.0    0.0      0.0
  SINCE SEP 1      0.0                       0.0    0.0      0.0
  SINCE JUL 1      0.0                       0.0    0.0      0.0
  SNOW DEPTH       0

DEGREE DAYS
 HEATING
  TODAY            2                         6     -4        0
  MONTH TO DATE   95                        72     23       24
  SINCE SEP 1     95                        72     23       24
  SINCE JUL 1    127                       116     11       24

 COOLING
  TODAY            0                         1     -1        1
  MONTH TO DATE   16                        38    -22       63
  SINCE SEP 1     16                        38    -22       63
  SINCE JAN 1    473                       515    -42     1002
..................................................................


WIND (MPH)
  HIGHEST WIND SPEED    12   HIGHEST WIND DIRECTION    NE (60)
  HIGHEST GUST SPEED    18   HIGHEST GUST DIRECTION     E (80)
  AVERAGE WIND SPEED     5.8


SKY COVER
  POSSIBLE SUNSHINE  MM
  AVERAGE SKY COVER 0.7


WEATHER CONDITIONS
 THE FOLLOWING WEATHER WAS RECORDED TODAY.
  LIGHT RAIN


RELATIVE HUMIDITY (PERCENT)
 HIGHEST    93           400 AM
 LOWEST     78           900 AM
 AVERAGE    86

..........................................................


THE FLINT MI CLIMATE NORMALS FOR TOMORROW
                         NORMAL    RECORD    YEAR
 MAXIMUM TEMPERATURE (F)   71        89      1998
                                             1940
                                             1931
 MINIMUM TEMPERATURE (F)   48        33      1962
                                             1956


SUNRISE AND SUNSET
SEPTEMBER 19 2017.....SUNRISE   719 AM EDT   SUNSET   737 PM EDT
SEPTEMBER 20 2017.....SUNRISE   720 AM EDT   SUNSET   735 PM EDT


-  INDICATES NEGATIVE NUMBERS.
R  INDICATES RECORD WAS SET OR TIED.
MM INDICATES DATA IS MISSING.
T  INDICATES TRACE AMOUNT.




$$
