000
CDUS43 KDTX 110537
CLIFNT


CLIMATE REPORT
NATIONAL WEATHER SERVICE DETROIT/PONTIAC MI
136 AM EDT THU SEP 11 2014


...................................

...THE FLINT MI CLIMATE SUMMARY FOR SEPTEMBER 10 2014...

CLIMATE NORMAL PERIOD 1981 TO 2010
CLIMATE RECORD PERIOD 1921 TO 2014


WEATHER ITEM   OBSERVED TIME   RECORD YEAR NORMAL DEPARTURE LAST
                VALUE   (LST)  VALUE       VALUE  FROM      YEAR
                                                  NORMAL
..................................................................
TEMPERATURE (F)
 YESTERDAY
  MAXIMUM         77    648 PM  96    2013  75      2       96
  MINIMUM         64   1159 PM  36    1969  52     12       75
                                      1924
  AVERAGE         71                        63      8       86

PRECIPITATION (IN)
  YESTERDAY        0.32          6.04 1950   0.13   0.19     0.00
  MONTH TO DATE    1.42                      1.21   0.21     0.12
  SINCE SEP 1      1.42                      1.21   0.21     0.12
  SINCE JAN 1     28.41                     21.77   6.64    25.71

SNOWFALL (IN)
  YESTERDAY        0.0           0.0    MM   0.0    0.0      0.0
  MONTH TO DATE    0.0                       0.0    0.0      0.0
  SINCE SEP 1      0.0                       0.0    0.0      0.0
  SINCE JUL 1      0.0                       0.0    0.0      0.0
  SNOW DEPTH       0

DEGREE DAYS
 HEATING
  YESTERDAY        0                         4     -4        0
  MONTH TO DATE    1                        27    -26       13
  SINCE SEP 1      1                        27    -26       13
  SINCE JUL 1     25                        71    -46       35

 COOLING
  YESTERDAY        6                         2      4       21
  MONTH TO DATE   60                        25     35       38
  SINCE SEP 1     60                        25     35       38
  SINCE JAN 1    592                       502     90      708
..................................................................


WIND (MPH)
  HIGHEST WIND SPEED    31   HIGHEST WIND DIRECTION     W (290)
  HIGHEST GUST SPEED    39   HIGHEST GUST DIRECTION     W (290)
  AVERAGE WIND SPEED    12.5


SKY COVER
  POSSIBLE SUNSHINE  MM
  AVERAGE SKY COVER 0.8


WEATHER CONDITIONS
 THE FOLLOWING WEATHER WAS RECORDED YESTERDAY.
  RAIN
  LIGHT RAIN
  FOG


RELATIVE HUMIDITY (PERCENT)
 HIGHEST    90           200 PM
 LOWEST     68           900 AM
 AVERAGE    79

..........................................................


THE FLINT MI CLIMATE NORMALS FOR TODAY
                         NORMAL    RECORD    YEAR
 MAXIMUM TEMPERATURE (F)   74        95      1931
 MINIMUM TEMPERATURE (F)   52        36      1958
                                             1943
                                             1924


SUNRISE AND SUNSET
SEPTEMBER 11 2014.....SUNRISE   710 AM EDT   SUNSET   752 PM EDT
SEPTEMBER 12 2014.....SUNRISE   711 AM EDT   SUNSET   750 PM EDT


-  INDICATES NEGATIVE NUMBERS.
R  INDICATES RECORD WAS SET OR TIED.
MM INDICATES DATA IS MISSING.
T  INDICATES TRACE AMOUNT.




$$
