882
CDUS43 KDTX 240542
CLIFNT


CLIMATE REPORT
NATIONAL WEATHER SERVICE DETROIT/PONTIAC MI
142 AM EDT FRI MAR 24 2017


...................................

...THE FLINT MI CLIMATE SUMMARY FOR MARCH 23 2017...

CLIMATE NORMAL PERIOD 1981 TO 2010
CLIMATE RECORD PERIOD 1921 TO 2017


WEATHER ITEM   OBSERVED TIME   RECORD YEAR NORMAL DEPARTURE LAST
                VALUE   (LST)  VALUE       VALUE  FROM      YEAR
                                                  NORMAL
..................................................................
TEMPERATURE (F)
 YESTERDAY
  MAXIMUM         44    142 PM  73    2012  47     -3       47
  MINIMUM         19    645 AM   2    1965  27     -8       35
  AVERAGE         32                        37     -5       41

PRECIPITATION (IN)
  YESTERDAY        0.05          0.69 1938   0.07  -0.02     0.34
  MONTH TO DATE    0.83                      1.33  -0.50     1.91
  SINCE MAR 1      0.83                      1.33  -0.50     1.91
  SINCE JAN 1      6.38                      4.44   1.94     5.76

SNOWFALL (IN)
  YESTERDAY        0.0           6.0  1968   0.1   -0.1      0.3
  MONTH TO DATE    5.4                       5.3    0.1     11.5
  SINCE MAR 1      5.4                       5.3    0.1     11.5
  SINCE JUL 1     37.9                      43.9   -6.0     62.1
  SNOW DEPTH       0

DEGREE DAYS
 HEATING
  YESTERDAY       33                        28      5       24
  MONTH TO DATE  787                       746     41      554
  SINCE MAR 1    787                       746     41      554
  SINCE JUL 1   4936                      5834   -898     4424

 COOLING
  YESTERDAY        0                         0      0        0
  MONTH TO DATE    0                         0      0        1
  SINCE MAR 1      0                         0      0        1
  SINCE JAN 1      0                         0      0        1
..................................................................


WIND (MPH)
  HIGHEST WIND SPEED    18   HIGHEST WIND DIRECTION     S (170)
  HIGHEST GUST SPEED    24   HIGHEST GUST DIRECTION    SE (140)
  AVERAGE WIND SPEED     9.5


SKY COVER
  POSSIBLE SUNSHINE  MM
  AVERAGE SKY COVER 0.4


WEATHER CONDITIONS
 THE FOLLOWING WEATHER WAS RECORDED YESTERDAY.
  LIGHT RAIN


RELATIVE HUMIDITY (PERCENT)
 HIGHEST    84           300 AM
 LOWEST     25           500 PM
 AVERAGE    55

..........................................................


THE FLINT MI CLIMATE NORMALS FOR TODAY
                         NORMAL    RECORD    YEAR
 MAXIMUM TEMPERATURE (F)   47        73      1928
 MINIMUM TEMPERATURE (F)   28        -7      1965


SUNRISE AND SUNSET
MARCH 24 2017.........SUNRISE   731 AM EDT   SUNSET   752 PM EDT
MARCH 25 2017.........SUNRISE   729 AM EDT   SUNSET   753 PM EDT


-  INDICATES NEGATIVE NUMBERS.
R  INDICATES RECORD WAS SET OR TIED.
MM INDICATES DATA IS MISSING.
T  INDICATES TRACE AMOUNT.




$$
