576
CDUS43 KDTX 170550
CLIFNT


CLIMATE REPORT
NATIONAL WEATHER SERVICE DETROIT/PONTIAC MI
150 AM EDT TUE OCT 17 2017


...................................

...THE FLINT MI CLIMATE SUMMARY FOR OCTOBER 16 2017...

CLIMATE NORMAL PERIOD 1981 TO 2010
CLIMATE RECORD PERIOD 1921 TO 2017


WEATHER ITEM   OBSERVED TIME   RECORD YEAR NORMAL DEPARTURE LAST
                VALUE   (LST)  VALUE       VALUE  FROM      YEAR
                                                  NORMAL
..................................................................
TEMPERATURE (F)
 YESTERDAY
  MAXIMUM         57    342 PM  87    1938  60     -3       68
  MINIMUM         40    437 AM  25    1991  39      1       62
  AVERAGE         49                        49      0       65

PRECIPITATION (IN)
  YESTERDAY        0.00          1.90 2001   0.07  -0.07     0.76
  MONTH TO DATE    3.35                      1.36   1.99     1.97
  SINCE SEP 1      4.19                      5.11  -0.92     6.38
  SINCE JAN 1     29.88                     25.67   4.21    25.93

SNOWFALL (IN)
  YESTERDAY        0.0           T    1977   0.0    0.0      0.0
  MONTH TO DATE    0.0                       0.1   -0.1      0.0
  SINCE SEP 1      0.0                       0.1   -0.1      0.0
  SINCE JUL 1      0.0                       0.1   -0.1      0.0
  SNOW DEPTH       0

DEGREE DAYS
 HEATING
  YESTERDAY       16                        16      0        0
  MONTH TO DATE  100                       213   -113      134
  SINCE SEP 1    223                       379   -156      204
  SINCE JUL 1    255                       423   -168      204

 COOLING
  YESTERDAY        0                         0      0        0
  MONTH TO DATE   13                         2     11        6
  SINCE SEP 1    108                        51     57       78
  SINCE JAN 1    565                       528     37     1017
..................................................................


WIND (MPH)
  HIGHEST WIND SPEED    10   HIGHEST WIND DIRECTION     W (260)
  HIGHEST GUST SPEED    13   HIGHEST GUST DIRECTION     W (250)
  AVERAGE WIND SPEED     5.7


SKY COVER
  POSSIBLE SUNSHINE  MM
  AVERAGE SKY COVER 0.4


WEATHER CONDITIONS
 THE FOLLOWING WEATHER WAS RECORDED YESTERDAY.
  NO SIGNIFICANT WEATHER WAS OBSERVED.


RELATIVE HUMIDITY (PERCENT)
 HIGHEST    93           100 AM
 LOWEST     41           100 PM
 AVERAGE    67

..........................................................


THE FLINT MI CLIMATE NORMALS FOR TODAY
                         NORMAL    RECORD    YEAR
 MAXIMUM TEMPERATURE (F)   59        87      1938
 MINIMUM TEMPERATURE (F)   39        24      2002


SUNRISE AND SUNSET
OCTOBER 17 2017.......SUNRISE   751 AM EDT   SUNSET   649 PM EDT
OCTOBER 18 2017.......SUNRISE   752 AM EDT   SUNSET   647 PM EDT


-  INDICATES NEGATIVE NUMBERS.
R  INDICATES RECORD WAS SET OR TIED.
MM INDICATES DATA IS MISSING.
T  INDICATES TRACE AMOUNT.




$$
