000
CDUS43 KDTX 052141
CLIFNT


CLIMATE REPORT
NATIONAL WEATHER SERVICE DETROIT/PONTIAC MI
440 PM EST TUE DEC 5 2017


...................................

...THE FLINT MI CLIMATE SUMMARY FOR DECEMBER 5 2017...
VALID TODAY AS OF 0400 PM LOCAL TIME.

CLIMATE NORMAL PERIOD 1981 TO 2010
CLIMATE RECORD PERIOD 1921 TO 2017


WEATHER ITEM   OBSERVED TIME   RECORD YEAR NORMAL DEPARTURE LAST
                VALUE   (LST)  VALUE       VALUE  FROM      YEAR
                                                  NORMAL
..................................................................
TEMPERATURE (F)
 TODAY
  MAXIMUM         58    138 AM  70    2001  38     20       42
  MINIMUM         34    359 PM   6    1991  24     10       25
  AVERAGE         46                        31     15       34

PRECIPITATION (IN)
  TODAY            T             0.85 1999   0.07  -0.07      T
  MONTH TO DATE    T                         0.35  -0.35     0.22
  SINCE DEC 1      T                         0.35  -0.35     0.22
  SINCE JAN 1     34.33                     29.80   4.53    29.37

SNOWFALL (IN)
  TODAY            0.0           5.5  1991   0.3   -0.3      0.1
  MONTH TO DATE    0.0                       1.5   -1.5      1.5
  SINCE DEC 1      0.0                       1.5   -1.5      1.5
  SINCE JUL 1      0.4                       4.4   -4.0      1.5
  SNOW DEPTH       0

DEGREE DAYS
 HEATING
  TODAY           19                        34    -15       31
  MONTH TO DATE  122                       166    -44      148
  SINCE DEC 1    122                       166    -44      148
  SINCE JUL 1   1420                      1647   -227     1189

 COOLING
  TODAY            0                         0      0        0
  MONTH TO DATE    0                         0      0        0
  SINCE DEC 1      0                         0      0        0
  SINCE JAN 1    567                       531     36     1022
..................................................................


WIND (MPH)
  HIGHEST WIND SPEED    32   HIGHEST WIND DIRECTION     W (250)
  HIGHEST GUST SPEED    40   HIGHEST GUST DIRECTION    SW (240)
  AVERAGE WIND SPEED    21.3


SKY COVER
  POSSIBLE SUNSHINE  MM
  AVERAGE SKY COVER 0.6


WEATHER CONDITIONS
 THE FOLLOWING WEATHER WAS RECORDED TODAY.
  LIGHT RAIN


RELATIVE HUMIDITY (PERCENT)
 HIGHEST    83           500 AM
 LOWEST     44           300 PM
 AVERAGE    64

..........................................................


THE FLINT MI CLIMATE NORMALS FOR TOMORROW
                         NORMAL    RECORD    YEAR
 MAXIMUM TEMPERATURE (F)   37        66      1998
 MINIMUM TEMPERATURE (F)   24        -6      1926


SUNRISE AND SUNSET
DECEMBER  5 2017......SUNRISE   751 AM EST   SUNSET   500 PM EST
DECEMBER  6 2017......SUNRISE   752 AM EST   SUNSET   500 PM EST


-  INDICATES NEGATIVE NUMBERS.
R  INDICATES RECORD WAS SET OR TIED.
MM INDICATES DATA IS MISSING.
T  INDICATES TRACE AMOUNT.




$$
