000
CDUS43 KDTX 130535
CLIFNT


CLIMATE REPORT
NATIONAL WEATHER SERVICE DETROIT/PONTIAC MI
135 AM EDT SUN AUG 13 2017


...................................

...THE FLINT MI CLIMATE SUMMARY FOR AUGUST 12 2017...

CLIMATE NORMAL PERIOD 1981 TO 2010
CLIMATE RECORD PERIOD 1921 TO 2017


WEATHER ITEM   OBSERVED TIME   RECORD YEAR NORMAL DEPARTURE LAST
                VALUE   (LST)  VALUE       VALUE  FROM      YEAR
                                                  NORMAL
..................................................................
TEMPERATURE (F)
 YESTERDAY
  MAXIMUM         75    248 PM  96    2016  80     -5       96
  MINIMUM         57   1154 PM  39    1967  59     -2       77
  AVERAGE         66                        69     -3       87

PRECIPITATION (IN)
  YESTERDAY        0.38          1.22 1988   0.10   0.28     0.17
  MONTH TO DATE    1.70                      1.26   0.44     0.17
  SINCE JUN 1      7.08                      7.65  -0.57     2.59
  SINCE JAN 1     23.51                     18.64   4.87    14.82

SNOWFALL (IN)
  YESTERDAY        0.0           0.0    MM   0.0    0.0      0.0
  MONTH TO DATE    0.0                       0.0    0.0      0.0
  SINCE JUN 1      0.0                       0.0    0.0      0.0
  SINCE JUL 1      0.0                       0.0    0.0      0.0
  SNOW DEPTH       0

DEGREE DAYS
 HEATING
  YESTERDAY        0                         1     -1        0
  MONTH TO DATE    2                        11     -9        0
  SINCE JUN 1     42                        92    -50       28
  SINCE JUL 1      3                        26    -23        0

 COOLING
  YESTERDAY        1                         5     -4       22
  MONTH TO DATE   41                        65    -24      158
  SINCE JUN 1    375                       364     11      685
  SINCE JAN 1    400                       396      4      764
..................................................................


WIND (MPH)
  HIGHEST WIND SPEED    23   HIGHEST WIND DIRECTION     N (350)
  HIGHEST GUST SPEED    28   HIGHEST GUST DIRECTION     N (350)
  AVERAGE WIND SPEED     7.0


SKY COVER
  POSSIBLE SUNSHINE  MM
  AVERAGE SKY COVER 0.6


WEATHER CONDITIONS
 THE FOLLOWING WEATHER WAS RECORDED YESTERDAY.
  THUNDERSTORM
  HEAVY RAIN
  LIGHT RAIN
  FOG


RELATIVE HUMIDITY (PERCENT)
 HIGHEST    97           400 AM
 LOWEST     64           500 PM
 AVERAGE    81

..........................................................


THE FLINT MI CLIMATE NORMALS FOR TODAY
                         NORMAL    RECORD    YEAR
 MAXIMUM TEMPERATURE (F)   80        96      1947
 MINIMUM TEMPERATURE (F)   59        40      1939


SUNRISE AND SUNSET
AUGUST 13 2017........SUNRISE   639 AM EDT   SUNSET   840 PM EDT
AUGUST 14 2017........SUNRISE   640 AM EDT   SUNSET   838 PM EDT


-  INDICATES NEGATIVE NUMBERS.
R  INDICATES RECORD WAS SET OR TIED.
MM INDICATES DATA IS MISSING.
T  INDICATES TRACE AMOUNT.




$$
