000
CDUS43 KDTX 130537
CLIFNT


CLIMATE REPORT
NATIONAL WEATHER SERVICE DETROIT/PONTIAC MI
137 AM EDT WED JUL 13 2016


...................................

...THE FLINT MI CLIMATE SUMMARY FOR JULY 12 2016...

CLIMATE NORMAL PERIOD 1981 TO 2010
CLIMATE RECORD PERIOD 1921 TO 2016


WEATHER ITEM   OBSERVED TIME   RECORD YEAR NORMAL DEPARTURE LAST
                VALUE   (LST)  VALUE       VALUE  FROM      YEAR
                                                  NORMAL
..................................................................
TEMPERATURE (F)
 YESTERDAY
  MAXIMUM         95    327 PM 105    1936  82     13       85
  MINIMUM         70    525 AM  47    2002  59     11       66
                                      1978
                                      1959
  AVERAGE         83                        71     12       76

PRECIPITATION (IN)
  YESTERDAY        0.15          2.50 1937   0.09   0.06     0.00
  MONTH TO DATE    1.00                      1.16  -0.16     1.53
  SINCE JUN 1      1.67                      4.23  -2.56     6.99
  SINCE JAN 1     13.90                     15.22  -1.32    15.11

SNOWFALL (IN)
  YESTERDAY        0.0           0.0    MM   0.0    0.0      0.0
  MONTH TO DATE    0.0                       0.0    0.0      0.0
  SINCE JUN 1      0.0                       0.0    0.0      0.0
  SINCE JUL 1      0.0                       0.0    0.0      0.0
  SNOW DEPTH       0

DEGREE DAYS
 HEATING
  YESTERDAY        0                         0      0        0
  MONTH TO DATE    0                        10    -10        7
  SINCE JUN 1     28                        76    -48       35
  SINCE JUL 1      0                        10    -10        7

 COOLING
  YESTERDAY       18                         6     12       11
  MONTH TO DATE  113                        72     41       45
  SINCE JUN 1    291                       184    107      169
  SINCE JAN 1    370                       216    154      244
..................................................................


WIND (MPH)
  HIGHEST WIND SPEED    32   HIGHEST WIND DIRECTION     W (290)
  HIGHEST GUST SPEED    39   HIGHEST GUST DIRECTION     W (280)
  AVERAGE WIND SPEED    11.2


SKY COVER
  POSSIBLE SUNSHINE  MM
  AVERAGE SKY COVER 0.1


WEATHER CONDITIONS
 THE FOLLOWING WEATHER WAS RECORDED YESTERDAY.
  THUNDERSTORM
  RAIN
  LIGHT RAIN


RELATIVE HUMIDITY (PERCENT)
 HIGHEST    87          1100 PM
 LOWEST     33           200 PM
 AVERAGE    60

..........................................................


THE FLINT MI CLIMATE NORMALS FOR TODAY
                         NORMAL    RECORD    YEAR
 MAXIMUM TEMPERATURE (F)   82       108      1936
 MINIMUM TEMPERATURE (F)   59        45      2009


SUNRISE AND SUNSET
JULY 13 2016..........SUNRISE   608 AM EDT   SUNSET   913 PM EDT
JULY 14 2016..........SUNRISE   609 AM EDT   SUNSET   912 PM EDT


-  INDICATES NEGATIVE NUMBERS.
R  INDICATES RECORD WAS SET OR TIED.
MM INDICATES DATA IS MISSING.
T  INDICATES TRACE AMOUNT.




$$
