000
CDUS43 KDTX 190540
CLIFNT


CLIMATE REPORT
NATIONAL WEATHER SERVICE DETROIT/PONTIAC MI
139 AM EDT TUE MAY 19 2015


...................................

...THE FLINT MI CLIMATE SUMMARY FOR MAY 18 2015...

CLIMATE NORMAL PERIOD 1981 TO 2010
CLIMATE RECORD PERIOD 1921 TO 2015


WEATHER ITEM   OBSERVED TIME   RECORD YEAR NORMAL DEPARTURE LAST
                VALUE   (LST)  VALUE       VALUE  FROM      YEAR
                                                  NORMAL
..................................................................
TEMPERATURE (F)
 YESTERDAY
  MAXIMUM         84    431 PM  90    1998  69     15       68
  MINIMUM         59   1159 PM  29    1973  46     13       43
  AVERAGE         72                        58     14       56

PRECIPITATION (IN)
  YESTERDAY        0.09          2.23 2000   0.10  -0.01     0.00
  MONTH TO DATE    2.07                      1.77   0.30     4.99
  SINCE MAR 1      4.62                      6.57  -1.95     8.68
  SINCE JAN 1      6.79                      9.68  -2.89    12.69

SNOWFALL (IN)
  YESTERDAY        0.0           T      MM   0.0    0.0      0.0
  MONTH TO DATE    0.0                       0.0    0.0      0.0
  SINCE MAR 1      4.8                       8.8   -4.0     10.7
  SINCE JUL 1     45.3                      47.4   -2.1     83.9
  SNOW DEPTH       0

DEGREE DAYS
 HEATING
  YESTERDAY        0                         8     -8        9
  MONTH TO DATE   64                       194   -130      190
  SINCE MAR 1   1545                      1713   -168     1921
  SINCE JUL 1   6853                      6801     52     7442

 COOLING
  YESTERDAY        7                         1      6        0
  MONTH TO DATE   38                        10     28       17
  SINCE MAR 1     38                        14     24       17
  SINCE JAN 1     38                        14     24       17
..................................................................


WIND (MPH)
  HIGHEST WIND SPEED    29   HIGHEST WIND DIRECTION     W (250)
  HIGHEST GUST SPEED    39   HIGHEST GUST DIRECTION     W (250)
  AVERAGE WIND SPEED    10.5


SKY COVER
  POSSIBLE SUNSHINE  MM
  AVERAGE SKY COVER 0.1


WEATHER CONDITIONS
 THE FOLLOWING WEATHER WAS RECORDED YESTERDAY.
  HEAVY RAIN
  LIGHT RAIN


RELATIVE HUMIDITY (PERCENT)
 HIGHEST    84           300 AM
 LOWEST     43           200 PM
 AVERAGE    64

..........................................................


THE FLINT MI CLIMATE NORMALS FOR TODAY
                         NORMAL    RECORD    YEAR
 MAXIMUM TEMPERATURE (F)   70        89      1996
 MINIMUM TEMPERATURE (F)   46        29      2002


SUNRISE AND SUNSET
MAY 19 2015...........SUNRISE   608 AM EDT   SUNSET   855 PM EDT
MAY 20 2015...........SUNRISE   607 AM EDT   SUNSET   856 PM EDT


-  INDICATES NEGATIVE NUMBERS.
R  INDICATES RECORD WAS SET OR TIED.
MM INDICATES DATA IS MISSING.
T  INDICATES TRACE AMOUNT.




$$
