000
CDUS43 KDTX 300535
CLIFNT


CLIMATE REPORT
NATIONAL WEATHER SERVICE DETROIT/PONTIAC MI
135 AM EDT SAT APR 30 2016


...................................

...THE FLINT MI CLIMATE SUMMARY FOR APRIL 29 2016...

CLIMATE NORMAL PERIOD 1981 TO 2010
CLIMATE RECORD PERIOD 1921 TO 2016


WEATHER ITEM   OBSERVED TIME   RECORD YEAR NORMAL DEPARTURE LAST
                VALUE   (LST)  VALUE       VALUE  FROM      YEAR
                                                  NORMAL
..................................................................
TEMPERATURE (F)
 YESTERDAY
  MAXIMUM         54    504 PM  82    1942  63     -9       69
  MINIMUM         39   1159 PM  22    2012  40     -1       38
  AVERAGE         47                        51     -4       54

PRECIPITATION (IN)
  YESTERDAY        0.01          0.98 1956   0.10  -0.09     0.13
  MONTH TO DATE    1.97                      2.79  -0.82     1.63
  SINCE MAR 1      6.30                      4.70   1.60     2.55
  SINCE JAN 1     10.15                      7.81   2.34     4.72

SNOWFALL (IN)
  YESTERDAY        0.0           T      MM   0.0    0.0      0.0
  MONTH TO DATE    6.8                       2.3    4.5      0.3
  SINCE MAR 1     18.4                       8.8    9.6      4.8
  SINCE JUL 1     69.0                      47.4   21.6     45.3
  SNOW DEPTH       0

DEGREE DAYS
 HEATING
  YESTERDAY       18                        14      4       11
  MONTH TO DATE  549                       549      0      480
  SINCE MAR 1   1263                      1506   -243     1470
  SINCE JUL 1   5133                      6594  -1461     6778

 COOLING
  YESTERDAY        0                         0      0        0
  MONTH TO DATE    0                         0      0        0
  SINCE MAR 1      1                         0      1        0
  SINCE JAN 1      1                         0      1        0
..................................................................


WIND (MPH)
  HIGHEST WIND SPEED    15   HIGHEST WIND DIRECTION    NE (30)
  HIGHEST GUST SPEED    19   HIGHEST GUST DIRECTION    NE (30)
  AVERAGE WIND SPEED     5.7


SKY COVER
  POSSIBLE SUNSHINE  MM
  AVERAGE SKY COVER 0.9


WEATHER CONDITIONS
 THE FOLLOWING WEATHER WAS RECORDED YESTERDAY.
  LIGHT RAIN


RELATIVE HUMIDITY (PERCENT)
 HIGHEST    82          1100 PM
 LOWEST     50           700 PM
 AVERAGE    66

..........................................................


THE FLINT MI CLIMATE NORMALS FOR TODAY
                         NORMAL    RECORD    YEAR
 MAXIMUM TEMPERATURE (F)   63        86      1942
 MINIMUM TEMPERATURE (F)   40        20      1939


SUNRISE AND SUNSET
APRIL 30 2016.........SUNRISE   630 AM EDT   SUNSET   835 PM EDT
MAY  1 2016...........SUNRISE   628 AM EDT   SUNSET   836 PM EDT


-  INDICATES NEGATIVE NUMBERS.
R  INDICATES RECORD WAS SET OR TIED.
MM INDICATES DATA IS MISSING.
T  INDICATES TRACE AMOUNT.




$$
