000
CDUS43 KDTX 290555
CLIFNT


CLIMATE REPORT
NATIONAL WEATHER SERVICE DETROIT/PONTIAC MI
155 AM EDT FRI APR 29 2016


...................................

...THE FLINT MI CLIMATE SUMMARY FOR APRIL 28 2016...

CLIMATE NORMAL PERIOD 1981 TO 2010
CLIMATE RECORD PERIOD 1921 TO 2016


WEATHER ITEM   OBSERVED TIME   RECORD YEAR NORMAL DEPARTURE LAST
                VALUE   (LST)  VALUE       VALUE  FROM      YEAR
                                                  NORMAL
..................................................................
TEMPERATURE (F)
 YESTERDAY
  MAXIMUM         51    515 PM  85    1990  63    -12       65
                                      1986
  MINIMUM         41    504 AM  24    1946  40      1       30
  AVERAGE         46                        51     -5       48

PRECIPITATION (IN)
  YESTERDAY        0.05          1.14 1956   0.09  -0.04     0.00
  MONTH TO DATE    1.96                      2.69  -0.73     1.50
  SINCE MAR 1      6.29                      4.60   1.69     2.42
  SINCE JAN 1     10.14                      7.71   2.43     4.59

SNOWFALL (IN)
  YESTERDAY       MM             T      MM   0.1   MM        0.0
  MONTH TO DATE    6.8                       2.3    4.5      0.3
  SINCE MAR 1     18.4                       8.8    9.6      4.8
  SINCE JUL 1     69.0                      47.4   21.6     45.3
  SNOW DEPTH       0

DEGREE DAYS
 HEATING
  YESTERDAY       19                        14      5       17
  MONTH TO DATE  531                       535     -4      469
  SINCE MAR 1   1245                      1492   -247     1459
  SINCE JUL 1   5115                      6580  -1465     6767

 COOLING
  YESTERDAY        0                         0      0        0
  MONTH TO DATE    0                         0      0        0
  SINCE MAR 1      1                         0      1        0
  SINCE JAN 1      1                         0      1        0
..................................................................


WIND (MPH)
  HIGHEST WIND SPEED    17   HIGHEST WIND DIRECTION     E (70)
  HIGHEST GUST SPEED    25   HIGHEST GUST DIRECTION     E (90)
  AVERAGE WIND SPEED    11.0


SKY COVER
  POSSIBLE SUNSHINE  MM
  AVERAGE SKY COVER 0.8


WEATHER CONDITIONS
 THE FOLLOWING WEATHER WAS RECORDED YESTERDAY.
  LIGHT RAIN


RELATIVE HUMIDITY (PERCENT)
 HIGHEST    62          1000 AM
 LOWEST     30           200 AM
 AVERAGE    46

..........................................................


THE FLINT MI CLIMATE NORMALS FOR TODAY
                         NORMAL    RECORD    YEAR
 MAXIMUM TEMPERATURE (F)   63        82      1942
 MINIMUM TEMPERATURE (F)   40        22      2012


SUNRISE AND SUNSET
APRIL 29 2016.........SUNRISE   631 AM EDT   SUNSET   834 PM EDT
APRIL 30 2016.........SUNRISE   630 AM EDT   SUNSET   835 PM EDT


-  INDICATES NEGATIVE NUMBERS.
R  INDICATES RECORD WAS SET OR TIED.
MM INDICATES DATA IS MISSING.
T  INDICATES TRACE AMOUNT.




$$
