000
CDUS43 KDTX 182032
CLIFNT


CLIMATE REPORT
NATIONAL WEATHER SERVICE DETROIT/PONTIAC MI
432 PM EDT SAT MAR 18 2017


...................................

...THE FLINT MI CLIMATE SUMMARY FOR MARCH 18 2017...
VALID TODAY AS OF 0400 PM LOCAL TIME.

CLIMATE NORMAL PERIOD 1981 TO 2010
CLIMATE RECORD PERIOD 1921 TO 2017


WEATHER ITEM   OBSERVED TIME   RECORD YEAR NORMAL DEPARTURE LAST
                VALUE   (LST)  VALUE       VALUE  FROM      YEAR
                                                  NORMAL
..................................................................
TEMPERATURE (F)
 TODAY
  MAXIMUM         38    123 PM  75    2012  44     -6       46
  MINIMUM         32    756 AM   3    1959  25      7       31
  AVERAGE         35                        35      0       39

PRECIPITATION (IN)
  TODAY            0.06          0.38 1989   0.06   0.00     0.00
  MONTH TO DATE    0.72                      1.01  -0.29     1.56
  SINCE MAR 1      0.72                      1.01  -0.29     1.56
  SINCE JAN 1      6.27                      4.12   2.15     5.41

SNOWFALL (IN)
  TODAY            0.7           3.7  1977   0.2    0.5      0.0
  MONTH TO DATE    5.4                       4.5    0.9     11.2
  SINCE MAR 1      5.4                       4.5    0.9     11.2
  SINCE JUL 1     37.9                      43.1   -5.2     61.8
  SNOW DEPTH       1

DEGREE DAYS
 HEATING
  TODAY           30                        30      0       26
  MONTH TO DATE  642                       601     41      420
  SINCE MAR 1    642                       601     41      420
  SINCE JUL 1   4791                      5689   -898     4290

 COOLING
  TODAY            0                         0      0        0
  MONTH TO DATE    0                         0      0        1
  SINCE MAR 1      0                         0      0        1
  SINCE JAN 1      0                         0      0        1
..................................................................


WIND (MPH)
  HIGHEST WIND SPEED    12   HIGHEST WIND DIRECTION    NW (310)
  HIGHEST GUST SPEED    14   HIGHEST GUST DIRECTION    NW (300)
  AVERAGE WIND SPEED     5.7


SKY COVER
  POSSIBLE SUNSHINE  MM
  AVERAGE SKY COVER 1.0


WEATHER CONDITIONS
 THE FOLLOWING WEATHER WAS RECORDED TODAY.
  LIGHT SNOW
  FOG


RELATIVE HUMIDITY (PERCENT)
 HIGHEST   100           100 AM
 LOWEST     92          1100 AM
 AVERAGE    96

..........................................................


THE FLINT MI CLIMATE NORMALS FOR TOMORROW
                         NORMAL    RECORD    YEAR
 MAXIMUM TEMPERATURE (F)   45        80      2012
 MINIMUM TEMPERATURE (F)   26        -1      1923


SUNRISE AND SUNSET
MARCH 18 2017.........SUNRISE   741 AM EDT   SUNSET   745 PM EDT
MARCH 19 2017.........SUNRISE   740 AM EDT   SUNSET   746 PM EDT


-  INDICATES NEGATIVE NUMBERS.
R  INDICATES RECORD WAS SET OR TIED.
MM INDICATES DATA IS MISSING.
T  INDICATES TRACE AMOUNT.




$$
