000
CDUS43 KDTX 240537
CLIFNT


CLIMATE REPORT
NATIONAL WEATHER SERVICE DETROIT/PONTIAC MI
137 AM EDT SAT SEP 24 2016


...................................

...THE FLINT MI CLIMATE SUMMARY FOR SEPTEMBER 23 2016...

CLIMATE NORMAL PERIOD 1981 TO 2010
CLIMATE RECORD PERIOD 1921 TO 2016


WEATHER ITEM   OBSERVED TIME   RECORD YEAR NORMAL DEPARTURE LAST
                VALUE   (LST)  VALUE       VALUE  FROM      YEAR
                                                  NORMAL
..................................................................
TEMPERATURE (F)
 YESTERDAY
  MAXIMUM         72   1235 PM  89    1936  69      3       81
  MINIMUM         58   1159 PM  27    1995  47     11       47
  AVERAGE         65                        58      7       64

PRECIPITATION (IN)
  YESTERDAY        T             2.14 2000   0.12  -0.12     0.00
  MONTH TO DATE    2.66                      2.92  -0.26     3.48
  SINCE SEP 1      2.66                      2.92  -0.26     3.48
  SINCE JAN 1     22.21                     23.48  -1.27    22.85

SNOWFALL (IN)
  YESTERDAY        0.0           0.0    MM   0.0    0.0      0.0
  MONTH TO DATE    0.0                       0.0    0.0      0.0
  SINCE SEP 1      0.0                       0.0    0.0      0.0
  SINCE JUL 1      0.0                       0.0    0.0      0.0
  SNOW DEPTH       0

DEGREE DAYS
 HEATING
  YESTERDAY        0                         8     -8        1
  MONTH TO DATE   24                       101    -77       42
  SINCE SEP 1     24                       101    -77       42
  SINCE JUL 1     24                       145   -121       64

 COOLING
  YESTERDAY        0                         1     -1        0
  MONTH TO DATE   72                        42     30      131
  SINCE SEP 1     72                        42     30      131
  SINCE JAN 1   1011                       519    492      744
..................................................................


WIND (MPH)
  HIGHEST WIND SPEED    20   HIGHEST WIND DIRECTION    NE (40)
  HIGHEST GUST SPEED    24   HIGHEST GUST DIRECTION    NE (40)
  AVERAGE WIND SPEED     9.3


SKY COVER
  POSSIBLE SUNSHINE  MM
  AVERAGE SKY COVER 0.7


WEATHER CONDITIONS
 THE FOLLOWING WEATHER WAS RECORDED YESTERDAY.
  LIGHT RAIN
  FOG


RELATIVE HUMIDITY (PERCENT)
 HIGHEST   100           200 AM
 LOWEST     68           500 PM
 AVERAGE    84

..........................................................


THE FLINT MI CLIMATE NORMALS FOR TODAY
                         NORMAL    RECORD    YEAR
 MAXIMUM TEMPERATURE (F)   69        89      2007
 MINIMUM TEMPERATURE (F)   47        31      1989


SUNRISE AND SUNSET
SEPTEMBER 24 2016.....SUNRISE   725 AM EDT   SUNSET   728 PM EDT
SEPTEMBER 25 2016.....SUNRISE   726 AM EDT   SUNSET   726 PM EDT


-  INDICATES NEGATIVE NUMBERS.
R  INDICATES RECORD WAS SET OR TIED.
MM INDICATES DATA IS MISSING.
T  INDICATES TRACE AMOUNT.




$$
