000
CDUS43 KDTX 130535
CLIFNT


CLIMATE REPORT
NATIONAL WEATHER SERVICE DETROIT/PONTIAC MI
135 AM EDT SAT MAY 13 2017


...................................

...THE FLINT MI CLIMATE SUMMARY FOR MAY 12 2017...

CLIMATE NORMAL PERIOD 1981 TO 2010
CLIMATE RECORD PERIOD 1921 TO 2017


WEATHER ITEM   OBSERVED TIME   RECORD YEAR NORMAL DEPARTURE LAST
                VALUE   (LST)  VALUE       VALUE  FROM      YEAR
                                                  NORMAL
..................................................................
TEMPERATURE (F)
 YESTERDAY
  MAXIMUM         68    445 PM  88    1991  67      1       79
  MINIMUM         38    516 AM  29    1946  44     -6       58
  AVERAGE         53                        56     -3       69

PRECIPITATION (IN)
  YESTERDAY        0.00          1.19 2014   0.10  -0.10     0.31
  MONTH TO DATE    1.16                      1.18  -0.02     1.04
  SINCE MAR 1      9.56                      5.98   3.58     7.70
  SINCE JAN 1     15.11                      9.09   6.02    11.55

SNOWFALL (IN)
  YESTERDAY        0.0           0.0    MM   0.0    0.0      0.0
  MONTH TO DATE    0.0                       0.0    0.0      0.0
  SINCE MAR 1      6.9                       8.8   -1.9     18.4
  SINCE JUL 1     39.4                      47.4   -8.0     69.0
  SNOW DEPTH       0

DEGREE DAYS
 HEATING
  YESTERDAY       12                        10      2        0
  MONTH TO DATE  192                       139     53      105
  SINCE MAR 1   1554                      1658   -104     1384
  SINCE JUL 1   5703                      6746  -1043     5254

 COOLING
  YESTERDAY        0                         1     -1        4
  MONTH TO DATE    0                         4     -4        4
  SINCE MAR 1      3                         8     -5        5
  SINCE JAN 1      3                         8     -5        5
..................................................................


WIND (MPH)
  HIGHEST WIND SPEED    15   HIGHEST WIND DIRECTION     E (70)
  HIGHEST GUST SPEED    24   HIGHEST GUST DIRECTION     E (70)
  AVERAGE WIND SPEED     4.7


SKY COVER
  POSSIBLE SUNSHINE  MM
  AVERAGE SKY COVER 0.1


WEATHER CONDITIONS
 THE FOLLOWING WEATHER WAS RECORDED YESTERDAY.
  NO SIGNIFICANT WEATHER WAS OBSERVED.


RELATIVE HUMIDITY (PERCENT)
 HIGHEST    92           500 AM
 LOWEST     37           400 PM
 AVERAGE    65

..........................................................


THE FLINT MI CLIMATE NORMALS FOR TODAY
                         NORMAL    RECORD    YEAR
 MAXIMUM TEMPERATURE (F)   68        89      1940
 MINIMUM TEMPERATURE (F)   44        28      1946


SUNRISE AND SUNSET
MAY 13 2017...........SUNRISE   614 AM EDT   SUNSET   850 PM EDT
MAY 14 2017...........SUNRISE   613 AM EDT   SUNSET   851 PM EDT


-  INDICATES NEGATIVE NUMBERS.
R  INDICATES RECORD WAS SET OR TIED.
MM INDICATES DATA IS MISSING.
T  INDICATES TRACE AMOUNT.




$$
