000
CDUS43 KDTX 100537
CLIFNT


CLIMATE REPORT
NATIONAL WEATHER SERVICE DETROIT/PONTIAC MI
137 AM EDT MON JUL 10 2017


...................................

...THE FLINT MI CLIMATE SUMMARY FOR JULY 9 2017...

CLIMATE NORMAL PERIOD 1981 TO 2010
CLIMATE RECORD PERIOD 1921 TO 2017


WEATHER ITEM   OBSERVED TIME   RECORD YEAR NORMAL DEPARTURE LAST
                VALUE   (LST)  VALUE       VALUE  FROM      YEAR
                                                  NORMAL
..................................................................
TEMPERATURE (F)
 YESTERDAY
  MAXIMUM         83    314 PM 105    1936  82      1       82
  MINIMUM         55    434 AM  42    1963  59     -4       63
  AVERAGE         69                        71     -2       73

PRECIPITATION (IN)
  YESTERDAY        0.00          1.55 1949   0.10  -0.10     0.11
  MONTH TO DATE    0.68                      0.87  -0.19     0.85
  SINCE JUN 1      3.34                      3.94  -0.60     1.52
  SINCE JAN 1     19.77                     14.93   4.84    13.75

SNOWFALL (IN)
  YESTERDAY        0.0           0.0    MM   0.0    0.0      0.0
  MONTH TO DATE    0.0                       0.0    0.0      0.0
  SINCE JUN 1      0.0                       0.0    0.0      0.0
  SINCE JUL 1      0.0                       0.0    0.0      0.0
  SNOW DEPTH       0

DEGREE DAYS
 HEATING
  YESTERDAY        0                         1     -1        0
  MONTH TO DATE    0                         9     -9        0
  SINCE JUN 1     39                        75    -36       28
  SINCE JUL 1      0                         9     -9        0

 COOLING
  YESTERDAY        4                         6     -2        8
  MONTH TO DATE   47                        54     -7       75
  SINCE JUN 1    193                       166     27      253
  SINCE JAN 1    218                       198     20      332
..................................................................


WIND (MPH)
  HIGHEST WIND SPEED    17   HIGHEST WIND DIRECTION    SW (230)
  HIGHEST GUST SPEED    24   HIGHEST GUST DIRECTION     W (260)
  AVERAGE WIND SPEED     8.4


SKY COVER
  POSSIBLE SUNSHINE  MM
  AVERAGE SKY COVER 0.1


WEATHER CONDITIONS
 THE FOLLOWING WEATHER WAS RECORDED YESTERDAY.
  NO SIGNIFICANT WEATHER WAS OBSERVED.


RELATIVE HUMIDITY (PERCENT)
 HIGHEST    83           400 AM
 LOWEST     43           200 PM
 AVERAGE    63

..........................................................


THE FLINT MI CLIMATE NORMALS FOR TODAY
                         NORMAL    RECORD    YEAR
 MAXIMUM TEMPERATURE (F)   82       102      1936
 MINIMUM TEMPERATURE (F)   59        43      1963


SUNRISE AND SUNSET
JULY 10 2017..........SUNRISE   606 AM EDT   SUNSET   915 PM EDT
JULY 11 2017..........SUNRISE   606 AM EDT   SUNSET   914 PM EDT


-  INDICATES NEGATIVE NUMBERS.
R  INDICATES RECORD WAS SET OR TIED.
MM INDICATES DATA IS MISSING.
T  INDICATES TRACE AMOUNT.




$$
