000
CDUS43 KDTX 210539
CLIFNT


CLIMATE REPORT
NATIONAL WEATHER SERVICE DETROIT/PONTIAC MI
1237 AM EST FRI NOV 21 2014


...................................

...THE FLINT MI CLIMATE SUMMARY FOR NOVEMBER 20 2014...

CLIMATE NORMAL PERIOD 1981 TO 2010
CLIMATE RECORD PERIOD 1921 TO 2014


WEATHER ITEM   OBSERVED TIME   RECORD YEAR NORMAL DEPARTURE LAST
                VALUE   (LST)  VALUE       VALUE  FROM      YEAR
                                                  NORMAL
..................................................................
TEMPERATURE (F)
 YESTERDAY
  MAXIMUM         26   1141 AM  68    1953  45    -19       46
                                      1934
                                      1931
  MINIMUM         11R  1032 PM  14    1969  30    -19       23
                                      1951
  AVERAGE         19                        37    -18       35

PRECIPITATION (IN)
  YESTERDAY        0.07          1.40 1942   0.09  -0.02     0.00
  MONTH TO DATE    0.58                      1.83  -1.25     1.47
  SINCE SEP 1      5.68                      8.05  -2.37     4.99
  SINCE JAN 1     32.67                     28.61   4.06    30.58

SNOWFALL (IN)
  YESTERDAY        1.1           4.0  1986   0.1    1.0      0.0
  MONTH TO DATE    6.9                       1.0    5.9      0.4
  SINCE SEP 1      7.6                       1.4    6.2      0.4
  SINCE JUL 1      7.6                       1.4    6.2      0.4
  SNOW DEPTH       4

DEGREE DAYS
 HEATING
  YESTERDAY       46                        28     18       30
  MONTH TO DATE  581                       483     98      468
  SINCE SEP 1   1139                      1135      4     1012
  SINCE JUL 1   1163                      1179    -16     1034

 COOLING
  YESTERDAY        0                         0      0        0
  MONTH TO DATE    0                         0      0        0
  SINCE SEP 1     65                        54     11       88
  SINCE JAN 1    597                       531     66      758
..................................................................


WIND (MPH)
  HIGHEST WIND SPEED    24   HIGHEST WIND DIRECTION     W (270)
  HIGHEST GUST SPEED    29   HIGHEST GUST DIRECTION     W (280)
  AVERAGE WIND SPEED    12.0


SKY COVER
  POSSIBLE SUNSHINE  MM
  AVERAGE SKY COVER 0.7


WEATHER CONDITIONS
 THE FOLLOWING WEATHER WAS RECORDED YESTERDAY.
  HEAVY SNOW
  SNOW
  LIGHT SNOW
  FOG
  FOG W/VISIBILITY <= 1/4 MILE
  HAZE


RELATIVE HUMIDITY (PERCENT)
 HIGHEST    81           800 AM
 LOWEST     61           800 PM
 AVERAGE    71

..........................................................


THE FLINT MI CLIMATE NORMALS FOR TODAY
                         NORMAL    RECORD    YEAR
 MAXIMUM TEMPERATURE (F)   44        66      1931
 MINIMUM TEMPERATURE (F)   29         7      1969


SUNRISE AND SUNSET
NOVEMBER 21 2014......SUNRISE   735 AM EST   SUNSET   507 PM EST
NOVEMBER 22 2014......SUNRISE   736 AM EST   SUNSET   506 PM EST


-  INDICATES NEGATIVE NUMBERS.
R  INDICATES RECORD WAS SET OR TIED.
MM INDICATES DATA IS MISSING.
T  INDICATES TRACE AMOUNT.




$$
