000
CDUS43 KDTX 100541
CLIFNT


CLIMATE REPORT
NATIONAL WEATHER SERVICE DETROIT/PONTIAC MI
141 AM EDT WED AUG 10 2016


...................................

...THE FLINT MI CLIMATE SUMMARY FOR AUGUST 9 2016...

CLIMATE NORMAL PERIOD 1981 TO 2010
CLIMATE RECORD PERIOD 1921 TO 2016


WEATHER ITEM   OBSERVED TIME   RECORD YEAR NORMAL DEPARTURE LAST
                VALUE   (LST)  VALUE       VALUE  FROM      YEAR
                                                  NORMAL
..................................................................
TEMPERATURE (F)
 YESTERDAY
  MAXIMUM         93    329 PM  96    1934  81     12       84
  MINIMUM         57    229 AM  39    1964  59     -2       64
  AVERAGE         75                        70      5       74

PRECIPITATION (IN)
  YESTERDAY        0.00          2.23 1937   0.11  -0.11     0.02
  MONTH TO DATE    0.00                      0.95  -0.95     1.46
  SINCE JUN 1      2.42                      7.34  -4.92     9.86
  SINCE JAN 1     14.65                     18.33  -3.68    17.98

SNOWFALL (IN)
  YESTERDAY        0.0           0.0    MM   0.0    0.0      0.0
  MONTH TO DATE    0.0                       0.0    0.0      0.0
  SINCE JUN 1      0.0                       0.0    0.0      0.0
  SINCE JUL 1      0.0                       0.0    0.0      0.0
  SNOW DEPTH       0

DEGREE DAYS
 HEATING
  YESTERDAY        0                         1     -1        0
  MONTH TO DATE    0                         8     -8        0
  SINCE JUN 1     28                        89    -61       36
  SINCE JUL 1      0                        23    -23        8

 COOLING
  YESTERDAY       10                         5      5        9
  MONTH TO DATE  102                        50     52       50
  SINCE JUN 1    629                       349    280      392
  SINCE JAN 1    708                       381    327      467
..................................................................


WIND (MPH)
  HIGHEST WIND SPEED    16   HIGHEST WIND DIRECTION    SE (150)
  HIGHEST GUST SPEED    19   HIGHEST GUST DIRECTION     S (160)
  AVERAGE WIND SPEED     4.6


SKY COVER
  POSSIBLE SUNSHINE  MM
  AVERAGE SKY COVER 0.1


WEATHER CONDITIONS
 THE FOLLOWING WEATHER WAS RECORDED YESTERDAY.
  NO SIGNIFICANT WEATHER WAS OBSERVED.


RELATIVE HUMIDITY (PERCENT)
 HIGHEST    84           200 AM
 LOWEST     32           200 PM
 AVERAGE    58

..........................................................


THE FLINT MI CLIMATE NORMALS FOR TODAY
                         NORMAL    RECORD    YEAR
 MAXIMUM TEMPERATURE (F)   80        98      1944
 MINIMUM TEMPERATURE (F)   59        43      1972
                                             1962


SUNRISE AND SUNSET
AUGUST 10 2016........SUNRISE   636 AM EDT   SUNSET   844 PM EDT
AUGUST 11 2016........SUNRISE   637 AM EDT   SUNSET   842 PM EDT


-  INDICATES NEGATIVE NUMBERS.
R  INDICATES RECORD WAS SET OR TIED.
MM INDICATES DATA IS MISSING.
T  INDICATES TRACE AMOUNT.




$$
