000
CDUS43 KDTX 230538
CLIFNT


CLIMATE REPORT
NATIONAL WEATHER SERVICE DETROIT/PONTIAC MI
138 AM EDT THU JUL 23 2015


...................................

...THE FLINT MI CLIMATE SUMMARY FOR JULY 22 2015...

CLIMATE NORMAL PERIOD 1981 TO 2010
CLIMATE RECORD PERIOD 1921 TO 2015


WEATHER ITEM   OBSERVED TIME   RECORD YEAR NORMAL DEPARTURE LAST
                VALUE   (LST)  VALUE       VALUE  FROM      YEAR
                                                  NORMAL
..................................................................
TEMPERATURE (F)
 YESTERDAY
  MAXIMUM         79    550 PM  99    1934  82     -3       89
  MINIMUM         57    126 AM  47    1947  59     -2       62
  AVERAGE         68                        71     -3       76

PRECIPITATION (IN)
  YESTERDAY        0.00          2.10 1957   0.12  -0.12     0.00
  MONTH TO DATE    2.78                      2.27   0.51     4.68
  SINCE JUN 1      8.24                      5.34   2.90     7.14
  SINCE JAN 1     16.36                     16.33   0.03    22.09

SNOWFALL (IN)
  YESTERDAY        0.0           0.0    MM   0.0    0.0      0.0
  MONTH TO DATE    0.0                       0.0    0.0      0.0
  SINCE JUN 1      0.0                       0.0    0.0      0.0
  SINCE JUL 1      0.0                       0.0    0.0      0.0
  SNOW DEPTH       0

DEGREE DAYS
 HEATING
  YESTERDAY        0                         0      0        0
  MONTH TO DATE    8                        10     -2        8
  SINCE JUN 1     36                        76    -40       30
  SINCE JUL 1      8                        10     -2        8

 COOLING
  YESTERDAY        3                         6     -3       11
  MONTH TO DATE  119                       132    -13      108
  SINCE JUN 1    243                       244     -1      260
  SINCE JAN 1    318                       276     42      308
..................................................................


WIND (MPH)
  HIGHEST WIND SPEED    13   HIGHEST WIND DIRECTION     W (290)
  HIGHEST GUST SPEED    20   HIGHEST GUST DIRECTION     S (170)
  AVERAGE WIND SPEED     5.8


SKY COVER
  POSSIBLE SUNSHINE  MM
  AVERAGE SKY COVER 0.3


WEATHER CONDITIONS
 THE FOLLOWING WEATHER WAS RECORDED YESTERDAY.
  NO SIGNIFICANT WEATHER WAS OBSERVED.


RELATIVE HUMIDITY (PERCENT)
 HIGHEST    86           600 AM
 LOWEST     39           600 PM
 AVERAGE    63

..........................................................


THE FLINT MI CLIMATE NORMALS FOR TODAY
                         NORMAL    RECORD    YEAR
 MAXIMUM TEMPERATURE (F)   82       100      1933
                                             1924
 MINIMUM TEMPERATURE (F)   59        44      1985


SUNRISE AND SUNSET
JULY 23 2015..........SUNRISE   617 AM EDT   SUNSET   906 PM EDT
JULY 24 2015..........SUNRISE   618 AM EDT   SUNSET   905 PM EDT


-  INDICATES NEGATIVE NUMBERS.
R  INDICATES RECORD WAS SET OR TIED.
MM INDICATES DATA IS MISSING.
T  INDICATES TRACE AMOUNT.




$$
