000
CDUS43 KDTX 040604
CLIFNT


CLIMATE REPORT
NATIONAL WEATHER SERVICE DETROIT/PONTIAC MI
1252 AM EST WED JAN 4 2017


...................................

...THE FLINT MI CLIMATE SUMMARY FOR JANUARY 3 2017...

CLIMATE NORMAL PERIOD 1981 TO 2010
CLIMATE RECORD PERIOD 1921 TO 2017


WEATHER ITEM   OBSERVED TIME   RECORD YEAR NORMAL DEPARTURE LAST
                VALUE   (LST)  VALUE       VALUE  FROM      YEAR
                                                  NORMAL
..................................................................
TEMPERATURE (F)
 YESTERDAY
  MAXIMUM         41   1213 PM  59    2004  30     11       36
  MINIMUM         35   1159 PM -10    2014  16     19       26
  AVERAGE         38                        23     15       31

PRECIPITATION (IN)
  YESTERDAY        0.19          0.73 1950   0.05   0.14     0.00
  MONTH TO DATE    0.68                      0.17   0.51     0.05
  SINCE DEC 1      2.27                      2.09   0.18     1.95
  SINCE JAN 1      0.68                      0.17   0.51     0.05

SNOWFALL (IN)
  YESTERDAY        0.0           4.0  1943   0.5   -0.5      0.0
  MONTH TO DATE    0.0                       1.3   -1.3      1.4
  SINCE DEC 1     20.2                      13.1    7.1      3.9
  SINCE JUL 1     20.2                      16.0    4.2     14.7
  SNOW DEPTH       0

DEGREE DAYS
 HEATING
  YESTERDAY       27                        42    -15       34
  MONTH TO DATE   90                       125    -35      102
  SINCE DEC 1   1238                      1289    -51      839
  SINCE JUL 1   2279                      2770   -491     1820

 COOLING
  YESTERDAY        0                         0      0        0
  MONTH TO DATE    0                         0      0        0
  SINCE DEC 1      0                         0      0        0
  SINCE JAN 1      0                         0      0        0
..................................................................


WIND (MPH)
  HIGHEST WIND SPEED    24   HIGHEST WIND DIRECTION     W (280)
  HIGHEST GUST SPEED    32   HIGHEST GUST DIRECTION     W (290)
  AVERAGE WIND SPEED     8.2


SKY COVER
  POSSIBLE SUNSHINE  MM
  AVERAGE SKY COVER 1.0


WEATHER CONDITIONS
 THE FOLLOWING WEATHER WAS RECORDED YESTERDAY.
  RAIN
  LIGHT RAIN
  FOG
  FOG W/VISIBILITY <= 1/4 MILE


RELATIVE HUMIDITY (PERCENT)
 HIGHEST   100          1200 AM
 LOWEST     86          1200 PM
 AVERAGE    93

..........................................................


THE FLINT MI CLIMATE NORMALS FOR TODAY
                         NORMAL    RECORD    YEAR
 MAXIMUM TEMPERATURE (F)   30        61      1997
 MINIMUM TEMPERATURE (F)   16       -16      1981


SUNRISE AND SUNSET
JANUARY  4 2017.......SUNRISE   806 AM EST   SUNSET   514 PM EST
JANUARY  5 2017.......SUNRISE   806 AM EST   SUNSET   515 PM EST


-  INDICATES NEGATIVE NUMBERS.
R  INDICATES RECORD WAS SET OR TIED.
MM INDICATES DATA IS MISSING.
T  INDICATES TRACE AMOUNT.




$$
