000
CDUS43 KDTX 220538
CLIFNT


CLIMATE REPORT
NATIONAL WEATHER SERVICE DETROIT/PONTIAC MI
138 AM EDT SUN MAR 22 2015


...................................

...THE FLINT MI CLIMATE SUMMARY FOR MARCH 21 2015...

CLIMATE NORMAL PERIOD 1981 TO 2010
CLIMATE RECORD PERIOD 1921 TO 2015


WEATHER ITEM   OBSERVED TIME   RECORD YEAR NORMAL DEPARTURE LAST
                VALUE   (LST)  VALUE       VALUE  FROM      YEAR
                                                  NORMAL
..................................................................
TEMPERATURE (F)
 YESTERDAY
  MAXIMUM         50    227 PM  86    2012  46      4       44
  MINIMUM         26   1151 PM   7    1965  27     -1       20
  AVERAGE         38                        36      2       32

PRECIPITATION (IN)
  YESTERDAY        T             0.92 1972   0.06  -0.06     0.20
  MONTH TO DATE    0.26                      1.19  -0.93     0.99
  SINCE MAR 1      0.26                      1.19  -0.93     0.99
  SINCE JAN 1      2.43                      4.30  -1.87     5.00

SNOWFALL (IN)
  YESTERDAY        0.0           7.2  1983   0.1   -0.1       T
  MONTH TO DATE    3.4                       5.0   -1.6      8.6
  SINCE MAR 1      3.4                       5.0   -1.6      8.6
  SINCE JUL 1     43.9                      43.6    0.3     81.8
  SNOW DEPTH       0

DEGREE DAYS
 HEATING
  YESTERDAY       27                        29     -2       33
  MONTH TO DATE  671                       689    -18      865
  SINCE MAR 1    671                       689    -18      865
  SINCE JUL 1   5979                      5777    202     6386

 COOLING
  YESTERDAY        0                         0      0        0
  MONTH TO DATE    0                         0      0        0
  SINCE MAR 1      0                         0      0        0
  SINCE JAN 1      0                         0      0        0
..................................................................


WIND (MPH)
  HIGHEST WIND SPEED    24   HIGHEST WIND DIRECTION     W (290)
  HIGHEST GUST SPEED    31   HIGHEST GUST DIRECTION    NW (320)
  AVERAGE WIND SPEED    12.0


SKY COVER
  POSSIBLE SUNSHINE  MM
  AVERAGE SKY COVER 0.5


WEATHER CONDITIONS
 THE FOLLOWING WEATHER WAS RECORDED YESTERDAY.
  HAZE


RELATIVE HUMIDITY (PERCENT)
 HIGHEST    82           800 AM
 LOWEST     31           300 PM
 AVERAGE    57

..........................................................


THE FLINT MI CLIMATE NORMALS FOR TODAY
                         NORMAL    RECORD    YEAR
 MAXIMUM TEMPERATURE (F)   46        84      2012
 MINIMUM TEMPERATURE (F)   27         7      1940
                                             1934


SUNRISE AND SUNSET
MARCH 22 2015.........SUNRISE   735 AM EDT   SUNSET   749 PM EDT
MARCH 23 2015.........SUNRISE   733 AM EDT   SUNSET   750 PM EDT


-  INDICATES NEGATIVE NUMBERS.
R  INDICATES RECORD WAS SET OR TIED.
MM INDICATES DATA IS MISSING.
T  INDICATES TRACE AMOUNT.




$$
