000
CDUS43 KDTX 220536
CLIFNT


CLIMATE REPORT
NATIONAL WEATHER SERVICE DETROIT/PONTIAC MI
136 AM EDT THU JUN 22 2017


...................................

...THE FLINT MI CLIMATE SUMMARY FOR JUNE 21 2017...

CLIMATE NORMAL PERIOD 1981 TO 2010
CLIMATE RECORD PERIOD 1921 TO 2017


WEATHER ITEM   OBSERVED TIME   RECORD YEAR NORMAL DEPARTURE LAST
                VALUE   (LST)  VALUE       VALUE  FROM      YEAR
                                                  NORMAL
..................................................................
TEMPERATURE (F)
 YESTERDAY
  MAXIMUM         77    442 PM  98    1923  80     -3       85
  MINIMUM         48    408 AM  40    1969  57     -9       55
  AVERAGE         63                        68     -5       70

PRECIPITATION (IN)
  YESTERDAY        0.00          1.80 2006   0.11  -0.11     0.00
  MONTH TO DATE    1.84                      2.18  -0.34     0.66
  SINCE JUN 1      1.84                      2.18  -0.34     0.66
  SINCE JAN 1     18.27                     13.17   5.10    12.89

SNOWFALL (IN)
  YESTERDAY        0.0           0.0    MM   0.0    0.0      0.0
  MONTH TO DATE    0.0                       0.0    0.0      0.0
  SINCE JUN 1      0.0                       0.0    0.0      0.0
  SINCE JUL 1     39.4                      47.4   -8.0     69.0
  SNOW DEPTH       0

DEGREE DAYS
 HEATING
  YESTERDAY        2                         1      1        0
  MONTH TO DATE   27                        57    -30       22
  SINCE JUN 1     27                        57    -30       22
  SINCE JUL 1   5815                      6944  -1129     5378

 COOLING
  YESTERDAY        0                         5     -5        5
  MONTH TO DATE  108                        64     44      123
  SINCE JUN 1    108                        64     44      123
  SINCE JAN 1    133                        96     37      202
..................................................................


WIND (MPH)
  HIGHEST WIND SPEED    10   HIGHEST WIND DIRECTION    NW (310)
  HIGHEST GUST SPEED    14   HIGHEST GUST DIRECTION     N (10)
  AVERAGE WIND SPEED     3.5


SKY COVER
  POSSIBLE SUNSHINE  MM
  AVERAGE SKY COVER 0.1


WEATHER CONDITIONS
 THE FOLLOWING WEATHER WAS RECORDED YESTERDAY.
  FOG


RELATIVE HUMIDITY (PERCENT)
 HIGHEST    96           300 AM
 LOWEST     38           500 PM
 AVERAGE    67

..........................................................


THE FLINT MI CLIMATE NORMALS FOR TODAY
                         NORMAL    RECORD    YEAR
 MAXIMUM TEMPERATURE (F)   80        96      1923
 MINIMUM TEMPERATURE (F)   57        37      1963


SUNRISE AND SUNSET
JUNE 22 2017..........SUNRISE   556 AM EDT   SUNSET   918 PM EDT
JUNE 23 2017..........SUNRISE   557 AM EDT   SUNSET   918 PM EDT


-  INDICATES NEGATIVE NUMBERS.
R  INDICATES RECORD WAS SET OR TIED.
MM INDICATES DATA IS MISSING.
T  INDICATES TRACE AMOUNT.




$$
