685
CDUS43 KDTX 170537
CLIFNT


CLIMATE REPORT
NATIONAL WEATHER SERVICE DETROIT/PONTIAC MI
1237 AM EST SAT FEB 17 2018


...................................

...THE FLINT MI CLIMATE SUMMARY FOR FEBRUARY 16 2018...

CLIMATE NORMAL PERIOD 1981 TO 2010
CLIMATE RECORD PERIOD 1921 TO 2018


WEATHER ITEM   OBSERVED TIME   RECORD YEAR NORMAL DEPARTURE LAST
                VALUE   (LST)  VALUE       VALUE  FROM      YEAR
                                                  NORMAL
..................................................................
TEMPERATURE (F)
 YESTERDAY
  MAXIMUM         36   1209 AM  58    1921  33      3       32
  MINIMUM         19    923 PM -21    2015  17      2       23
  AVERAGE         28                        25      3       28

PRECIPITATION (IN)
  YESTERDAY        0.00          2.85 1954   0.05  -0.05      T
  MONTH TO DATE    1.37                      0.79   0.58     0.94
  SINCE DEC 1      4.61                      4.34   0.27     5.66
  SINCE JAN 1      3.23                      2.42   0.81     4.07

SNOWFALL (IN)
  YESTERDAY        0.0           4.1  1955   0.4   -0.4       T
  MONTH TO DATE   21.2                       6.4   14.8      1.8
  SINCE DEC 1     64.7                      31.3   33.4     32.4
  SINCE JUL 1     65.1                      34.2   30.9     32.4
  SNOW DEPTH       4

DEGREE DAYS
 HEATING
  YESTERDAY       37                        40     -3       37
  MONTH TO DATE  736                       662     74      597
  SINCE DEC 1   3354                      3145    209     2858
  SINCE JUL 1   4652                      4626     26     3899

 COOLING
  YESTERDAY        0                         0      0        0
  MONTH TO DATE    0                         0      0        0
  SINCE DEC 1      0                         0      0        0
  SINCE JAN 1      0                         0      0        0
..................................................................


WIND (MPH)
  HIGHEST WIND SPEED    20   HIGHEST WIND DIRECTION    NW (320)
  HIGHEST GUST SPEED    24   HIGHEST GUST DIRECTION    NW (320)
  AVERAGE WIND SPEED     9.8


SKY COVER
  POSSIBLE SUNSHINE  MM
  AVERAGE SKY COVER 0.6


WEATHER CONDITIONS
 THE FOLLOWING WEATHER WAS RECORDED YESTERDAY.
  NO SIGNIFICANT WEATHER WAS OBSERVED.


RELATIVE HUMIDITY (PERCENT)
 HIGHEST    85           400 AM
 LOWEST     49           500 PM
 AVERAGE    67

..........................................................


THE FLINT MI CLIMATE NORMALS FOR TODAY
                         NORMAL    RECORD    YEAR
 MAXIMUM TEMPERATURE (F)   33        54      2011
 MINIMUM TEMPERATURE (F)   17       -19      1979


SUNRISE AND SUNSET
FEBRUARY 17 2018......SUNRISE   729 AM EST   SUNSET   609 PM EST
FEBRUARY 18 2018......SUNRISE   728 AM EST   SUNSET   610 PM EST


-  INDICATES NEGATIVE NUMBERS.
R  INDICATES RECORD WAS SET OR TIED.
MM INDICATES DATA IS MISSING.
T  INDICATES TRACE AMOUNT.




$$
