000
CDUS43 KDTX 060535
CLIFNT


CLIMATE REPORT
NATIONAL WEATHER SERVICE DETROIT/PONTIAC MI
135 AM EDT SUN AUG 6 2017


...................................

...THE FLINT MI CLIMATE SUMMARY FOR AUGUST 5 2017...

CLIMATE NORMAL PERIOD 1981 TO 2010
CLIMATE RECORD PERIOD 1921 TO 2017


WEATHER ITEM   OBSERVED TIME   RECORD YEAR NORMAL DEPARTURE LAST
                VALUE   (LST)  VALUE       VALUE  FROM      YEAR
                                                  NORMAL
..................................................................
TEMPERATURE (F)
 YESTERDAY
  MAXIMUM         75    431 PM 100    1931  81     -6       93
  MINIMUM         53   1159 PM  44    1971  59     -6       68
  AVERAGE         64                        70     -6       81

PRECIPITATION (IN)
  YESTERDAY        0.00          1.12 1926   0.11  -0.11     0.00
  MONTH TO DATE    1.28                      0.53   0.75     0.00
  SINCE JUN 1      6.66                      6.92  -0.26     2.42
  SINCE JAN 1     23.09                     17.91   5.18    14.65

SNOWFALL (IN)
  YESTERDAY        0.0           0.0    MM   0.0    0.0      0.0
  MONTH TO DATE    0.0                       0.0    0.0      0.0
  SINCE JUN 1      0.0                       0.0    0.0      0.0
  SINCE JUL 1      0.0                       0.0    0.0      0.0
  SNOW DEPTH       0

DEGREE DAYS
 HEATING
  YESTERDAY        1                         1      0        0
  MONTH TO DATE    1                         4     -3        0
  SINCE JUN 1     41                        85    -44       28
  SINCE JUL 1      2                        19    -17        0

 COOLING
  YESTERDAY        0                         6     -6       16
  MONTH TO DATE   24                        30     -6       69
  SINCE JUN 1    358                       329     29      596
  SINCE JAN 1    383                       361     22      675
..................................................................


WIND (MPH)
  HIGHEST WIND SPEED    21   HIGHEST WIND DIRECTION     W (290)
  HIGHEST GUST SPEED    27   HIGHEST GUST DIRECTION    NW (300)
  AVERAGE WIND SPEED    10.3


SKY COVER
  POSSIBLE SUNSHINE  MM
  AVERAGE SKY COVER 0.2


WEATHER CONDITIONS
 THE FOLLOWING WEATHER WAS RECORDED YESTERDAY.
  NO SIGNIFICANT WEATHER WAS OBSERVED.


RELATIVE HUMIDITY (PERCENT)
 HIGHEST    86          1000 PM
 LOWEST     41           200 PM
 AVERAGE    64

..........................................................


THE FLINT MI CLIMATE NORMALS FOR TODAY
                         NORMAL    RECORD    YEAR
 MAXIMUM TEMPERATURE (F)   81       103      1931
 MINIMUM TEMPERATURE (F)   59        44      1997


SUNRISE AND SUNSET
AUGUST  6 2017........SUNRISE   631 AM EDT   SUNSET   849 PM EDT
AUGUST  7 2017........SUNRISE   633 AM EDT   SUNSET   848 PM EDT


-  INDICATES NEGATIVE NUMBERS.
R  INDICATES RECORD WAS SET OR TIED.
MM INDICATES DATA IS MISSING.
T  INDICATES TRACE AMOUNT.




$$
