000
CDUS43 KDTX 220543
CLIFNT


CLIMATE REPORT
NATIONAL WEATHER SERVICE DETROIT/PONTIAC MI
143 AM EDT TUE AUG 22 2017


...................................

...THE FLINT MI CLIMATE SUMMARY FOR AUGUST 21 2017...

CLIMATE NORMAL PERIOD 1981 TO 2010
CLIMATE RECORD PERIOD 1921 TO 2017


WEATHER ITEM   OBSERVED TIME   RECORD YEAR NORMAL DEPARTURE LAST
                VALUE   (LST)  VALUE       VALUE  FROM      YEAR
                                                  NORMAL
..................................................................
TEMPERATURE (F)
 YESTERDAY
  MAXIMUM         87    245 PM  97    1955  79      8       78
  MINIMUM         65    614 AM  41    1950  58      7       61
  AVERAGE         76                        68      8       70

PRECIPITATION (IN)
  YESTERDAY        T             4.00 1975   0.10  -0.10     0.01
  MONTH TO DATE    3.43                      2.16   1.27     3.62
  SINCE JUN 1      8.81                      8.55   0.26     6.04
  SINCE JAN 1     25.24                     19.54   5.70    18.27

SNOWFALL (IN)
  YESTERDAY        0.0           0.0    MM   0.0    0.0      0.0
  MONTH TO DATE    0.0                       0.0    0.0      0.0
  SINCE JUN 1      0.0                       0.0    0.0      0.0
  SINCE JUL 1      0.0                       0.0    0.0      0.0
  SNOW DEPTH       0

DEGREE DAYS
 HEATING
  YESTERDAY        0                         1     -1        0
  MONTH TO DATE    2                        20    -18        0
  SINCE JUN 1     42                       101    -59       28
  SINCE JUL 1      3                        35    -32        0

 COOLING
  YESTERDAY       11                         4      7        5
  MONTH TO DATE   88                       109    -21      267
  SINCE JUN 1    422                       408     14      794
  SINCE JAN 1    447                       440      7      873
..................................................................


WIND (MPH)
  HIGHEST WIND SPEED    20   HIGHEST WIND DIRECTION     W (250)
  HIGHEST GUST SPEED    25   HIGHEST GUST DIRECTION    SW (230)
  AVERAGE WIND SPEED     5.0


SKY COVER
  POSSIBLE SUNSHINE  MM
  AVERAGE SKY COVER 0.1


WEATHER CONDITIONS
 THE FOLLOWING WEATHER WAS RECORDED YESTERDAY.
  LIGHT RAIN


RELATIVE HUMIDITY (PERCENT)
 HIGHEST    93           500 AM
 LOWEST     51          1200 PM
 AVERAGE    72

..........................................................


THE FLINT MI CLIMATE NORMALS FOR TODAY
                         NORMAL    RECORD    YEAR
 MAXIMUM TEMPERATURE (F)   79        98      1936
 MINIMUM TEMPERATURE (F)   57        40      1923


SUNRISE AND SUNSET
AUGUST 22 2017........SUNRISE   649 AM EDT   SUNSET   826 PM EDT
AUGUST 23 2017........SUNRISE   650 AM EDT   SUNSET   824 PM EDT


-  INDICATES NEGATIVE NUMBERS.
R  INDICATES RECORD WAS SET OR TIED.
MM INDICATES DATA IS MISSING.
T  INDICATES TRACE AMOUNT.




$$
