000
CDUS43 KDTX 220543
CLIFNT


CLIMATE REPORT
NATIONAL WEATHER SERVICE DETROIT/PONTIAC MI
143 AM EDT SAT APR 22 2017


...................................

...THE FLINT MI CLIMATE SUMMARY FOR APRIL 21 2017...

CLIMATE NORMAL PERIOD 1981 TO 2010
CLIMATE RECORD PERIOD 1921 TO 2017


WEATHER ITEM   OBSERVED TIME   RECORD YEAR NORMAL DEPARTURE LAST
                VALUE   (LST)  VALUE       VALUE  FROM      YEAR
                                                  NORMAL
..................................................................
TEMPERATURE (F)
 YESTERDAY
  MAXIMUM         54   1202 AM  84    1985  60     -6       65
  MINIMUM         40   1159 PM  23    2013  37      3       52
  AVERAGE         47                        49     -2       59

PRECIPITATION (IN)
  YESTERDAY        T             1.35 1937   0.10  -0.10     0.14
  MONTH TO DATE    3.95                      2.04   1.91     1.55
  SINCE MAR 1      7.16                      3.95   3.21     5.88
  SINCE JAN 1     12.71                      7.06   5.65     9.73

SNOWFALL (IN)
  YESTERDAY        0.0           0.3    MM   0.0    0.0      0.0
  MONTH TO DATE    1.5                       2.0   -0.5      6.8
  SINCE MAR 1      6.9                       8.5   -1.6     18.4
  SINCE JUL 1     39.4                      47.1   -7.7     69.0
  SNOW DEPTH       0

DEGREE DAYS
 HEATING
  YESTERDAY       18                        17      1        6
  MONTH TO DATE  305                       428   -123      429
  SINCE MAR 1   1263                      1385   -122     1143
  SINCE JUL 1   5412                      6473  -1061     5013

 COOLING
  YESTERDAY        0                         0      0        0
  MONTH TO DATE    1                         0      1        0
  SINCE MAR 1      1                         0      1        1
  SINCE JAN 1      1                         0      1        1
..................................................................


WIND (MPH)
  HIGHEST WIND SPEED    23   HIGHEST WIND DIRECTION     W (280)
  HIGHEST GUST SPEED    29   HIGHEST GUST DIRECTION     W (290)
  AVERAGE WIND SPEED    14.1


SKY COVER
  POSSIBLE SUNSHINE  MM
  AVERAGE SKY COVER 1.0


WEATHER CONDITIONS
 THE FOLLOWING WEATHER WAS RECORDED YESTERDAY.
  NO SIGNIFICANT WEATHER WAS OBSERVED.


RELATIVE HUMIDITY (PERCENT)
 HIGHEST    86           400 AM
 LOWEST     60           700 PM
 AVERAGE    73

..........................................................


THE FLINT MI CLIMATE NORMALS FOR TODAY
                         NORMAL    RECORD    YEAR
 MAXIMUM TEMPERATURE (F)   60        84      1985
                                             1980
 MINIMUM TEMPERATURE (F)   38        20      1927


SUNRISE AND SUNSET
APRIL 22 2017.........SUNRISE   642 AM EDT   SUNSET   826 PM EDT
APRIL 23 2017.........SUNRISE   640 AM EDT   SUNSET   827 PM EDT


-  INDICATES NEGATIVE NUMBERS.
R  INDICATES RECORD WAS SET OR TIED.
MM INDICATES DATA IS MISSING.
T  INDICATES TRACE AMOUNT.




$$
