000
CDUS43 KDTX 012139
CLIFNT


CLIMATE REPORT
NATIONAL WEATHER SERVICE DETROIT/PONTIAC MI
438 PM EST SUN FEB 1 2015


...................................

...THE FLINT MI CLIMATE SUMMARY FOR FEBRUARY 1 2015...
VALID TODAY AS OF 0400 PM LOCAL TIME.

CLIMATE NORMAL PERIOD 1981 TO 2010
CLIMATE RECORD PERIOD 1921 TO 2015


WEATHER ITEM   OBSERVED TIME   RECORD YEAR NORMAL DEPARTURE LAST
                VALUE   (LST)  VALUE       VALUE  FROM      YEAR
                                                  NORMAL
..................................................................
TEMPERATURE (F)
 TODAY
  MAXIMUM         29   1245 AM  52    2012  30     -1       30
                                      1933
  MINIMUM         17    359 PM -18    1959  15      2       22
  AVERAGE         23                        22      1       26

PRECIPITATION (IN)
  TODAY            0.27          1.31 1968   0.05   0.22     0.32
  MONTH TO DATE    0.27                      0.05   0.22     0.32
  SINCE DEC 1      3.23                      3.60  -0.37     4.70
  SINCE JAN 1      1.59                      1.68  -0.09     2.85

SNOWFALL (IN)
  TODAY            3.6           6.8  1967   0.4    3.2      3.5
  MONTH TO DATE    3.6                       0.4    3.2      3.5
  SINCE DEC 1     17.7                      25.3   -7.6     53.3
  SINCE JUL 1     27.1                      28.2   -1.1     54.9
  SNOW DEPTH       2

DEGREE DAYS
 HEATING
  TODAY           42                        42      0       39
  MONTH TO DATE   42                        42      0       39
  SINCE DEC 1   2390                      2525   -135     2793
  SINCE JUL 1   3854                      4006   -152     4192

 COOLING
  TODAY            0                         0      0        0
  MONTH TO DATE    0                         0      0        0
  SINCE DEC 1      0                         0      0        0
  SINCE JAN 1      0                         0      0        0
..................................................................


WIND (MPH)
  HIGHEST WIND SPEED    25   HIGHEST WIND DIRECTION    NE (60)
  HIGHEST GUST SPEED    31   HIGHEST GUST DIRECTION    NE (50)
  AVERAGE WIND SPEED    14.2


SKY COVER
  POSSIBLE SUNSHINE  MM
  AVERAGE SKY COVER 1.0


WEATHER CONDITIONS
 THE FOLLOWING WEATHER WAS RECORDED TODAY.
  HEAVY SNOW
  SNOW
  LIGHT SNOW
  FOG


RELATIVE HUMIDITY (PERCENT)
 HIGHEST    84           500 AM
 LOWEST     63           200 AM
 AVERAGE    74

..........................................................


THE FLINT MI CLIMATE NORMALS FOR TOMORROW
                         NORMAL    RECORD    YEAR
 MAXIMUM TEMPERATURE (F)   30        53      1973
 MINIMUM TEMPERATURE (F)   15       -22      1959


SUNRISE AND SUNSET
FEBRUARY  1 2015......SUNRISE   750 AM EST   SUNSET   547 PM EST
FEBRUARY  2 2015......SUNRISE   749 AM EST   SUNSET   549 PM EST


-  INDICATES NEGATIVE NUMBERS.
R  INDICATES RECORD WAS SET OR TIED.
MM INDICATES DATA IS MISSING.
T  INDICATES TRACE AMOUNT.




$$
