000
CDUS43 KDTX 192154
CLIFNT


CLIMATE REPORT
NATIONAL WEATHER SERVICE DETROIT/PONTIAC MI
453 PM EST FRI JAN 19 2018


...................................

...THE FLINT MI CLIMATE SUMMARY FOR JANUARY 19 2018...
VALID TODAY AS OF 0400 PM LOCAL TIME.

CLIMATE NORMAL PERIOD 1981 TO 2010
CLIMATE RECORD PERIOD 1921 TO 2018


WEATHER ITEM   OBSERVED TIME   RECORD YEAR NORMAL DEPARTURE LAST
                VALUE   (LST)  VALUE       VALUE  FROM      YEAR
                                                  NORMAL
..................................................................
TEMPERATURE (F)
 TODAY
  MAXIMUM         38    359 PM  54    1949  29      9       42
  MINIMUM         23    527 AM -21    1994  15      8       30
  AVERAGE         31                        22      9       36

PRECIPITATION (IN)
  TODAY            0.00          1.04 1933   0.05  -0.05     0.00
  MONTH TO DATE    0.77                      1.06  -0.29     2.56
  SINCE DEC 1      2.15                      2.98  -0.83     4.15
  SINCE JAN 1      0.77                      1.06  -0.29     2.56

SNOWFALL (IN)
  TODAY            0.0           4.5  1931   0.5   -0.5      0.0
  MONTH TO DATE   10.1                       8.1    2.0      5.7
  SINCE DEC 1     33.4                      19.9   13.5     25.9
  SINCE JUL 1     33.8                      22.8   11.0     25.9
  SNOW DEPTH       6

DEGREE DAYS
 HEATING
  TODAY           34                        43     -9       29
  MONTH TO DATE  917                       806    111      732
  SINCE DEC 1   2225                      1970    255     1880
  SINCE JUL 1   3523                      3451     72     2921

 COOLING
  TODAY            0                         0      0        0
  MONTH TO DATE    0                         0      0        0
  SINCE DEC 1      0                         0      0        0
  SINCE JAN 1      0                         0      0        0
..................................................................


WIND (MPH)
  HIGHEST WIND SPEED    20   HIGHEST WIND DIRECTION    SW (230)
  HIGHEST GUST SPEED    25   HIGHEST GUST DIRECTION    SW (230)
  AVERAGE WIND SPEED    10.8


SKY COVER
  POSSIBLE SUNSHINE  MM
  AVERAGE SKY COVER 0.0


WEATHER CONDITIONS
 THE FOLLOWING WEATHER WAS RECORDED TODAY.
  NO SIGNIFICANT WEATHER WAS OBSERVED.


RELATIVE HUMIDITY (PERCENT)
 HIGHEST    74           400 AM
 LOWEST     52           300 PM
 AVERAGE    63

..........................................................


THE FLINT MI CLIMATE NORMALS FOR TOMORROW
                         NORMAL    RECORD    YEAR
 MAXIMUM TEMPERATURE (F)   29        52      1921
 MINIMUM TEMPERATURE (F)   15       -12      1994
                                             1985


SUNRISE AND SUNSET
JANUARY 19 2018.......SUNRISE   801 AM EST   SUNSET   531 PM EST
JANUARY 20 2018.......SUNRISE   800 AM EST   SUNSET   532 PM EST


-  INDICATES NEGATIVE NUMBERS.
R  INDICATES RECORD WAS SET OR TIED.
MM INDICATES DATA IS MISSING.
T  INDICATES TRACE AMOUNT.




$$
