000
CDUS43 KDTX 292031
CLIFNT


CLIMATE REPORT
NATIONAL WEATHER SERVICE DETROIT/PONTIAC MI
431 PM EDT SAT AUG 29 2015


...................................

...THE FLINT MI CLIMATE SUMMARY FOR AUGUST 29 2015...
VALID TODAY AS OF 0400 PM LOCAL TIME.

CLIMATE NORMAL PERIOD 1981 TO 2010
CLIMATE RECORD PERIOD 1921 TO 2015


WEATHER ITEM   OBSERVED TIME   RECORD YEAR NORMAL DEPARTURE LAST
                VALUE   (LST)  VALUE       VALUE  FROM      YEAR
                                                  NORMAL
..................................................................
TEMPERATURE (F)
 TODAY
  MAXIMUM         74    259 PM  96    1953  78     -4       77
  MINIMUM         64    444 AM  37    1982  56      8       58
  AVERAGE         69                        67      2       68

PRECIPITATION (IN)
  TODAY            0.03          1.51 1975   0.11  -0.08     0.00
  MONTH TO DATE    2.74                      2.96  -0.22     3.75
  SINCE JUN 1     11.14                      9.35   1.79    11.97
  SINCE JAN 1     19.26                     20.34  -1.08    26.92

SNOWFALL (IN)
  TODAY            0.0           0.0    MM   0.0    0.0      0.0
  MONTH TO DATE    0.0                       0.0    0.0      0.0
  SINCE JUN 1      0.0                       0.0    0.0      0.0
  SINCE JUL 1      0.0                       0.0    0.0      0.0
  SNOW DEPTH       0

DEGREE DAYS
 HEATING
  TODAY            0                         2     -2        0
  MONTH TO DATE   14                        29    -15        7
  SINCE JUN 1     50                       110    -60       46
  SINCE JUL 1     22                        44    -22       24

 COOLING
  TODAY            4                         3      1        3
  MONTH TO DATE  182                       140     42      178
  SINCE JUN 1    524                       439     85      459
  SINCE JAN 1    599                       471    128      507
..................................................................


WIND (MPH)
  HIGHEST WIND SPEED    14   HIGHEST WIND DIRECTION    SE (120)
  HIGHEST GUST SPEED    16   HIGHEST GUST DIRECTION    SE (120)
  AVERAGE WIND SPEED     4.1


SKY COVER
  POSSIBLE SUNSHINE  MM
  AVERAGE SKY COVER 0.5


WEATHER CONDITIONS
 THE FOLLOWING WEATHER WAS RECORDED TODAY.
  LIGHT RAIN
  FOG
  HAZE


RELATIVE HUMIDITY (PERCENT)
 HIGHEST    87           500 AM
 LOWEST     68           300 PM
 AVERAGE    78

..........................................................


THE FLINT MI CLIMATE NORMALS FOR TOMORROW
                         NORMAL    RECORD    YEAR
 MAXIMUM TEMPERATURE (F)   78        96      1953
 MINIMUM TEMPERATURE (F)   56        38      1976


SUNRISE AND SUNSET
AUGUST 29 2015........SUNRISE   656 AM EDT   SUNSET   815 PM EDT
AUGUST 30 2015........SUNRISE   657 AM EDT   SUNSET   813 PM EDT


-  INDICATES NEGATIVE NUMBERS.
R  INDICATES RECORD WAS SET OR TIED.
MM INDICATES DATA IS MISSING.
T  INDICATES TRACE AMOUNT.




$$
