000
CDUS43 KDTX 210536
CLIFNT


CLIMATE REPORT
NATIONAL WEATHER SERVICE DETROIT/PONTIAC MI
136 AM EDT THU JUL 21 2016


...................................

...THE FLINT MI CLIMATE SUMMARY FOR JULY 20 2016...

CLIMATE NORMAL PERIOD 1981 TO 2010
CLIMATE RECORD PERIOD 1921 TO 2016


WEATHER ITEM   OBSERVED TIME   RECORD YEAR NORMAL DEPARTURE LAST
                VALUE   (LST)  VALUE       VALUE  FROM      YEAR
                                                  NORMAL
..................................................................
TEMPERATURE (F)
 YESTERDAY
  MAXIMUM         93    327 PM 102    1930  82     11       85
  MINIMUM         56    520 AM  41    1965  59     -3       63
  AVERAGE         75                        71      4       74

PRECIPITATION (IN)
  YESTERDAY        0.00          2.28 1952   0.11  -0.11     0.05
  MONTH TO DATE    1.10                      2.04  -0.94     2.78
  SINCE JUN 1      1.77                      5.11  -3.34     8.24
  SINCE JAN 1     14.00                     16.10  -2.10    16.36

SNOWFALL (IN)
  YESTERDAY        0.0           0.0    MM   0.0    0.0      0.0
  MONTH TO DATE    0.0                       0.0    0.0      0.0
  SINCE JUN 1      0.0                       0.0    0.0      0.0
  SINCE JUL 1      0.0                       0.0    0.0      0.0
  SNOW DEPTH       0

DEGREE DAYS
 HEATING
  YESTERDAY        0                         0      0        0
  MONTH TO DATE    0                        10    -10        8
  SINCE JUN 1     28                        76    -48       36
  SINCE JUL 1      0                        10    -10        8

 COOLING
  YESTERDAY       10                         6      4        9
  MONTH TO DATE  195                       120     75      109
  SINCE JUN 1    373                       232    141      233
  SINCE JAN 1    452                       264    188      308
..................................................................


WIND (MPH)
  HIGHEST WIND SPEED    14   HIGHEST WIND DIRECTION     S (200)
  HIGHEST GUST SPEED    17   HIGHEST GUST DIRECTION    SW (240)
  AVERAGE WIND SPEED     5.6


SKY COVER
  POSSIBLE SUNSHINE  MM
  AVERAGE SKY COVER 0.1


WEATHER CONDITIONS
 THE FOLLOWING WEATHER WAS RECORDED YESTERDAY.
  NO SIGNIFICANT WEATHER WAS OBSERVED.


RELATIVE HUMIDITY (PERCENT)
 HIGHEST    80           500 AM
 LOWEST     30           200 PM
 AVERAGE    55

..........................................................


THE FLINT MI CLIMATE NORMALS FOR TODAY
                         NORMAL    RECORD    YEAR
 MAXIMUM TEMPERATURE (F)   82       102      1934
 MINIMUM TEMPERATURE (F)   59        44      1958
                                             1944


SUNRISE AND SUNSET
JULY 21 2016..........SUNRISE   615 AM EDT   SUNSET   907 PM EDT
JULY 22 2016..........SUNRISE   616 AM EDT   SUNSET   906 PM EDT


-  INDICATES NEGATIVE NUMBERS.
R  INDICATES RECORD WAS SET OR TIED.
MM INDICATES DATA IS MISSING.
T  INDICATES TRACE AMOUNT.




$$
