000
CDUS43 KDTX 212032
CLIFNT


CLIMATE REPORT
NATIONAL WEATHER SERVICE DETROIT/PONTIAC MI
431 PM EDT MON JUL 21 2014


...................................

...THE FLINT MI CLIMATE SUMMARY FOR JULY 21 2014...
VALID TODAY AS OF 0400 PM LOCAL TIME.

CLIMATE NORMAL PERIOD 1981 TO 2010
CLIMATE RECORD PERIOD 1921 TO 2014


WEATHER ITEM   OBSERVED TIME   RECORD YEAR NORMAL DEPARTURE LAST
                VALUE   (LST)  VALUE       VALUE  FROM      YEAR
                                                  NORMAL
..................................................................
TEMPERATURE (F)
 TODAY
  MAXIMUM         86    259 PM 102    1934  82      4       84
  MINIMUM         58    505 AM  44    1958  59     -1       62
                                      1944
  AVERAGE         72                        71      1       73

PRECIPITATION (IN)
  TODAY            0.00          1.64 1932   0.11  -0.11     0.00
  MONTH TO DATE    4.68                      2.15   2.53     0.33
  SINCE JUN 1      7.14                      5.22   1.92     4.84
  SINCE JAN 1     22.09                     16.21   5.88    21.60

SNOWFALL (IN)
  TODAY            0.0           0.0    MM   0.0    0.0      0.0
  MONTH TO DATE    0.0                       0.0    0.0      0.0
  SINCE JUN 1      0.0                       0.0    0.0      0.0
  SINCE JUL 1      0.0                       0.0    0.0      0.0
  SNOW DEPTH       0

DEGREE DAYS
 HEATING
  TODAY            0                         0      0        0
  MONTH TO DATE    8                        10     -2        0
  SINCE JUN 1     30                        76    -46       41
  SINCE JUL 1      8                        10     -2        0

 COOLING
  TODAY            7                         6      1        8
  MONTH TO DATE   97                       126    -29      237
  SINCE JUN 1    249                       238     11      396
  SINCE JAN 1    297                       270     27      475
..................................................................


WIND (MPH)
  HIGHEST WIND SPEED    12   HIGHEST WIND DIRECTION    SW (210)
  HIGHEST GUST SPEED    16   HIGHEST GUST DIRECTION     S (190)
  AVERAGE WIND SPEED     4.5


SKY COVER
  POSSIBLE SUNSHINE  MM
  AVERAGE SKY COVER 0.1


WEATHER CONDITIONS
 THE FOLLOWING WEATHER WAS RECORDED TODAY.
  FOG
  HAZE


RELATIVE HUMIDITY (PERCENT)
 HIGHEST    90           200 AM
 LOWEST     42           300 PM
 AVERAGE    66

..........................................................


THE FLINT MI CLIMATE NORMALS FOR TOMORROW
                         NORMAL    RECORD    YEAR
 MAXIMUM TEMPERATURE (F)   82        99      1934
 MINIMUM TEMPERATURE (F)   59        47      1947


SUNRISE AND SUNSET
JULY 21 2014..........SUNRISE   615 AM EDT   SUNSET   907 PM EDT
JULY 22 2014..........SUNRISE   616 AM EDT   SUNSET   906 PM EDT


-  INDICATES NEGATIVE NUMBERS.
R  INDICATES RECORD WAS SET OR TIED.
MM INDICATES DATA IS MISSING.
T  INDICATES TRACE AMOUNT.




$$
