000
CDUS43 KDTX 100535
CLIFNT


CLIMATE REPORT
NATIONAL WEATHER SERVICE DETROIT/PONTIAC MI
135 AM EDT SAT JUN 10 2017


...................................

...THE FLINT MI CLIMATE SUMMARY FOR JUNE 9 2017...

CLIMATE NORMAL PERIOD 1981 TO 2010
CLIMATE RECORD PERIOD 1921 TO 2017


WEATHER ITEM   OBSERVED TIME   RECORD YEAR NORMAL DEPARTURE LAST
                VALUE   (LST)  VALUE       VALUE  FROM      YEAR
                                                  NORMAL
..................................................................
TEMPERATURE (F)
 YESTERDAY
  MAXIMUM         80    505 PM  96    1933  76      4       76
  MINIMUM         54    223 AM  36    1994  54      0       43
                                      1988
                                      1969
  AVERAGE         67                        65      2       60

PRECIPITATION (IN)
  YESTERDAY        0.10          1.61 1966   0.10   0.00     0.00
  MONTH TO DATE    0.31                      0.92  -0.61     0.52
  SINCE JUN 1      0.31                      0.92  -0.61     0.52
  SINCE JAN 1     16.74                     11.91   4.83    12.75

SNOWFALL (IN)
  YESTERDAY        0.0           0.0    MM   0.0    0.0      0.0
  MONTH TO DATE    0.0                       0.0    0.0      0.0
  SINCE JUN 1      0.0                       0.0    0.0      0.0
  SINCE JUL 1     39.4                      47.4   -8.0     69.0
  SNOW DEPTH       0

DEGREE DAYS
 HEATING
  YESTERDAY        0                         3     -3        5
  MONTH TO DATE   24                        34    -10       15
  SINCE JUN 1     24                        34    -10       15
  SINCE JUL 1   5812                      6921  -1109     5371

 COOLING
  YESTERDAY        2                         3     -1        0
  MONTH TO DATE   11                        20     -9       32
  SINCE JUN 1     11                        20     -9       32
  SINCE JAN 1     36                        52    -16      111
..................................................................


WIND (MPH)
  HIGHEST WIND SPEED    15   HIGHEST WIND DIRECTION     S (180)
  HIGHEST GUST SPEED    19   HIGHEST GUST DIRECTION    SW (210)
  AVERAGE WIND SPEED     4.4


SKY COVER
  POSSIBLE SUNSHINE  MM
  AVERAGE SKY COVER 0.5


WEATHER CONDITIONS
 THE FOLLOWING WEATHER WAS RECORDED YESTERDAY.
  THUNDERSTORM
  HEAVY RAIN
  LIGHT RAIN
  FOG


RELATIVE HUMIDITY (PERCENT)
 HIGHEST    93          1000 PM
 LOWEST     42           300 PM
 AVERAGE    68

..........................................................


THE FLINT MI CLIMATE NORMALS FOR TODAY
                         NORMAL    RECORD    YEAR
 MAXIMUM TEMPERATURE (F)   77        95      1933
 MINIMUM TEMPERATURE (F)   54        35      1988
                                             1980


SUNRISE AND SUNSET
JUNE 10 2017..........SUNRISE   556 AM EDT   SUNSET   913 PM EDT
JUNE 11 2017..........SUNRISE   556 AM EDT   SUNSET   914 PM EDT


-  INDICATES NEGATIVE NUMBERS.
R  INDICATES RECORD WAS SET OR TIED.
MM INDICATES DATA IS MISSING.
T  INDICATES TRACE AMOUNT.




$$
