000
CDUS43 KDTX 080536
CLIFNT


CLIMATE REPORT
NATIONAL WEATHER SERVICE DETROIT/PONTIAC MI
136 AM EDT FRI SEP 8 2017


...................................

...THE FLINT MI CLIMATE SUMMARY FOR SEPTEMBER 7 2017...

CLIMATE NORMAL PERIOD 1981 TO 2010
CLIMATE RECORD PERIOD 1921 TO 2017


WEATHER ITEM   OBSERVED TIME   RECORD YEAR NORMAL DEPARTURE LAST
                VALUE   (LST)  VALUE       VALUE  FROM      YEAR
                                                  NORMAL
..................................................................
TEMPERATURE (F)
 YESTERDAY
  MAXIMUM         66    225 PM  93    2015  76    -10       85
                                      1960
  MINIMUM         46    532 AM  38    1986  53     -7       69
                                      1962
  AVERAGE         56                        64     -8       77

PRECIPITATION (IN)
  YESTERDAY        0.19          1.43 2015   0.11   0.08      T
  MONTH TO DATE    0.52                      0.83  -0.31      T
  SINCE SEP 1      0.52                      0.83  -0.31      T
  SINCE JAN 1     26.21                     21.39   4.82    19.55

SNOWFALL (IN)
  YESTERDAY        0.0           0.0    MM   0.0    0.0      0.0
  MONTH TO DATE    0.0                       0.0    0.0      0.0
  SINCE SEP 1      0.0                       0.0    0.0      0.0
  SINCE JUL 1      0.0                       0.0    0.0      0.0
  SNOW DEPTH       0

DEGREE DAYS
 HEATING
  YESTERDAY        9                         3      6        0
  MONTH TO DATE   45                        17     28        9
  SINCE SEP 1     45                        17     28        9
  SINCE JUL 1     77                        61     16        9

 COOLING
  YESTERDAY        0                         2     -2       12
  MONTH TO DATE    5                        19    -14       32
  SINCE SEP 1      5                        19    -14       32
  SINCE JAN 1    462                       496    -34      971
..................................................................


WIND (MPH)
  HIGHEST WIND SPEED    22   HIGHEST WIND DIRECTION    NW (310)
  HIGHEST GUST SPEED    30   HIGHEST GUST DIRECTION     W (290)
  AVERAGE WIND SPEED     8.6


SKY COVER
  POSSIBLE SUNSHINE  MM
  AVERAGE SKY COVER 0.5


WEATHER CONDITIONS
 THE FOLLOWING WEATHER WAS RECORDED YESTERDAY.
  HEAVY RAIN
  RAIN
  LIGHT RAIN
  FOG


RELATIVE HUMIDITY (PERCENT)
 HIGHEST   100           700 AM
 LOWEST     52           200 PM
 AVERAGE    76

..........................................................


THE FLINT MI CLIMATE NORMALS FOR TODAY
                         NORMAL    RECORD    YEAR
 MAXIMUM TEMPERATURE (F)   75        97      1933
 MINIMUM TEMPERATURE (F)   53        37      1986


SUNRISE AND SUNSET
SEPTEMBER  8 2017.....SUNRISE   707 AM EDT   SUNSET   757 PM EDT
SEPTEMBER  9 2017.....SUNRISE   708 AM EDT   SUNSET   755 PM EDT


-  INDICATES NEGATIVE NUMBERS.
R  INDICATES RECORD WAS SET OR TIED.
MM INDICATES DATA IS MISSING.
T  INDICATES TRACE AMOUNT.




$$
