000
CDUS43 KDTX 280537
CLIFNT


CLIMATE REPORT
NATIONAL WEATHER SERVICE DETROIT/PONTIAC MI
136 AM EDT THU MAY 28 2015


...................................

...THE FLINT MI CLIMATE SUMMARY FOR MAY 27 2015...

CLIMATE NORMAL PERIOD 1981 TO 2010
CLIMATE RECORD PERIOD 1921 TO 2015


WEATHER ITEM   OBSERVED TIME   RECORD YEAR NORMAL DEPARTURE LAST
                VALUE   (LST)  VALUE       VALUE  FROM      YEAR
                                                  NORMAL
..................................................................
TEMPERATURE (F)
 YESTERDAY
  MAXIMUM         81   1248 PM  90    1987  72      9       84
  MINIMUM         59   1159 PM  31    1994  49     10       66
                                      1961
  AVERAGE         70                        60     10       75

PRECIPITATION (IN)
  YESTERDAY        0.00          0.98 2009   0.10  -0.10     0.50
  MONTH TO DATE    2.24                      2.68  -0.44     6.97
  SINCE MAR 1      4.79                      7.48  -2.69    10.66
  SINCE JAN 1      6.96                     10.59  -3.63    14.67

SNOWFALL (IN)
  YESTERDAY        0.0           0.0    MM   0.0    0.0      0.0
  MONTH TO DATE    0.0                       0.0    0.0      0.0
  SINCE MAR 1      4.8                       8.8   -4.0     10.7
  SINCE JUL 1     45.3                      47.4   -2.1     83.9
  SNOW DEPTH       0

DEGREE DAYS
 HEATING
  YESTERDAY        0                         6     -6        0
  MONTH TO DATE  118                       258   -140      203
  SINCE MAR 1   1599                      1777   -178     1934
  SINCE JUL 1   6907                      6865     42     7455

 COOLING
  YESTERDAY        5                         2      3       10
  MONTH TO DATE   64                        20     44       41
  SINCE MAR 1     64                        24     40       41
  SINCE JAN 1     64                        24     40       41
..................................................................


WIND (MPH)
  HIGHEST WIND SPEED    25   HIGHEST WIND DIRECTION     W (260)
  HIGHEST GUST SPEED    36   HIGHEST GUST DIRECTION     W (270)
  AVERAGE WIND SPEED    12.7


SKY COVER
  POSSIBLE SUNSHINE  MM
  AVERAGE SKY COVER 0.3


WEATHER CONDITIONS
 THE FOLLOWING WEATHER WAS RECORDED YESTERDAY.
  NO SIGNIFICANT WEATHER WAS OBSERVED.


RELATIVE HUMIDITY (PERCENT)
 HIGHEST    84          1100 PM
 LOWEST     48          1200 PM
 AVERAGE    66

..........................................................


THE FLINT MI CLIMATE NORMALS FOR TODAY
                         NORMAL    RECORD    YEAR
 MAXIMUM TEMPERATURE (F)   72        93      2012
 MINIMUM TEMPERATURE (F)   49        31      2008


SUNRISE AND SUNSET
MAY 28 2015...........SUNRISE   601 AM EDT   SUNSET   904 PM EDT
MAY 29 2015...........SUNRISE   600 AM EDT   SUNSET   905 PM EDT


-  INDICATES NEGATIVE NUMBERS.
R  INDICATES RECORD WAS SET OR TIED.
MM INDICATES DATA IS MISSING.
T  INDICATES TRACE AMOUNT.




$$
