496
CDUS43 KDTX 172037
CLIFNT


CLIMATE REPORT
NATIONAL WEATHER SERVICE DETROIT/PONTIAC MI
435 PM EDT WED AUG 17 2016


...................................

...THE FLINT MI CLIMATE SUMMARY FOR AUGUST 17 2016...
VALID TODAY AS OF 0400 PM LOCAL TIME.

CLIMATE NORMAL PERIOD 1981 TO 2010
CLIMATE RECORD PERIOD 1921 TO 2016


WEATHER ITEM   OBSERVED TIME   RECORD YEAR NORMAL DEPARTURE LAST
                VALUE   (LST)  VALUE       VALUE  FROM      YEAR
                                                  NORMAL
..................................................................
TEMPERATURE (F)
 TODAY
  MAXIMUM         89   1247 PM  96    1988  80      9       89
  MINIMUM         63    523 AM  43    1954  58      5       72
  AVERAGE         76                        69      7       81

PRECIPITATION (IN)
  TODAY            0.46          3.78 1995   0.10   0.36      T
  MONTH TO DATE    3.47                      1.77   1.70     2.32
  SINCE JUN 1      5.89                      8.16  -2.27    10.72
  SINCE JAN 1     18.12                     19.15  -1.03    18.84

SNOWFALL (IN)
  TODAY            0.0           0.0    MM   0.0    0.0      0.0
  MONTH TO DATE    0.0                       0.0    0.0      0.0
  SINCE JUN 1      0.0                       0.0    0.0      0.0
  SINCE JUL 1      0.0                       0.0    0.0      0.0
  SNOW DEPTH       0

DEGREE DAYS
 HEATING
  TODAY            0                         1     -1        0
  MONTH TO DATE    0                        16    -16        0
  SINCE JUN 1     28                        97    -69       36
  SINCE JUL 1      0                        31    -31        8

 COOLING
  TODAY           11                         5      6       16
  MONTH TO DATE  224                        90    134      130
  SINCE JUN 1    751                       389    362      472
  SINCE JAN 1    830                       421    409      547
..................................................................


WIND (MPH)
  HIGHEST WIND SPEED    36   HIGHEST WIND DIRECTION     W (280)
  HIGHEST GUST SPEED    46   HIGHEST GUST DIRECTION     W (290)
  AVERAGE WIND SPEED     6.5


SKY COVER
  POSSIBLE SUNSHINE  MM
  AVERAGE SKY COVER 0.2


WEATHER CONDITIONS
 THE FOLLOWING WEATHER WAS RECORDED TODAY.
  THUNDERSTORM
  HEAVY RAIN
  LIGHT RAIN
  FOG
  HAZE


RELATIVE HUMIDITY (PERCENT)
 HIGHEST    87           600 AM
 LOWEST     46           100 PM
 AVERAGE    67

..........................................................


THE FLINT MI CLIMATE NORMALS FOR TOMORROW
                         NORMAL    RECORD    YEAR
 MAXIMUM TEMPERATURE (F)   80        99      1947
 MINIMUM TEMPERATURE (F)   58        42      1981
                                             1963


SUNRISE AND SUNSET
AUGUST 17 2016........SUNRISE   644 AM EDT   SUNSET   833 PM EDT
AUGUST 18 2016........SUNRISE   645 AM EDT   SUNSET   832 PM EDT


-  INDICATES NEGATIVE NUMBERS.
R  INDICATES RECORD WAS SET OR TIED.
MM INDICATES DATA IS MISSING.
T  INDICATES TRACE AMOUNT.




$$
