000
CDUS43 KDTX 150536
CLIFNT


CLIMATE REPORT
NATIONAL WEATHER SERVICE DETROIT/PONTIAC MI
135 AM EDT FRI JUL 15 2016


...................................

...THE FLINT MI CLIMATE SUMMARY FOR JULY 14 2016...

CLIMATE NORMAL PERIOD 1981 TO 2010
CLIMATE RECORD PERIOD 1921 TO 2016


WEATHER ITEM   OBSERVED TIME   RECORD YEAR NORMAL DEPARTURE LAST
                VALUE   (LST)  VALUE       VALUE  FROM      YEAR
                                                  NORMAL
..................................................................
TEMPERATURE (F)
 YESTERDAY
  MAXIMUM         90    402 PM 105    1936  82      8       79
  MINIMUM         71   1159 PM  45    2009  59     12       65
                                      1950
  AVERAGE         81                        71     10       72

PRECIPITATION (IN)
  YESTERDAY        0.00          1.45 1947   0.10  -0.10     0.65
  MONTH TO DATE    1.09                      1.37  -0.28     2.18
  SINCE JUN 1      1.76                      4.44  -2.68     7.64
  SINCE JAN 1     13.99                     15.43  -1.44    15.76

SNOWFALL (IN)
  YESTERDAY        0.0           0.0    MM   0.0    0.0      0.0
  MONTH TO DATE    0.0                       0.0    0.0      0.0
  SINCE JUN 1      0.0                       0.0    0.0      0.0
  SINCE JUL 1      0.0                       0.0    0.0      0.0
  SNOW DEPTH       0

DEGREE DAYS
 HEATING
  YESTERDAY        0                         0      0        0
  MONTH TO DATE    0                        10    -10        7
  SINCE JUN 1     28                        76    -48       35
  SINCE JUL 1      0                        10    -10        7

 COOLING
  YESTERDAY       16                         6     10        7
  MONTH TO DATE  146                        84     62       59
  SINCE JUN 1    324                       196    128      183
  SINCE JAN 1    403                       228    175      258
..................................................................


WIND (MPH)
  HIGHEST WIND SPEED    29   HIGHEST WIND DIRECTION     W (270)
  HIGHEST GUST SPEED    37   HIGHEST GUST DIRECTION     W (270)
  AVERAGE WIND SPEED    12.5


SKY COVER
  POSSIBLE SUNSHINE  MM
  AVERAGE SKY COVER 0.2


WEATHER CONDITIONS
 THE FOLLOWING WEATHER WAS RECORDED YESTERDAY.
  NO SIGNIFICANT WEATHER WAS OBSERVED.


RELATIVE HUMIDITY (PERCENT)
 HIGHEST    84           600 AM
 LOWEST     32           400 PM
 AVERAGE    58

..........................................................


THE FLINT MI CLIMATE NORMALS FOR TODAY
                         NORMAL    RECORD    YEAR
 MAXIMUM TEMPERATURE (F)   82        99      1977
 MINIMUM TEMPERATURE (F)   59        41      1960


SUNRISE AND SUNSET
JULY 15 2016..........SUNRISE   610 AM EDT   SUNSET   912 PM EDT
JULY 16 2016..........SUNRISE   611 AM EDT   SUNSET   911 PM EDT


-  INDICATES NEGATIVE NUMBERS.
R  INDICATES RECORD WAS SET OR TIED.
MM INDICATES DATA IS MISSING.
T  INDICATES TRACE AMOUNT.




$$
