000
CDUS43 KDTX 230536
CLIFNT


CLIMATE REPORT
NATIONAL WEATHER SERVICE DETROIT/PONTIAC MI
136 AM EDT TUE SEP 23 2014


...................................

...THE FLINT MI CLIMATE SUMMARY FOR SEPTEMBER 22 2014...

CLIMATE NORMAL PERIOD 1981 TO 2010
CLIMATE RECORD PERIOD 1921 TO 2014


WEATHER ITEM   OBSERVED TIME   RECORD YEAR NORMAL DEPARTURE LAST
                VALUE   (LST)  VALUE       VALUE  FROM      YEAR
                                                  NORMAL
..................................................................
TEMPERATURE (F)
 YESTERDAY
  MAXIMUM         64    435 PM  90    1941  70     -6       59
  MINIMUM         48    745 AM  30    1999  47      1       44
  AVERAGE         56                        59     -3       52

PRECIPITATION (IN)
  YESTERDAY        0.00          3.62 2005   0.14  -0.14     0.00
  MONTH TO DATE    3.17                      2.80   0.37     0.43
  SINCE SEP 1      3.17                      2.80   0.37     0.43
  SINCE JAN 1     30.16                     23.36   6.80    26.02

SNOWFALL (IN)
  YESTERDAY        0.0           0.0    MM   0.0    0.0      0.0
  MONTH TO DATE    0.0                       0.0    0.0      0.0
  SINCE SEP 1      0.0                       0.0    0.0      0.0
  SINCE JUL 1      0.0                       0.0    0.0      0.0
  SNOW DEPTH       0

DEGREE DAYS
 HEATING
  YESTERDAY        9                         7      2       13
  MONTH TO DATE  113                        93     20       95
  SINCE SEP 1    113                        93     20       95
  SINCE JUL 1    137                       137      0      117

 COOLING
  YESTERDAY        0                         1     -1        0
  MONTH TO DATE   64                        41     23       73
  SINCE SEP 1     64                        41     23       73
  SINCE JAN 1    596                       518     78      743
..................................................................


WIND (MPH)
  HIGHEST WIND SPEED    16   HIGHEST WIND DIRECTION    NW (320)
  HIGHEST GUST SPEED    24   HIGHEST GUST DIRECTION    NW (300)
  AVERAGE WIND SPEED     8.9


SKY COVER
  POSSIBLE SUNSHINE  MM
  AVERAGE SKY COVER 0.6


WEATHER CONDITIONS
 THE FOLLOWING WEATHER WAS RECORDED YESTERDAY.
  NO SIGNIFICANT WEATHER WAS OBSERVED.


RELATIVE HUMIDITY (PERCENT)
 HIGHEST    80          1000 PM
 LOWEST     44           400 PM
 AVERAGE    62

..........................................................


THE FLINT MI CLIMATE NORMALS FOR TODAY
                         NORMAL    RECORD    YEAR
 MAXIMUM TEMPERATURE (F)   69        89      1936
 MINIMUM TEMPERATURE (F)   47        27      1995


SUNRISE AND SUNSET
SEPTEMBER 23 2014.....SUNRISE   723 AM EDT   SUNSET   730 PM EDT
SEPTEMBER 24 2014.....SUNRISE   724 AM EDT   SUNSET   729 PM EDT


-  INDICATES NEGATIVE NUMBERS.
R  INDICATES RECORD WAS SET OR TIED.
MM INDICATES DATA IS MISSING.
T  INDICATES TRACE AMOUNT.




$$
