000
CDUS43 KDTX 210535
CLIFNT


CLIMATE REPORT
NATIONAL WEATHER SERVICE DETROIT/PONTIAC MI
135 AM EDT SUN MAY 21 2017


...................................

...THE FLINT MI CLIMATE SUMMARY FOR MAY 20 2017...

CLIMATE NORMAL PERIOD 1981 TO 2010
CLIMATE RECORD PERIOD 1921 TO 2017


WEATHER ITEM   OBSERVED TIME   RECORD YEAR NORMAL DEPARTURE LAST
                VALUE   (LST)  VALUE       VALUE  FROM      YEAR
                                                  NORMAL
..................................................................
TEMPERATURE (F)
 YESTERDAY
  MAXIMUM         67    212 PM  92    1934  70     -3       74
                                      1921
  MINIMUM         45    224 AM  32    1997  47     -2       42
                                      1954
                                      1929
  AVERAGE         56                        58     -2       58

PRECIPITATION (IN)
  YESTERDAY        0.07          1.69 1996   0.10  -0.03     0.00
  MONTH TO DATE    1.69                      1.97  -0.28     1.64
  SINCE MAR 1     10.09                      6.77   3.32     8.30
  SINCE JAN 1     15.64                      9.88   5.76    12.15

SNOWFALL (IN)
  YESTERDAY        0.0           T      MM   0.0    0.0      0.0
  MONTH TO DATE    0.0                       0.0    0.0       T
  SINCE MAR 1      6.9                       8.8   -1.9     18.4
  SINCE JUL 1     39.4                      47.4   -8.0     69.0
  SNOW DEPTH       0

DEGREE DAYS
 HEATING
  YESTERDAY        9                         8      1        7
  MONTH TO DATE  242                       210     32      196
  SINCE MAR 1   1604                      1729   -125     1475
  SINCE JUL 1   5753                      6817  -1064     5345

 COOLING
  YESTERDAY        0                         1     -1        0
  MONTH TO DATE   17                        12      5        4
  SINCE MAR 1     20                        16      4        5
  SINCE JAN 1     20                        16      4        5
..................................................................


WIND (MPH)
  HIGHEST WIND SPEED    20   HIGHEST WIND DIRECTION    SE (120)
  HIGHEST GUST SPEED    28   HIGHEST GUST DIRECTION     E (90)
  AVERAGE WIND SPEED    11.9


SKY COVER
  POSSIBLE SUNSHINE  MM
  AVERAGE SKY COVER 0.7


WEATHER CONDITIONS
 THE FOLLOWING WEATHER WAS RECORDED YESTERDAY.
  LIGHT RAIN


RELATIVE HUMIDITY (PERCENT)
 HIGHEST    80           700 PM
 LOWEST     40          1200 PM
 AVERAGE    60

..........................................................


THE FLINT MI CLIMATE NORMALS FOR TODAY
                         NORMAL    RECORD    YEAR
 MAXIMUM TEMPERATURE (F)   70        93      1921
 MINIMUM TEMPERATURE (F)   47        31      1954


SUNRISE AND SUNSET
MAY 21 2017...........SUNRISE   606 AM EDT   SUNSET   858 PM EDT
MAY 22 2017...........SUNRISE   605 AM EDT   SUNSET   859 PM EDT


-  INDICATES NEGATIVE NUMBERS.
R  INDICATES RECORD WAS SET OR TIED.
MM INDICATES DATA IS MISSING.
T  INDICATES TRACE AMOUNT.




$$
