000
CDUS43 KDTX 100540
CLIFNT


CLIMATE REPORT
NATIONAL WEATHER SERVICE DETROIT/PONTIAC MI
1240 AM EST MON NOV 10 2014


...................................

...THE FLINT MI CLIMATE SUMMARY FOR NOVEMBER 9 2014...

CLIMATE NORMAL PERIOD 1981 TO 2010
CLIMATE RECORD PERIOD 1921 TO 2014


WEATHER ITEM   OBSERVED TIME   RECORD YEAR NORMAL DEPARTURE LAST
                VALUE   (LST)  VALUE       VALUE  FROM      YEAR
                                                  NORMAL
..................................................................
TEMPERATURE (F)
 YESTERDAY
  MAXIMUM         44    443 PM  73    1999  50     -6       56
  MINIMUM         33    340 AM  14    1991  33      0       36
  AVERAGE         39                        42     -3       46

PRECIPITATION (IN)
  YESTERDAY        0.00          1.58 2005   0.09  -0.09     0.00
  MONTH TO DATE    0.23                      0.81  -0.58     0.57
  SINCE SEP 1      5.33                      7.03  -1.70     4.09
  SINCE JAN 1     32.32                     27.59   4.73    29.68

SNOWFALL (IN)
  YESTERDAY        0.0           2.6  1971   0.0    0.0      0.0
  MONTH TO DATE    0.6                       0.2    0.4       T
  SINCE SEP 1      1.3                       0.6    0.7       T
  SINCE JUL 1      1.3                       0.6    0.7       T
  SNOW DEPTH       0

DEGREE DAYS
 HEATING
  YESTERDAY       26                        24      2       19
  MONTH TO DATE  204                       199      5      189
  SINCE SEP 1    762                       851    -89      733
  SINCE JUL 1    786                       895   -109      755

 COOLING
  YESTERDAY        0                         0      0        0
  MONTH TO DATE    0                         0      0        0
  SINCE SEP 1     65                        54     11       88
  SINCE JAN 1    597                       531     66      758
..................................................................


WIND (MPH)
  HIGHEST WIND SPEED    18   HIGHEST WIND DIRECTION    SW (220)
  HIGHEST GUST SPEED    25   HIGHEST GUST DIRECTION    SW (210)
  AVERAGE WIND SPEED     8.9


SKY COVER
  POSSIBLE SUNSHINE  MM
  AVERAGE SKY COVER 0.7


WEATHER CONDITIONS
 THE FOLLOWING WEATHER WAS RECORDED YESTERDAY.
  NO SIGNIFICANT WEATHER WAS OBSERVED.


RELATIVE HUMIDITY (PERCENT)
 HIGHEST    76          1200 AM
 LOWEST     49           400 PM
 AVERAGE    63

..........................................................


THE FLINT MI CLIMATE NORMALS FOR TODAY
                         NORMAL    RECORD    YEAR
 MAXIMUM TEMPERATURE (F)   49        68      1999
                                             1931
 MINIMUM TEMPERATURE (F)   33        17      2003


SUNRISE AND SUNSET
NOVEMBER 10 2014......SUNRISE   721 AM EST   SUNSET   516 PM EST
NOVEMBER 11 2014......SUNRISE   722 AM EST   SUNSET   515 PM EST


-  INDICATES NEGATIVE NUMBERS.
R  INDICATES RECORD WAS SET OR TIED.
MM INDICATES DATA IS MISSING.
T  INDICATES TRACE AMOUNT.




$$
