000
CDUS43 KDTX 080536
CLIFNT


CLIMATE REPORT
NATIONAL WEATHER SERVICE DETROIT/PONTIAC MI
136 AM EDT TUE APR 8 2014


...................................

...THE FLINT MI CLIMATE SUMMARY FOR APRIL 7 2014...

CLIMATE NORMAL PERIOD 1981 TO 2010
CLIMATE RECORD PERIOD 1921 TO 2014


WEATHER ITEM   OBSERVED TIME   RECORD YEAR NORMAL DEPARTURE LAST
                VALUE   (LST)  VALUE       VALUE  FROM      YEAR
                                                  NORMAL
..................................................................
TEMPERATURE (F)
 YESTERDAY
  MAXIMUM         55    216 PM  83    1929  54      1       58
  MINIMUM         31    536 AM   6    1982  33     -2       29
  AVERAGE         43                        43      0       44

PRECIPITATION (IN)
  YESTERDAY        0.12          0.87 2010   0.10   0.02      T
  MONTH TO DATE    0.43                      0.63  -0.20      T
  SINCE MAR 1      1.64                      2.54  -0.90     0.77
  SINCE JAN 1      5.65                      5.65   0.00     6.23

SNOWFALL (IN)
  YESTERDAY        0.0           1.7  2007   0.1   -0.1      0.0
  MONTH TO DATE    T                         0.9   -0.9       T
  SINCE MAR 1      9.4                       7.4    2.0      5.1
  SINCE JUL 1     82.6                      46.0   36.6     43.6
  SNOW DEPTH       0

DEGREE DAYS
 HEATING
  YESTERDAY       22                        22      0       21
  MONTH TO DATE  169                       162      7      193
  SINCE MAR 1   1373                      1119    254     1206
  SINCE JUL 1   6894                      6207    687     5859

 COOLING
  YESTERDAY        0                         0      0        0
  MONTH TO DATE    0                         0      0        0
  SINCE MAR 1      0                         0      0        0
  SINCE JAN 1      0                         0      0        0
..................................................................


WIND (MPH)
  HIGHEST WIND SPEED    15   HIGHEST WIND DIRECTION     E (90)
  HIGHEST GUST SPEED    17   HIGHEST GUST DIRECTION    NE (60)
  AVERAGE WIND SPEED     6.2


SKY COVER
  POSSIBLE SUNSHINE  MM
  AVERAGE SKY COVER 0.4


WEATHER CONDITIONS
 THE FOLLOWING WEATHER WAS RECORDED YESTERDAY.
  LIGHT RAIN
  FOG


RELATIVE HUMIDITY (PERCENT)
 HIGHEST    86          1100 PM
 LOWEST     32           100 PM
 AVERAGE    59

..........................................................


THE FLINT MI CLIMATE NORMALS FOR TODAY
                         NORMAL    RECORD    YEAR
 MAXIMUM TEMPERATURE (F)   54        76      1991
 MINIMUM TEMPERATURE (F)   33         8      1982


SUNRISE AND SUNSET
APRIL  8 2014.........SUNRISE   705 AM EDT   SUNSET   809 PM EDT
APRIL  9 2014.........SUNRISE   703 AM EDT   SUNSET   810 PM EDT


-  INDICATES NEGATIVE NUMBERS.
R  INDICATES RECORD WAS SET OR TIED.
MM INDICATES DATA IS MISSING.
T  INDICATES TRACE AMOUNT.




$$
