000
CDUS43 KDTX 300545
CLIFNT


CLIMATE REPORT
NATIONAL WEATHER SERVICE DETROIT/PONTIAC MI
145 AM EDT SUN MAR 30 2014


...................................

...THE FLINT MI CLIMATE SUMMARY FOR MARCH 29 2014...

CLIMATE NORMAL PERIOD 1981 TO 2010
CLIMATE RECORD PERIOD 1921 TO 2014


WEATHER ITEM   OBSERVED TIME   RECORD YEAR NORMAL DEPARTURE LAST
                VALUE   (LST)  VALUE       VALUE  FROM      YEAR
                                                  NORMAL
..................................................................
TEMPERATURE (F)
 YESTERDAY
  MAXIMUM         38    222 PM  77    1963  49    -11       53
                                      1946
  MINIMUM         29   1159 PM  12    1923  29      0       29
  AVERAGE         34                        39     -5       41

PRECIPITATION (IN)
  YESTERDAY        0.00          0.94 1973   0.08  -0.08     0.00
  MONTH TO DATE    1.21                      1.76  -0.55     0.76
  SINCE MAR 1      1.21                      1.76  -0.55     0.76
  SINCE JAN 1      5.22                      4.87   0.35     6.22

SNOWFALL (IN)
  YESTERDAY        0.0           6.0  1954   0.1   -0.1      0.0
  MONTH TO DATE    9.4                       6.2    3.2      5.1
  SINCE MAR 1      9.4                       6.2    3.2      5.1
  SINCE JUL 1     82.6                      44.8   37.8     43.6
  SNOW DEPTH       T

DEGREE DAYS
 HEATING
  YESTERDAY       31                        26      5       24
  MONTH TO DATE 1154                       906    248      969
  SINCE MAR 1   1154                       906    248      969
  SINCE JUL 1   6675                      5994    681     5622

 COOLING
  YESTERDAY        0                         0      0        0
  MONTH TO DATE    0                         0      0        0
  SINCE MAR 1      0                         0      0        0
  SINCE JAN 1      0                         0      0        0
..................................................................


WIND (MPH)
  HIGHEST WIND SPEED    23   HIGHEST WIND DIRECTION     N (20)
  HIGHEST GUST SPEED    29   HIGHEST GUST DIRECTION     N (360)
  AVERAGE WIND SPEED    12.5


SKY COVER
  POSSIBLE SUNSHINE  MM
  AVERAGE SKY COVER 1.0


WEATHER CONDITIONS
 THE FOLLOWING WEATHER WAS RECORDED YESTERDAY.
  NO SIGNIFICANT WEATHER WAS OBSERVED.


RELATIVE HUMIDITY (PERCENT)
 HIGHEST    78          1100 PM
 LOWEST     64           100 PM
 AVERAGE    71

..........................................................


THE FLINT MI CLIMATE NORMALS FOR TODAY
                         NORMAL    RECORD    YEAR
 MAXIMUM TEMPERATURE (F)   50        79      1998
 MINIMUM TEMPERATURE (F)   30         4      1954


SUNRISE AND SUNSET
MARCH 30 2014.........SUNRISE   721 AM EDT   SUNSET   759 PM EDT
MARCH 31 2014.........SUNRISE   719 AM EDT   SUNSET   800 PM EDT


-  INDICATES NEGATIVE NUMBERS.
R  INDICATES RECORD WAS SET OR TIED.
MM INDICATES DATA IS MISSING.
T  INDICATES TRACE AMOUNT.




$$
