733
CDUS43 KDTX 110542
CLIFNT


CLIMATE REPORT
NATIONAL WEATHER SERVICE DETROIT/PONTIAC MI
1242 AM EST SAT NOV 11 2017


...................................

...THE FLINT MI CLIMATE SUMMARY FOR NOVEMBER 10 2017...

CLIMATE NORMAL PERIOD 1981 TO 2010
CLIMATE RECORD PERIOD 1921 TO 2017


WEATHER ITEM   OBSERVED TIME   RECORD YEAR NORMAL DEPARTURE LAST
                VALUE   (LST)  VALUE       VALUE  FROM      YEAR
                                                  NORMAL
..................................................................
TEMPERATURE (F)
 YESTERDAY
  MAXIMUM         26    349 PM  68    1999  49    -23       63
                                      1931
  MINIMUM         16R   858 PM  17    2003  33    -17       39
  AVERAGE         21                        41    -20       51

PRECIPITATION (IN)
  YESTERDAY        0.00          0.98 1995   0.09  -0.09     0.00
  MONTH TO DATE    1.32                      0.90   0.42     0.61
  SINCE SEP 1      6.85                      7.12  -0.27     8.20
  SINCE JAN 1     32.54                     27.68   4.86    27.75

SNOWFALL (IN)
  YESTERDAY        0.0           T    2011   0.1   -0.1      0.0
                                      1987
  MONTH TO DATE    T                         0.3   -0.3      0.0
  SINCE SEP 1      0.1                       0.7   -0.6       T
  SINCE JUL 1      0.1                       0.7   -0.6       T
  SNOW DEPTH       0

DEGREE DAYS
 HEATING
  YESTERDAY       44                        24     20       14
  MONTH TO DATE  267                       223     44      130
  SINCE SEP 1    718                       875   -157      569
  SINCE JUL 1    750                       919   -169      569

 COOLING
  YESTERDAY        0                         0      0        0
  MONTH TO DATE    0                         0      0        0
  SINCE SEP 1    110                        54     56       83
  SINCE JAN 1    567                       531     36     1022
..................................................................


WIND (MPH)
  HIGHEST WIND SPEED    17   HIGHEST WIND DIRECTION    NW (330)
  HIGHEST GUST SPEED    23   HIGHEST GUST DIRECTION     N (360)
  AVERAGE WIND SPEED     6.8


SKY COVER
  POSSIBLE SUNSHINE  MM
  AVERAGE SKY COVER 0.2


WEATHER CONDITIONS
 THE FOLLOWING WEATHER WAS RECORDED YESTERDAY.
  NO SIGNIFICANT WEATHER WAS OBSERVED.


RELATIVE HUMIDITY (PERCENT)
 HIGHEST    80           700 AM
 LOWEST     47          1200 AM
 AVERAGE    64

..........................................................


THE FLINT MI CLIMATE NORMALS FOR TODAY
                         NORMAL    RECORD    YEAR
 MAXIMUM TEMPERATURE (F)   49        70      2012
 MINIMUM TEMPERATURE (F)   33        14      1926


SUNRISE AND SUNSET
NOVEMBER 11 2017......SUNRISE   722 AM EST   SUNSET   515 PM EST
NOVEMBER 12 2017......SUNRISE   724 AM EST   SUNSET   514 PM EST


-  INDICATES NEGATIVE NUMBERS.
R  INDICATES RECORD WAS SET OR TIED.
MM INDICATES DATA IS MISSING.
T  INDICATES TRACE AMOUNT.




$$
