000
CDUS43 KDTX 120536
CLIFNT


CLIMATE REPORT
NATIONAL WEATHER SERVICE DETROIT/PONTIAC MI
136 AM EDT FRI AUG 12 2016


...................................

...THE FLINT MI CLIMATE SUMMARY FOR AUGUST 11 2016...

CLIMATE NORMAL PERIOD 1981 TO 2010
CLIMATE RECORD PERIOD 1921 TO 2016


WEATHER ITEM   OBSERVED TIME   RECORD YEAR NORMAL DEPARTURE LAST
                VALUE   (LST)  VALUE       VALUE  FROM      YEAR
                                                  NORMAL
..................................................................
TEMPERATURE (F)
 YESTERDAY
  MAXIMUM         97R   300 PM  96    1944  80     17       82
  MINIMUM         70    240 AM  41    1967  59     11       63
  AVERAGE         84                        70     14       73

PRECIPITATION (IN)
  YESTERDAY        0.00          2.64 2014   0.10  -0.10     0.00
  MONTH TO DATE    0.00                      1.16  -1.16     2.02
  SINCE JUN 1      2.42                      7.55  -5.13    10.42
  SINCE JAN 1     14.65                     18.54  -3.89    18.54

SNOWFALL (IN)
  YESTERDAY        0.0           0.0    MM   0.0    0.0      0.0
  MONTH TO DATE    0.0                       0.0    0.0      0.0
  SINCE JUN 1      0.0                       0.0    0.0      0.0
  SINCE JUL 1      0.0                       0.0    0.0      0.0
  SNOW DEPTH       0

DEGREE DAYS
 HEATING
  YESTERDAY        0                         1     -1        0
  MONTH TO DATE    0                        10    -10        0
  SINCE JUN 1     28                        91    -63       36
  SINCE JUL 1      0                        25    -25        8

 COOLING
  YESTERDAY       19                         5     14        8
  MONTH TO DATE  136                        60     76       67
  SINCE JUN 1    663                       359    304      409
  SINCE JAN 1    742                       391    351      484
..................................................................


WIND (MPH)
  HIGHEST WIND SPEED    17   HIGHEST WIND DIRECTION    SW (240)
  HIGHEST GUST SPEED    26   HIGHEST GUST DIRECTION     W (260)
  AVERAGE WIND SPEED     8.0


SKY COVER
  POSSIBLE SUNSHINE  MM
  AVERAGE SKY COVER 0.3


WEATHER CONDITIONS
 THE FOLLOWING WEATHER WAS RECORDED YESTERDAY.
  NO SIGNIFICANT WEATHER WAS OBSERVED.


RELATIVE HUMIDITY (PERCENT)
 HIGHEST    82           600 AM
 LOWEST     42           400 PM
 AVERAGE    62

..........................................................


THE FLINT MI CLIMATE NORMALS FOR TODAY
                         NORMAL    RECORD    YEAR
 MAXIMUM TEMPERATURE (F)   80        94      1947
                                             1940
 MINIMUM TEMPERATURE (F)   59        39      1967


SUNRISE AND SUNSET
AUGUST 12 2016........SUNRISE   638 AM EDT   SUNSET   841 PM EDT
AUGUST 13 2016........SUNRISE   639 AM EDT   SUNSET   839 PM EDT


-  INDICATES NEGATIVE NUMBERS.
R  INDICATES RECORD WAS SET OR TIED.
MM INDICATES DATA IS MISSING.
T  INDICATES TRACE AMOUNT.




$$
