000
CDUS43 KDTX 130541
CLIFNT


CLIMATE REPORT
NATIONAL WEATHER SERVICE DETROIT/PONTIAC MI
1241 AM EST SAT DEC 13 2014


...................................

...THE FLINT MI CLIMATE SUMMARY FOR DECEMBER 12 2014...

CLIMATE NORMAL PERIOD 1981 TO 2010
CLIMATE RECORD PERIOD 1921 TO 2014


WEATHER ITEM   OBSERVED TIME   RECORD YEAR NORMAL DEPARTURE LAST
                VALUE   (LST)  VALUE       VALUE  FROM      YEAR
                                                  NORMAL
..................................................................
TEMPERATURE (F)
 YESTERDAY
  MAXIMUM         35    343 PM  61    1949  35      0       21
  MINIMUM         26    451 AM  -8    1958  22      4        2
  AVERAGE         31                        28      3       12

PRECIPITATION (IN)
  YESTERDAY        0.00          1.54 1946   0.07  -0.07      T
  MONTH TO DATE    0.10                      0.82  -0.72     0.25
  SINCE DEC 1      0.10                      0.82  -0.72     0.25
  SINCE JAN 1     33.88                     30.27   3.61    31.03

SNOWFALL (IN)
  YESTERDAY        0.0           5.5  2010   0.4   -0.4      0.1
  MONTH TO DATE    0.1                       4.0   -3.9      1.3
  SINCE DEC 1      0.1                       4.0   -3.9      1.3
  SINCE JUL 1      9.5                       6.9    2.6      2.9
  SNOW DEPTH       0

DEGREE DAYS
 HEATING
  YESTERDAY       34                        37     -3       53
  MONTH TO DATE  411                       415     -4      460
  SINCE DEC 1    411                       415     -4      460
  SINCE JUL 1   1875                      1896    -21     1859

 COOLING
  YESTERDAY        0                         0      0        0
  MONTH TO DATE    0                         0      0        0
  SINCE DEC 1      0                         0      0        0
  SINCE JAN 1    597                       531     66      758
..................................................................


WIND (MPH)
  HIGHEST WIND SPEED    14   HIGHEST WIND DIRECTION     W (290)
  HIGHEST GUST SPEED    14   HIGHEST GUST DIRECTION     W (280)
  AVERAGE WIND SPEED     8.3


SKY COVER
  POSSIBLE SUNSHINE  MM
  AVERAGE SKY COVER 0.9


WEATHER CONDITIONS
 THE FOLLOWING WEATHER WAS RECORDED YESTERDAY.
  FOG
  HAZE


RELATIVE HUMIDITY (PERCENT)
 HIGHEST    92           900 AM
 LOWEST     82           200 PM
 AVERAGE    87

..........................................................


THE FLINT MI CLIMATE NORMALS FOR TODAY
                         NORMAL    RECORD    YEAR
 MAXIMUM TEMPERATURE (F)   35        55      1991
                                             1923
 MINIMUM TEMPERATURE (F)   22        -3      1960
                                             1958


SUNRISE AND SUNSET
DECEMBER 13 2014......SUNRISE   758 AM EST   SUNSET   501 PM EST
DECEMBER 14 2014......SUNRISE   758 AM EST   SUNSET   501 PM EST


-  INDICATES NEGATIVE NUMBERS.
R  INDICATES RECORD WAS SET OR TIED.
MM INDICATES DATA IS MISSING.
T  INDICATES TRACE AMOUNT.




$$
