000
CDUS43 KDTX 200535
CLIFNT


CLIMATE REPORT
NATIONAL WEATHER SERVICE DETROIT/PONTIAC MI
1235 AM EST TUE JAN 20 2015


...................................

...THE FLINT MI CLIMATE SUMMARY FOR JANUARY 19 2015...

CLIMATE NORMAL PERIOD 1981 TO 2010
CLIMATE RECORD PERIOD 1921 TO 2015


WEATHER ITEM   OBSERVED TIME   RECORD YEAR NORMAL DEPARTURE LAST
                VALUE   (LST)  VALUE       VALUE  FROM      YEAR
                                                  NORMAL
..................................................................
TEMPERATURE (F)
 YESTERDAY
  MAXIMUM         35    434 AM  54    1949  29      6       31
  MINIMUM         28   1159 PM -21    1994  15     13       13
  AVERAGE         32                        22     10       22

PRECIPITATION (IN)
  YESTERDAY        T             1.04 1933   0.05  -0.05      T
  MONTH TO DATE    0.98                      1.06  -0.08     2.16
  SINCE DEC 1      2.62                      2.98  -0.36     4.01
  SINCE JAN 1      0.98                      1.06  -0.08     2.16

SNOWFALL (IN)
  YESTERDAY        T             3.5    MM   0.5   -0.5       T
  MONTH TO DATE    8.4                       8.1    0.3     24.9
  SINCE DEC 1      9.0                      19.9  -10.9     41.8
  SINCE JUL 1     18.4                      22.8   -4.4     43.4
  SNOW DEPTH       2

DEGREE DAYS
 HEATING
  YESTERDAY       33                        43    -10       43
  MONTH TO DATE  864                       806     58      862
  SINCE DEC 1   1854                      1970   -116     2093
  SINCE JUL 1   3318                      3451   -133     3492

 COOLING
  YESTERDAY        0                         0      0        0
  MONTH TO DATE    0                         0      0        0
  SINCE DEC 1      0                         0      0        0
  SINCE JAN 1      0                         0      0        0
..................................................................


WIND (MPH)
  HIGHEST WIND SPEED    13   HIGHEST WIND DIRECTION     N (10)
  HIGHEST GUST SPEED    17   HIGHEST GUST DIRECTION     N (360)
  AVERAGE WIND SPEED     5.7


SKY COVER
  POSSIBLE SUNSHINE  MM
  AVERAGE SKY COVER 1.0


WEATHER CONDITIONS
 THE FOLLOWING WEATHER WAS RECORDED YESTERDAY.
  LIGHT SNOW


RELATIVE HUMIDITY (PERCENT)
 HIGHEST    82           200 AM
 LOWEST     59           100 PM
 AVERAGE    71

..........................................................


THE FLINT MI CLIMATE NORMALS FOR TODAY
                         NORMAL    RECORD    YEAR
 MAXIMUM TEMPERATURE (F)   29        52      1921
 MINIMUM TEMPERATURE (F)   15       -12      1994
                                             1985


SUNRISE AND SUNSET
JANUARY 20 2015.......SUNRISE   801 AM EST   SUNSET   532 PM EST
JANUARY 21 2015.......SUNRISE   800 AM EST   SUNSET   533 PM EST


-  INDICATES NEGATIVE NUMBERS.
R  INDICATES RECORD WAS SET OR TIED.
MM INDICATES DATA IS MISSING.
T  INDICATES TRACE AMOUNT.




$$
