000
CDUS43 KDTX 142033
CLIFNT


CLIMATE REPORT
NATIONAL WEATHER SERVICE DETROIT/PONTIAC MI
433 PM EDT THU MAY 14 2015


...................................

...THE FLINT MI CLIMATE SUMMARY FOR MAY 14 2015...
VALID TODAY AS OF 0400 PM LOCAL TIME.

CLIMATE NORMAL PERIOD 1981 TO 2010
CLIMATE RECORD PERIOD 1921 TO 2015


WEATHER ITEM   OBSERVED TIME   RECORD YEAR NORMAL DEPARTURE LAST
                VALUE   (LST)  VALUE       VALUE  FROM      YEAR
                                                  NORMAL
..................................................................
TEMPERATURE (F)
 TODAY
  MAXIMUM         67    257 PM  87    1962  68     -1       61
                                      1940
  MINIMUM         36    511 AM  32    1997  45     -9       46
                                      1984
  AVERAGE         52                        56     -4       54

PRECIPITATION (IN)
  TODAY            0.00          1.53 1945   0.10  -0.10     0.37
  MONTH TO DATE    1.54                      1.38   0.16     4.34
  SINCE MAR 1      4.09                      6.18  -2.09     8.03
  SINCE JAN 1      6.26                      9.29  -3.03    12.04

SNOWFALL (IN)
  TODAY            0.0           0.0    MM   0.0    0.0      0.0
  MONTH TO DATE    0.0                       0.0    0.0      0.0
  SINCE MAR 1      4.8                       8.8   -4.0     10.7
  SINCE JUL 1     45.3                      47.4   -2.1     83.9
  SNOW DEPTH       0

DEGREE DAYS
 HEATING
  TODAY           13                        10      3       11
  MONTH TO DATE   62                       159    -97      125
  SINCE MAR 1   1543                      1678   -135     1856
  SINCE JUL 1   6851                      6766     85     7377

 COOLING
  TODAY            0                         1     -1        0
  MONTH TO DATE   22                         6     16       17
  SINCE MAR 1     22                        10     12       17
  SINCE JAN 1     22                        10     12       17
..................................................................


WIND (MPH)
  HIGHEST WIND SPEED    12   HIGHEST WIND DIRECTION    SE (150)
  HIGHEST GUST SPEED    16   HIGHEST GUST DIRECTION    SE (140)
  AVERAGE WIND SPEED     3.6


SKY COVER
  POSSIBLE SUNSHINE  MM
  AVERAGE SKY COVER 0.0


WEATHER CONDITIONS
 THE FOLLOWING WEATHER WAS RECORDED TODAY.
  NO SIGNIFICANT WEATHER WAS OBSERVED.


RELATIVE HUMIDITY (PERCENT)
 HIGHEST    85           600 AM
 LOWEST     28           100 PM
 AVERAGE    57

..........................................................


THE FLINT MI CLIMATE NORMALS FOR TOMORROW
                         NORMAL    RECORD    YEAR
 MAXIMUM TEMPERATURE (F)   68        90      1962
 MINIMUM TEMPERATURE (F)   45        30      1973


SUNRISE AND SUNSET
MAY 14 2015...........SUNRISE   613 AM EDT   SUNSET   850 PM EDT
MAY 15 2015...........SUNRISE   612 AM EDT   SUNSET   851 PM EDT


-  INDICATES NEGATIVE NUMBERS.
R  INDICATES RECORD WAS SET OR TIED.
MM INDICATES DATA IS MISSING.
T  INDICATES TRACE AMOUNT.




$$
