873
CDUS43 KDTX 160550
CLIFNT


CLIMATE REPORT
NATIONAL WEATHER SERVICE DETROIT/PONTIAC MI
150 AM EDT MON MAY 16 2016


...................................

...THE FLINT MI CLIMATE SUMMARY FOR MAY 15 2016...

CLIMATE NORMAL PERIOD 1981 TO 2010
CLIMATE RECORD PERIOD 1921 TO 2016


WEATHER ITEM   OBSERVED TIME   RECORD YEAR NORMAL DEPARTURE LAST
                VALUE   (LST)  VALUE       VALUE  FROM      YEAR
                                                  NORMAL
..................................................................
TEMPERATURE (F)
 YESTERDAY
  MAXIMUM         51    504 PM  90    1962  68    -17       74
  MINIMUM         37    613 AM  30    1973  45     -8       51
  AVERAGE         44                        56    -12       63

PRECIPITATION (IN)
  YESTERDAY        T             1.04 1922   0.10  -0.10     0.44
  MONTH TO DATE    1.64                      1.48   0.16     1.98
  SINCE MAR 1      8.30                      6.28   2.02     4.53
  SINCE JAN 1     12.15                      9.39   2.76     6.70

SNOWFALL (IN)
  YESTERDAY        T   R         0.0    MM   0.0    0.0      0.0
  MONTH TO DATE    T                         0.0    0.0      0.0
  SINCE MAR 1     18.4                       8.8    9.6      4.8
  SINCE JUL 1     69.0                      47.4   21.6     45.3
  SNOW DEPTH       0

DEGREE DAYS
 HEATING
  YESTERDAY       21                         9     12        2
  MONTH TO DATE  149                       168    -19       64
  SINCE MAR 1   1428                      1687   -259     1545
  SINCE JUL 1   5298                      6775  -1477     6853

 COOLING
  YESTERDAY        0                         1     -1        0
  MONTH TO DATE    4                         7     -3       22
  SINCE MAR 1      5                        11     -6       22
  SINCE JAN 1      5                        11     -6       22
..................................................................


WIND (MPH)
  HIGHEST WIND SPEED    22   HIGHEST WIND DIRECTION     W (280)
  HIGHEST GUST SPEED    27   HIGHEST GUST DIRECTION     W (280)
  AVERAGE WIND SPEED    11.3


SKY COVER
  POSSIBLE SUNSHINE  MM
  AVERAGE SKY COVER 0.8


WEATHER CONDITIONS
 THE FOLLOWING WEATHER WAS RECORDED YESTERDAY.
  LIGHT RAIN
  LIGHT SNOW
  HAZE


RELATIVE HUMIDITY (PERCENT)
 HIGHEST    82           400 AM
 LOWEST     36           600 PM
 AVERAGE    59

..........................................................


THE FLINT MI CLIMATE NORMALS FOR TODAY
                         NORMAL    RECORD    YEAR
 MAXIMUM TEMPERATURE (F)   69        90      1962
 MINIMUM TEMPERATURE (F)   45        30      1921


SUNRISE AND SUNSET
MAY 16 2016...........SUNRISE   610 AM EDT   SUNSET   853 PM EDT
MAY 17 2016...........SUNRISE   609 AM EDT   SUNSET   854 PM EDT


-  INDICATES NEGATIVE NUMBERS.
R  INDICATES RECORD WAS SET OR TIED.
MM INDICATES DATA IS MISSING.
T  INDICATES TRACE AMOUNT.




$$
