000
CDUS43 KDTX 140535
CLIFNT


CLIMATE REPORT
NATIONAL WEATHER SERVICE DETROIT/PONTIAC MI
135 AM EDT MON JUL 14 2014


...................................

...THE FLINT MI CLIMATE SUMMARY FOR JULY 13 2014...

CLIMATE NORMAL PERIOD 1981 TO 2010
CLIMATE RECORD PERIOD 1921 TO 2014


WEATHER ITEM   OBSERVED TIME   RECORD YEAR NORMAL DEPARTURE LAST
                VALUE   (LST)  VALUE       VALUE  FROM      YEAR
                                                  NORMAL
..................................................................
TEMPERATURE (F)
 YESTERDAY
  MAXIMUM         83    418 PM 108    1936  82      1       85
  MINIMUM         67   1159 PM  45    2009  59      8       58
  AVERAGE         75                        71      4       72

PRECIPITATION (IN)
  YESTERDAY        0.54          2.50 1945   0.11   0.43     0.00
  MONTH TO DATE    4.60                      1.27   3.33     0.31
  SINCE JUN 1      7.06                      4.34   2.72     4.82
  SINCE JAN 1     22.01                     15.33   6.68    21.58

SNOWFALL (IN)
  YESTERDAY        0.0           0.0    MM   0.0    0.0      0.0
  MONTH TO DATE    0.0                       0.0    0.0      0.0
  SINCE JUN 1      0.0                       0.0    0.0      0.0
  SINCE JUL 1      0.0                       0.0    0.0      0.0
  SNOW DEPTH       0

DEGREE DAYS
 HEATING
  YESTERDAY        0                         0      0        0
  MONTH TO DATE    3                        10     -7        0
  SINCE JUN 1     25                        76    -51       41
  SINCE JUL 1      3                        10     -7        0

 COOLING
  YESTERDAY       10                         6      4        7
  MONTH TO DATE   71                        78     -7      110
  SINCE JUN 1    223                       190     33      269
  SINCE JAN 1    271                       222     49      348
..................................................................


WIND (MPH)
  HIGHEST WIND SPEED    21   HIGHEST WIND DIRECTION     W (260)
  HIGHEST GUST SPEED    31   HIGHEST GUST DIRECTION    SW (210)
  AVERAGE WIND SPEED    11.5


SKY COVER
  POSSIBLE SUNSHINE  MM
  AVERAGE SKY COVER 0.4


WEATHER CONDITIONS
 THE FOLLOWING WEATHER WAS RECORDED YESTERDAY.
  THUNDERSTORM
  HEAVY RAIN
  RAIN
  LIGHT RAIN
  FOG


RELATIVE HUMIDITY (PERCENT)
 HIGHEST    87           300 AM
 LOWEST     47           400 PM
 AVERAGE    67

..........................................................


THE FLINT MI CLIMATE NORMALS FOR TODAY
                         NORMAL    RECORD    YEAR
 MAXIMUM TEMPERATURE (F)   82       105      1936
 MINIMUM TEMPERATURE (F)   59        45      2009
                                             1950


SUNRISE AND SUNSET
JULY 14 2014..........SUNRISE   609 AM EDT   SUNSET   912 PM EDT
JULY 15 2014..........SUNRISE   610 AM EDT   SUNSET   912 PM EDT


-  INDICATES NEGATIVE NUMBERS.
R  INDICATES RECORD WAS SET OR TIED.
MM INDICATES DATA IS MISSING.
T  INDICATES TRACE AMOUNT.




$$
