000
CDUS43 KDTX 132131
CLIFNT


CLIMATE REPORT
NATIONAL WEATHER SERVICE DETROIT/PONTIAC MI
427 PM EST THU NOV 13 2014


...................................

...THE FLINT MI CLIMATE SUMMARY FOR NOVEMBER 13 2014...
VALID TODAY AS OF 0400 PM LOCAL TIME.

CLIMATE NORMAL PERIOD 1981 TO 2010
CLIMATE RECORD PERIOD 1921 TO 2014


WEATHER ITEM   OBSERVED TIME   RECORD YEAR NORMAL DEPARTURE LAST
                VALUE   (LST)  VALUE       VALUE  FROM      YEAR
                                                  NORMAL
..................................................................
TEMPERATURE (F)
 TODAY
  MAXIMUM         37    221 PM  71    1989  48    -11       41
  MINIMUM         30    909 AM  12    1986  32     -2       19
  AVERAGE         34                        40     -6       30

PRECIPITATION (IN)
  TODAY            T             0.85 1959   0.09  -0.09     0.00
  MONTH TO DATE    0.30                      1.17  -0.87     0.74
  SINCE SEP 1      5.40                      7.39  -1.99     4.26
  SINCE JAN 1     32.39                     27.95   4.44    29.85

SNOWFALL (IN)
  TODAY            T             1.2  1974   0.0    0.0      0.0
  MONTH TO DATE    0.6                       0.4    0.2      0.4
  SINCE SEP 1      1.3                       0.8    0.5      0.4
  SINCE JUL 1      1.3                       0.8    0.5      0.4
  SNOW DEPTH       0

DEGREE DAYS
 HEATING
  TODAY           31                        25      6       35
  MONTH TO DATE  298                       297      1      314
  SINCE SEP 1    856                       949    -93      858
  SINCE JUL 1    880                       993   -113      880

 COOLING
  TODAY            0                         0      0        0
  MONTH TO DATE    0                         0      0        0
  SINCE SEP 1     65                        54     11       88
  SINCE JAN 1    597                       531     66      758
..................................................................


WIND (MPH)
  HIGHEST WIND SPEED    21   HIGHEST WIND DIRECTION     W (280)
  HIGHEST GUST SPEED    25   HIGHEST GUST DIRECTION     W (290)
  AVERAGE WIND SPEED     9.1


SKY COVER
  POSSIBLE SUNSHINE  MM
  AVERAGE SKY COVER 1.0


WEATHER CONDITIONS
 THE FOLLOWING WEATHER WAS RECORDED TODAY.
  LIGHT SNOW


RELATIVE HUMIDITY (PERCENT)
 HIGHEST    72           100 AM
 LOWEST     51           400 PM
 AVERAGE    62

..........................................................


THE FLINT MI CLIMATE NORMALS FOR TOMORROW
                         NORMAL    RECORD    YEAR
 MAXIMUM TEMPERATURE (F)   48        66      2009
                                             1956
                                             1953
 MINIMUM TEMPERATURE (F)   32        12      1986


SUNRISE AND SUNSET
NOVEMBER 13 2014......SUNRISE   725 AM EST   SUNSET   513 PM EST
NOVEMBER 14 2014......SUNRISE   726 AM EST   SUNSET   512 PM EST


-  INDICATES NEGATIVE NUMBERS.
R  INDICATES RECORD WAS SET OR TIED.
MM INDICATES DATA IS MISSING.
T  INDICATES TRACE AMOUNT.




$$
