000
CDUS43 KDTX 170535
CLIFNT


CLIMATE REPORT
NATIONAL WEATHER SERVICE DETROIT/PONTIAC MI
135 AM EDT SAT JUN 17 2017


...................................

...THE FLINT MI CLIMATE SUMMARY FOR JUNE 16 2017...

CLIMATE NORMAL PERIOD 1981 TO 2010
CLIMATE RECORD PERIOD 1921 TO 2017


WEATHER ITEM   OBSERVED TIME   RECORD YEAR NORMAL DEPARTURE LAST
                VALUE   (LST)  VALUE       VALUE  FROM      YEAR
                                                  NORMAL
..................................................................
TEMPERATURE (F)
 YESTERDAY
  MAXIMUM         86    112 PM  96    1952  78      8       73
  MINIMUM         58    414 AM  38    1980  56      2       62
  AVERAGE         72                        67      5       68

PRECIPITATION (IN)
  YESTERDAY        T             1.10 1960   0.10  -0.10     0.10
  MONTH TO DATE    0.36                      1.66  -1.30     0.66
  SINCE JUN 1      0.36                      1.66  -1.30     0.66
  SINCE JAN 1     16.79                     12.65   4.14    12.89

SNOWFALL (IN)
  YESTERDAY        0.0           0.0    MM   0.0    0.0      0.0
  MONTH TO DATE    0.0                       0.0    0.0      0.0
  SINCE JUN 1      0.0                       0.0    0.0      0.0
  SINCE JUL 1     39.4                      47.4   -8.0     69.0
  SNOW DEPTH       0

DEGREE DAYS
 HEATING
  YESTERDAY        0                         2     -2        0
  MONTH TO DATE   24                        50    -26       22
  SINCE JUN 1     24                        50    -26       22
  SINCE JUL 1   5812                      6937  -1125     5378

 COOLING
  YESTERDAY        7                         4      3        3
  MONTH TO DATE   87                        43     44       74
  SINCE JUN 1     87                        43     44       74
  SINCE JAN 1    112                        75     37      153
..................................................................


WIND (MPH)
  HIGHEST WIND SPEED    20   HIGHEST WIND DIRECTION     W (280)
  HIGHEST GUST SPEED    28   HIGHEST GUST DIRECTION     W (290)
  AVERAGE WIND SPEED     7.6


SKY COVER
  POSSIBLE SUNSHINE  MM
  AVERAGE SKY COVER 0.2


WEATHER CONDITIONS
 THE FOLLOWING WEATHER WAS RECORDED YESTERDAY.
  LIGHT RAIN
  FOG


RELATIVE HUMIDITY (PERCENT)
 HIGHEST   100           500 AM
 LOWEST     43          1100 AM
 AVERAGE    72

..........................................................


THE FLINT MI CLIMATE NORMALS FOR TODAY
                         NORMAL    RECORD    YEAR
 MAXIMUM TEMPERATURE (F)   79        97      1921
 MINIMUM TEMPERATURE (F)   56        41      1958


SUNRISE AND SUNSET
JUNE 17 2017..........SUNRISE   555 AM EDT   SUNSET   917 PM EDT
JUNE 18 2017..........SUNRISE   556 AM EDT   SUNSET   917 PM EDT


-  INDICATES NEGATIVE NUMBERS.
R  INDICATES RECORD WAS SET OR TIED.
MM INDICATES DATA IS MISSING.
T  INDICATES TRACE AMOUNT.




$$
