000
CDUS43 KDTX 032026
CLIFNT


CLIMATE REPORT
NATIONAL WEATHER SERVICE DETROIT/PONTIAC MI
426 PM EDT TUE OCT 3 2017


...................................

...THE FLINT MI CLIMATE SUMMARY FOR OCTOBER 3 2017...
VALID TODAY AS OF 0400 PM LOCAL TIME.

CLIMATE NORMAL PERIOD 1981 TO 2010
CLIMATE RECORD PERIOD 1921 TO 2017


WEATHER ITEM   OBSERVED TIME   RECORD YEAR NORMAL DEPARTURE LAST
                VALUE   (LST)  VALUE       VALUE  FROM      YEAR
                                                  NORMAL
..................................................................
TEMPERATURE (F)
 TODAY
  MAXIMUM         85    214 PM  89    1953  65     20       69
  MINIMUM         51    554 AM  25    1974  43      8       53
  AVERAGE         68                        54     14       61

PRECIPITATION (IN)
  TODAY            0.00          1.72 1954   0.10  -0.10      T
  MONTH TO DATE    0.00                      0.29  -0.29     0.22
  SINCE SEP 1      0.84                      4.04  -3.20     4.63
  SINCE JAN 1     26.53                     24.60   1.93    24.18

SNOWFALL (IN)
  TODAY            0.0           T      MM   0.0    0.0      0.0
  MONTH TO DATE    0.0                       0.0    0.0      0.0
  SINCE SEP 1      0.0                       0.0    0.0      0.0
  SINCE JUL 1      0.0                       0.0    0.0      0.0
  SNOW DEPTH       0

DEGREE DAYS
 HEATING
  TODAY            0                        11    -11        4
  MONTH TO DATE   19                        33    -14       19
  SINCE SEP 1    142                       199    -57       89
  SINCE JUL 1    174                       243    -69       89

 COOLING
  TODAY            3                         0      3        0
  MONTH TO DATE    3                         2      1        0
  SINCE SEP 1     98                        51     47       72
  SINCE JAN 1    555                       528     27     1011
..................................................................


WIND (MPH)
  HIGHEST WIND SPEED    18   HIGHEST WIND DIRECTION    SW (210)
  HIGHEST GUST SPEED    26   HIGHEST GUST DIRECTION    SW (210)
  AVERAGE WIND SPEED     9.1


SKY COVER
  POSSIBLE SUNSHINE  MM
  AVERAGE SKY COVER 0.2


WEATHER CONDITIONS
 THE FOLLOWING WEATHER WAS RECORDED TODAY.
  NO SIGNIFICANT WEATHER WAS OBSERVED.


RELATIVE HUMIDITY (PERCENT)
 HIGHEST    93           200 AM
 LOWEST     43           200 PM
 AVERAGE    68

..........................................................


THE FLINT MI CLIMATE NORMALS FOR TOMORROW
                         NORMAL    RECORD    YEAR
 MAXIMUM TEMPERATURE (F)   65        88      1951
 MINIMUM TEMPERATURE (F)   43        27      1996


SUNRISE AND SUNSET
OCTOBER  3 2017.......SUNRISE   735 AM EDT   SUNSET   712 PM EDT
OCTOBER  4 2017.......SUNRISE   736 AM EDT   SUNSET   710 PM EDT


-  INDICATES NEGATIVE NUMBERS.
R  INDICATES RECORD WAS SET OR TIED.
MM INDICATES DATA IS MISSING.
T  INDICATES TRACE AMOUNT.




$$
