000
CDUS43 KDTX 260555
CLIFNT


CLIMATE REPORT
NATIONAL WEATHER SERVICE DETROIT/PONTIAC MI
1255 AM EST SUN NOV 26 2017


...................................

...THE FLINT MI CLIMATE SUMMARY FOR NOVEMBER 25 2017...

CLIMATE NORMAL PERIOD 1981 TO 2010
CLIMATE RECORD PERIOD 1921 TO 2017


WEATHER ITEM   OBSERVED TIME   RECORD YEAR NORMAL DEPARTURE LAST
                VALUE   (LST)  VALUE       VALUE  FROM      YEAR
                                                  NORMAL
..................................................................
TEMPERATURE (F)
 YESTERDAY
  MAXIMUM         51    223 AM  63    2011  42      9       42
                                      2001
  MINIMUM         32   1159 PM   9    1950  28      4       37
  AVERAGE         42                        35      7       40

PRECIPITATION (IN)
  YESTERDAY        0.04          1.71 1987   0.09  -0.05     0.07
  MONTH TO DATE    3.05                      2.27   0.78     1.60
  SINCE SEP 1      8.58                      8.49   0.09     9.19
  SINCE JAN 1     34.27                     29.05   5.22    28.74

SNOWFALL (IN)
  YESTERDAY       MM             6.5  1950   0.1   MM         T
  MONTH TO DATE    0.3                       1.6   -1.3       T
  SINCE SEP 1      0.4                       2.0   -1.6       T
  SINCE JUL 1      0.4                       2.0   -1.6       T
  SNOW DEPTH       0

DEGREE DAYS
 HEATING
  YESTERDAY       23                        30     -7       25
  MONTH TO DATE  686                       629     57      489
  SINCE SEP 1   1137                      1281   -144      928
  SINCE JUL 1   1169                      1325   -156      928

 COOLING
  YESTERDAY        0                         0      0        0
  MONTH TO DATE    0                         0      0        0
  SINCE SEP 1    110                        54     56       83
  SINCE JAN 1    567                       531     36     1022
..................................................................


WIND (MPH)
  HIGHEST WIND SPEED    23   HIGHEST WIND DIRECTION    NW (330)
  HIGHEST GUST SPEED    31   HIGHEST GUST DIRECTION    NW (320)
  AVERAGE WIND SPEED    13.2


SKY COVER
  POSSIBLE SUNSHINE  MM
  AVERAGE SKY COVER 0.9


WEATHER CONDITIONS
 THE FOLLOWING WEATHER WAS RECORDED YESTERDAY.
  LIGHT RAIN
  FOG


RELATIVE HUMIDITY (PERCENT)
 HIGHEST    92           800 AM
 LOWEST     52           200 AM
 AVERAGE    72

..........................................................


THE FLINT MI CLIMATE NORMALS FOR TODAY
                         NORMAL    RECORD    YEAR
 MAXIMUM TEMPERATURE (F)   42        63      1984
 MINIMUM TEMPERATURE (F)   28        -7      1949


SUNRISE AND SUNSET
NOVEMBER 26 2017......SUNRISE   741 AM EST   SUNSET   503 PM EST
NOVEMBER 27 2017......SUNRISE   742 AM EST   SUNSET   503 PM EST


-  INDICATES NEGATIVE NUMBERS.
R  INDICATES RECORD WAS SET OR TIED.
MM INDICATES DATA IS MISSING.
T  INDICATES TRACE AMOUNT.




$$
