000
CDUS43 KDTX 110536
CLIFNT


CLIMATE REPORT
NATIONAL WEATHER SERVICE DETROIT/PONTIAC MI
136 AM EDT TUE APR 11 2017


...................................

...THE FLINT MI CLIMATE SUMMARY FOR APRIL 10 2017...

CLIMATE NORMAL PERIOD 1981 TO 2010
CLIMATE RECORD PERIOD 1921 TO 2017


WEATHER ITEM   OBSERVED TIME   RECORD YEAR NORMAL DEPARTURE LAST
                VALUE   (LST)  VALUE       VALUE  FROM      YEAR
                                                  NORMAL
..................................................................
TEMPERATURE (F)
 YESTERDAY
  MAXIMUM         77    321 PM  83    2011  55     22       42
  MINIMUM         48   1109 PM  16    1989  34     14       26
  AVERAGE         63                        44     19       34

PRECIPITATION (IN)
  YESTERDAY        0.02          0.91 2013   0.11  -0.09     0.60
  MONTH TO DATE    2.78                      0.93   1.85     1.36
  SINCE MAR 1      5.99                      2.84   3.15     5.69
  SINCE JAN 1     11.54                      5.95   5.59     9.54

SNOWFALL (IN)
  YESTERDAY        0.0           3.1  2016   0.1   -0.1      3.1
  MONTH TO DATE    1.5                       1.2    0.3      6.8
  SINCE MAR 1      6.9                       7.7   -0.8     18.4
  SINCE JUL 1     39.4                      46.3   -6.9     69.0
  SNOW DEPTH       0

DEGREE DAYS
 HEATING
  YESTERDAY        2                        21    -19       31
  MONTH TO DATE  169                       225    -56      295
  SINCE MAR 1   1127                      1182    -55     1009
  SINCE JUL 1   5276                      6270   -994     4879

 COOLING
  YESTERDAY        0                         0      0        0
  MONTH TO DATE    0                         0      0        0
  SINCE MAR 1      0                         0      0        1
  SINCE JAN 1      0                         0      0        1
..................................................................


WIND (MPH)
  HIGHEST WIND SPEED    28   HIGHEST WIND DIRECTION    SW (230)
  HIGHEST GUST SPEED    40   HIGHEST GUST DIRECTION    SW (220)
  AVERAGE WIND SPEED    12.9


SKY COVER
  POSSIBLE SUNSHINE  MM
  AVERAGE SKY COVER 0.4


WEATHER CONDITIONS
 THE FOLLOWING WEATHER WAS RECORDED YESTERDAY.
  THUNDERSTORM
  LIGHT RAIN


RELATIVE HUMIDITY (PERCENT)
 HIGHEST    68           800 PM
 LOWEST     43           300 PM
 AVERAGE    56

..........................................................


THE FLINT MI CLIMATE NORMALS FOR TODAY
                         NORMAL    RECORD    YEAR
 MAXIMUM TEMPERATURE (F)   55        82      1945
 MINIMUM TEMPERATURE (F)   34        21      1989
                                             1946
                                             1943


SUNRISE AND SUNSET
APRIL 11 2017.........SUNRISE   659 AM EDT   SUNSET   813 PM EDT
APRIL 12 2017.........SUNRISE   658 AM EDT   SUNSET   814 PM EDT


-  INDICATES NEGATIVE NUMBERS.
R  INDICATES RECORD WAS SET OR TIED.
MM INDICATES DATA IS MISSING.
T  INDICATES TRACE AMOUNT.




$$
