000
CDUS43 KDTX 082127
CLIFNT


CLIMATE REPORT
NATIONAL WEATHER SERVICE DETROIT/PONTIAC MI
426 PM EST MON DEC 8 2014


...................................

...THE FLINT MI CLIMATE SUMMARY FOR DECEMBER 8 2014...
VALID TODAY AS OF 0400 PM LOCAL TIME.

CLIMATE NORMAL PERIOD 1981 TO 2010
CLIMATE RECORD PERIOD 1921 TO 2014


WEATHER ITEM   OBSERVED TIME   RECORD YEAR NORMAL DEPARTURE LAST
                VALUE   (LST)  VALUE       VALUE  FROM      YEAR
                                                  NORMAL
..................................................................
TEMPERATURE (F)
 TODAY
  MAXIMUM         42    326 PM  62    1966  36      6       27
  MINIMUM         33   1221 AM  -4    1976  23     10        9
  AVERAGE         38                        30      8       18

PRECIPITATION (IN)
  TODAY            0.00          0.80 1924   0.06  -0.06     0.02
  MONTH TO DATE    0.01                      0.55  -0.54     0.19
  SINCE DEC 1      0.01                      0.55  -0.54     0.19
  SINCE JAN 1     33.79                     30.00   3.79    30.97

SNOWFALL (IN)
  TODAY            0.0           4.8  1972   0.3   -0.3      0.5
  MONTH TO DATE    T                         2.5   -2.5      0.5
  SINCE DEC 1      T                         2.5   -2.5      0.5
  SINCE JUL 1      9.4                       5.4    4.0      2.1
  SNOW DEPTH       0

DEGREE DAYS
 HEATING
  TODAY           27                        35     -8       47
  MONTH TO DATE  272                       270      2      266
  SINCE DEC 1    272                       270      2      266
  SINCE JUL 1   1736                      1751    -15     1665

 COOLING
  TODAY            0                         0      0        0
  MONTH TO DATE    0                         0      0        0
  SINCE DEC 1      0                         0      0        0
  SINCE JAN 1    597                       531     66      758
..................................................................


WIND (MPH)
  HIGHEST WIND SPEED    18   HIGHEST WIND DIRECTION    SE (150)
  HIGHEST GUST SPEED    24   HIGHEST GUST DIRECTION    SE (150)
  AVERAGE WIND SPEED    12.0


SKY COVER
  POSSIBLE SUNSHINE  MM
  AVERAGE SKY COVER 0.2


WEATHER CONDITIONS
 THE FOLLOWING WEATHER WAS RECORDED TODAY.
  NO SIGNIFICANT WEATHER WAS OBSERVED.


RELATIVE HUMIDITY (PERCENT)
 HIGHEST    69           100 AM
 LOWEST     45          1200 PM
 AVERAGE    57

..........................................................


THE FLINT MI CLIMATE NORMALS FOR TOMORROW
                         NORMAL    RECORD    YEAR
 MAXIMUM TEMPERATURE (F)   36        59      1946
 MINIMUM TEMPERATURE (F)   23        -4      1964


SUNRISE AND SUNSET
DECEMBER  8 2014......SUNRISE   753 AM EST   SUNSET   500 PM EST
DECEMBER  9 2014......SUNRISE   754 AM EST   SUNSET   500 PM EST


-  INDICATES NEGATIVE NUMBERS.
R  INDICATES RECORD WAS SET OR TIED.
MM INDICATES DATA IS MISSING.
T  INDICATES TRACE AMOUNT.




$$
