946
CDUS43 KDTX 230538
CLIFNT


CLIMATE REPORT
NATIONAL WEATHER SERVICE DETROIT/PONTIAC MI
138 AM EDT TUE AUG 23 2016


...................................

...THE FLINT MI CLIMATE SUMMARY FOR AUGUST 22 2016...

CLIMATE NORMAL PERIOD 1981 TO 2010
CLIMATE RECORD PERIOD 1921 TO 2016


WEATHER ITEM   OBSERVED TIME   RECORD YEAR NORMAL DEPARTURE LAST
                VALUE   (LST)  VALUE       VALUE  FROM      YEAR
                                                  NORMAL
..................................................................
TEMPERATURE (F)
 YESTERDAY
  MAXIMUM         79    412 PM  98    1936  79      0       83
  MINIMUM         55    555 AM  40    1923  57     -2       56
  AVERAGE         67                        68     -1       70

PRECIPITATION (IN)
  YESTERDAY        0.00          1.22 1987   0.09  -0.09     0.00
  MONTH TO DATE    3.62                      2.25   1.37     2.50
  SINCE JUN 1      6.04                      8.64  -2.60    10.90
  SINCE JAN 1     18.27                     19.63  -1.36    19.02

SNOWFALL (IN)
  YESTERDAY        0.0           0.0    MM   0.0    0.0      0.0
  MONTH TO DATE    0.0                       0.0    0.0      0.0
  SINCE JUN 1      0.0                       0.0    0.0      0.0
  SINCE JUL 1      0.0                       0.0    0.0      0.0
  SNOW DEPTH       0

DEGREE DAYS
 HEATING
  YESTERDAY        0                         1     -1        0
  MONTH TO DATE    0                        21    -21        0
  SINCE JUN 1     28                       102    -74       36
  SINCE JUL 1      0                        36    -36        8

 COOLING
  YESTERDAY        2                         4     -2        5
  MONTH TO DATE  269                       113    156      172
  SINCE JUN 1    796                       412    384      514
  SINCE JAN 1    875                       444    431      589
..................................................................


WIND (MPH)
  HIGHEST WIND SPEED    13   HIGHEST WIND DIRECTION    SW (220)
  HIGHEST GUST SPEED    16   HIGHEST GUST DIRECTION    SW (220)
  AVERAGE WIND SPEED     4.4


SKY COVER
  POSSIBLE SUNSHINE  MM
  AVERAGE SKY COVER 0.3


WEATHER CONDITIONS
 THE FOLLOWING WEATHER WAS RECORDED YESTERDAY.
  FOG
  HAZE


RELATIVE HUMIDITY (PERCENT)
 HIGHEST    93           400 AM
 LOWEST     40           100 PM
 AVERAGE    67

..........................................................


THE FLINT MI CLIMATE NORMALS FOR TODAY
                         NORMAL    RECORD    YEAR
 MAXIMUM TEMPERATURE (F)   79        98      1936
 MINIMUM TEMPERATURE (F)   57        41      1952


SUNRISE AND SUNSET
AUGUST 23 2016........SUNRISE   650 AM EDT   SUNSET   824 PM EDT
AUGUST 24 2016........SUNRISE   651 AM EDT   SUNSET   822 PM EDT


-  INDICATES NEGATIVE NUMBERS.
R  INDICATES RECORD WAS SET OR TIED.
MM INDICATES DATA IS MISSING.
T  INDICATES TRACE AMOUNT.




$$
