000
CDUS43 KDTX 050536
CLIFNT


CLIMATE REPORT
NATIONAL WEATHER SERVICE DETROIT/PONTIAC MI
136 AM EDT SUN NOV 5 2017


...................................

...THE FLINT MI CLIMATE SUMMARY FOR NOVEMBER 4 2017...

CLIMATE NORMAL PERIOD 1981 TO 2010
CLIMATE RECORD PERIOD 1921 TO 2017


WEATHER ITEM   OBSERVED TIME   RECORD YEAR NORMAL DEPARTURE LAST
                VALUE   (LST)  VALUE       VALUE  FROM      YEAR
                                                  NORMAL
..................................................................
TEMPERATURE (F)
 YESTERDAY
  MAXIMUM         49   1159 PM  80    2015  52     -3       54
  MINIMUM         35    646 AM  18    1991  35      0       37
                                      1951
  AVERAGE         42                        43     -1       46

PRECIPITATION (IN)
  YESTERDAY        0.55          1.34 1935   0.08   0.47     0.00
  MONTH TO DATE    1.10                      0.36   0.74     0.61
  SINCE SEP 1      6.63                      6.58   0.05     8.20
  SINCE JAN 1     32.32                     27.14   5.18    27.75

SNOWFALL (IN)
  YESTERDAY        0.0           1.8  1950   0.0    0.0      0.0
  MONTH TO DATE    0.0                       0.1   -0.1      0.0
  SINCE SEP 1      0.1                       0.5   -0.4       T
  SINCE JUL 1      0.1                       0.5   -0.4       T
  SNOW DEPTH       0

DEGREE DAYS
 HEATING
  YESTERDAY       23                        22      1       19
  MONTH TO DATE   93                        85      8       42
  SINCE SEP 1    544                       737   -193      481
  SINCE JUL 1    576                       781   -205      481

 COOLING
  YESTERDAY        0                         0      0        0
  MONTH TO DATE    0                         0      0        0
  SINCE SEP 1    110                        54     56       83
  SINCE JAN 1    567                       531     36     1022
..................................................................


WIND (MPH)
  HIGHEST WIND SPEED    23   HIGHEST WIND DIRECTION     E (110)
  HIGHEST GUST SPEED    30   HIGHEST GUST DIRECTION     E (110)
  AVERAGE WIND SPEED     8.9


SKY COVER
  POSSIBLE SUNSHINE  MM
  AVERAGE SKY COVER 0.7


WEATHER CONDITIONS
 THE FOLLOWING WEATHER WAS RECORDED YESTERDAY.
  THUNDERSTORM
  HEAVY RAIN
  RAIN
  LIGHT RAIN
  FOG


RELATIVE HUMIDITY (PERCENT)
 HIGHEST    96           300 PM
 LOWEST     70          1000 AM
 AVERAGE    83

..........................................................


THE FLINT MI CLIMATE NORMALS FOR TODAY
                         NORMAL    RECORD    YEAR
 MAXIMUM TEMPERATURE (F)   52        76      1978
 MINIMUM TEMPERATURE (F)   34        14      1951


SUNRISE AND SUNSET
NOVEMBER  5 2017......SUNRISE   715 AM EST   SUNSET   522 PM EST
NOVEMBER  6 2017......SUNRISE   716 AM EST   SUNSET   521 PM EST


-  INDICATES NEGATIVE NUMBERS.
R  INDICATES RECORD WAS SET OR TIED.
MM INDICATES DATA IS MISSING.
T  INDICATES TRACE AMOUNT.




$$
