000
CDUS43 KDTX 080540
CLIFNT


CLIMATE REPORT
NATIONAL WEATHER SERVICE DETROIT/PONTIAC MI
140 AM EDT MON AUG 8 2016


...................................

...THE FLINT MI CLIMATE SUMMARY FOR AUGUST 7 2016...

CLIMATE NORMAL PERIOD 1981 TO 2010
CLIMATE RECORD PERIOD 1921 TO 2016


WEATHER ITEM   OBSERVED TIME   RECORD YEAR NORMAL DEPARTURE LAST
                VALUE   (LST)  VALUE       VALUE  FROM      YEAR
                                                  NORMAL
..................................................................
TEMPERATURE (F)
 YESTERDAY
  MAXIMUM         85    124 PM  99    1931  81      4       80
  MINIMUM         57   1102 PM  46    1989  59     -2       53
                                      1929
  AVERAGE         71                        70      1       67

PRECIPITATION (IN)
  YESTERDAY        0.00          1.28 1937   0.11  -0.11      T
  MONTH TO DATE    0.00                      0.74  -0.74     1.39
  SINCE JUN 1      2.42                      7.13  -4.71     9.79
  SINCE JAN 1     14.65                     18.12  -3.47    17.91

SNOWFALL (IN)
  YESTERDAY        0.0           0.0    MM   0.0    0.0      0.0
  MONTH TO DATE    0.0                       0.0    0.0      0.0
  SINCE JUN 1      0.0                       0.0    0.0      0.0
  SINCE JUL 1      0.0                       0.0    0.0      0.0
  SNOW DEPTH       0

DEGREE DAYS
 HEATING
  YESTERDAY        0                         1     -1        0
  MONTH TO DATE    0                         6     -6        0
  SINCE JUN 1     28                        87    -59       36
  SINCE JUL 1      0                        21    -21        8

 COOLING
  YESTERDAY        6                         5      1        2
  MONTH TO DATE   86                        40     46       35
  SINCE JUN 1    613                       339    274      377
  SINCE JAN 1    692                       371    321      452
..................................................................


WIND (MPH)
  HIGHEST WIND SPEED    15   HIGHEST WIND DIRECTION     N (360)
  HIGHEST GUST SPEED    20   HIGHEST GUST DIRECTION     N (360)
  AVERAGE WIND SPEED     5.7


SKY COVER
  POSSIBLE SUNSHINE  MM
  AVERAGE SKY COVER 0.0


WEATHER CONDITIONS
 THE FOLLOWING WEATHER WAS RECORDED YESTERDAY.
  NO SIGNIFICANT WEATHER WAS OBSERVED.


RELATIVE HUMIDITY (PERCENT)
 HIGHEST    84           600 AM
 LOWEST     32           200 PM
 AVERAGE    58

..........................................................


THE FLINT MI CLIMATE NORMALS FOR TODAY
                         NORMAL    RECORD    YEAR
 MAXIMUM TEMPERATURE (F)   81        98      2001
 MINIMUM TEMPERATURE (F)   59        44      1989


SUNRISE AND SUNSET
AUGUST  8 2016........SUNRISE   634 AM EDT   SUNSET   846 PM EDT
AUGUST  9 2016........SUNRISE   635 AM EDT   SUNSET   845 PM EDT


-  INDICATES NEGATIVE NUMBERS.
R  INDICATES RECORD WAS SET OR TIED.
MM INDICATES DATA IS MISSING.
T  INDICATES TRACE AMOUNT.




$$
