000
CDUS43 KDTX 110542
CLIFNT


CLIMATE REPORT
NATIONAL WEATHER SERVICE DETROIT/PONTIAC MI
1242 AM EST SAT MAR 11 2017


...................................

...THE FLINT MI CLIMATE SUMMARY FOR MARCH 10 2017...

CLIMATE NORMAL PERIOD 1981 TO 2010
CLIMATE RECORD PERIOD 1921 TO 2017


WEATHER ITEM   OBSERVED TIME   RECORD YEAR NORMAL DEPARTURE LAST
                VALUE   (LST)  VALUE       VALUE  FROM      YEAR
                                                  NORMAL
..................................................................
TEMPERATURE (F)
 YESTERDAY
  MAXIMUM         33   1207 AM  65    1977  41     -8       60
  MINIMUM         13   1151 PM   0    1996  23    -10       45
  AVERAGE         23                        32     -9       53

PRECIPITATION (IN)
  YESTERDAY        T             1.03 1992   0.05  -0.05     0.11
  MONTH TO DATE    0.38                      0.56  -0.18     1.05
  SINCE MAR 1      0.38                      0.56  -0.18     1.05
  SINCE JAN 1      5.93                      3.67   2.26     4.90

SNOWFALL (IN)
  YESTERDAY        0.2           6.9  1992   0.3   -0.1      0.0
  MONTH TO DATE    1.7                       2.8   -1.1     11.2
  SINCE MAR 1      1.7                       2.8   -1.1     11.2
  SINCE JUL 1     34.2                      41.4   -7.2     61.8
  SNOW DEPTH       0

DEGREE DAYS
 HEATING
  YESTERDAY       42                        33      9       12
  MONTH TO DATE  313                       348    -35      278
  SINCE MAR 1    313                       348    -35      278
  SINCE JUL 1   4462                      5436   -974     4148

 COOLING
  YESTERDAY        0                         0      0        0
  MONTH TO DATE    0                         0      0        1
  SINCE MAR 1      0                         0      0        1
  SINCE JAN 1      0                         0      0        1
..................................................................


WIND (MPH)
  HIGHEST WIND SPEED    28   HIGHEST WIND DIRECTION    NW (300)
  HIGHEST GUST SPEED    37   HIGHEST GUST DIRECTION     W (290)
  AVERAGE WIND SPEED    16.7


SKY COVER
  POSSIBLE SUNSHINE  MM
  AVERAGE SKY COVER 0.5


WEATHER CONDITIONS
 THE FOLLOWING WEATHER WAS RECORDED YESTERDAY.
  LIGHT SNOW
  HAZE


RELATIVE HUMIDITY (PERCENT)
 HIGHEST    65           600 AM
 LOWEST     33           200 PM
 AVERAGE    49

..........................................................


THE FLINT MI CLIMATE NORMALS FOR TODAY
                         NORMAL    RECORD    YEAR
 MAXIMUM TEMPERATURE (F)   41        68      1977
                                             1973
 MINIMUM TEMPERATURE (F)   23        -7      1960


SUNRISE AND SUNSET
MARCH 11 2017.........SUNRISE   653 AM EST   SUNSET   637 PM EST
MARCH 12 2017.........SUNRISE   752 AM EDT   SUNSET   738 PM EDT


-  INDICATES NEGATIVE NUMBERS.
R  INDICATES RECORD WAS SET OR TIED.
MM INDICATES DATA IS MISSING.
T  INDICATES TRACE AMOUNT.




$$
