619
CDUS43 KDTX 180539
CLIFNT


CLIMATE REPORT
NATIONAL WEATHER SERVICE DETROIT/PONTIAC MI
139 AM EDT TUE JUL 18 2017


...................................

...THE FLINT MI CLIMATE SUMMARY FOR JULY 17 2017...

CLIMATE NORMAL PERIOD 1981 TO 2010
CLIMATE RECORD PERIOD 1921 TO 2017


WEATHER ITEM   OBSERVED TIME   RECORD YEAR NORMAL DEPARTURE LAST
                VALUE   (LST)  VALUE       VALUE  FROM      YEAR
                                                  NORMAL
..................................................................
TEMPERATURE (F)
 YESTERDAY
  MAXIMUM         79    423 PM 101    2012  82     -3       88
                                      1931
  MINIMUM         54    459 AM  45    1978  59     -5       54
  AVERAGE         67                        71     -4       71

PRECIPITATION (IN)
  YESTERDAY        0.00          1.34 1950   0.11  -0.11     0.00
  MONTH TO DATE    2.25                      1.71   0.54     1.10
  SINCE JUN 1      4.91                      4.78   0.13     1.77
  SINCE JAN 1     21.34                     15.77   5.57    14.00

SNOWFALL (IN)
  YESTERDAY        0.0           0.0    MM   0.0    0.0      0.0
  MONTH TO DATE    0.0                       0.0    0.0      0.0
  SINCE JUN 1      0.0                       0.0    0.0      0.0
  SINCE JUL 1      0.0                       0.0    0.0      0.0
  SNOW DEPTH       0

DEGREE DAYS
 HEATING
  YESTERDAY        0                         0      0        0
  MONTH TO DATE    0                        10    -10        0
  SINCE JUN 1     39                        76    -37       28
  SINCE JUL 1      0                        10    -10        0

 COOLING
  YESTERDAY        2                         6     -4        6
  MONTH TO DATE  103                       102      1      164
  SINCE JUN 1    248                       214     34      342
  SINCE JAN 1    273                       246     27      421
..................................................................


WIND (MPH)
  HIGHEST WIND SPEED    12   HIGHEST WIND DIRECTION     N (340)
  HIGHEST GUST SPEED    17   HIGHEST GUST DIRECTION     N (10)
  AVERAGE WIND SPEED     2.6


SKY COVER
  POSSIBLE SUNSHINE  MM
  AVERAGE SKY COVER 0.1


WEATHER CONDITIONS
 THE FOLLOWING WEATHER WAS RECORDED YESTERDAY.
  FOG


RELATIVE HUMIDITY (PERCENT)
 HIGHEST    93           200 AM
 LOWEST     39           400 PM
 AVERAGE    66

..........................................................


THE FLINT MI CLIMATE NORMALS FOR TODAY
                         NORMAL    RECORD    YEAR
 MAXIMUM TEMPERATURE (F)   82       100      1930
 MINIMUM TEMPERATURE (F)   59        45      1924


SUNRISE AND SUNSET
JULY 18 2017..........SUNRISE   612 AM EDT   SUNSET   909 PM EDT
JULY 19 2017..........SUNRISE   613 AM EDT   SUNSET   909 PM EDT


-  INDICATES NEGATIVE NUMBERS.
R  INDICATES RECORD WAS SET OR TIED.
MM INDICATES DATA IS MISSING.
T  INDICATES TRACE AMOUNT.




$$
